{"id":170,"date":"2021-11-17T16:25:01","date_gmt":"2021-11-17T19:25:01","guid":{"rendered":"https:\/\/webjornalismo.unicap.br\/racismo-no-futebol\/?page_id=170"},"modified":"2021-12-13T11:51:38","modified_gmt":"2021-12-13T14:51:38","slug":"apresentacao","status":"publish","type":"page","link":"https:\/\/webjornalismo.unicap.br\/racismo-no-futebol\/apresentacao\/","title":{"rendered":"Apresenta\u00e7\u00e3o"},"content":{"rendered":"<p>[et_pb_section fb_built=&#8221;1&#8243; fullwidth=&#8221;on&#8221; _builder_version=&#8221;4.13.1&#8243; _module_preset=&#8221;default&#8221; global_colors_info=&#8221;{}&#8221;][et_pb_fullwidth_header title=&#8221;Os dados confirmam a conduta\u2026&#8221; background_overlay_color=&#8221;rgba(255,255,255,0.8)&#8221; content_max_width=&#8221;65%&#8221; _builder_version=&#8221;4.14.1&#8243; _module_preset=&#8221;default&#8221; title_font=&#8221;|700||on|||||&#8221; title_text_color=&#8221;#000000&#8243; title_font_size=&#8221;60px&#8221; content_font=&#8221;||||||||&#8221; content_text_color=&#8221;#000000&#8243; background_enable_color=&#8221;off&#8221; background_video_mp4=&#8221;https:\/\/webjornalismo.unicap.br\/racismo-no-futebol\/wp-content\/uploads\/2021\/11\/bg-topo.mp4&#8243; background_video_width=&#8221;1280&#8243; background_video_height=&#8221;360&#8243; background_layout=&#8221;light&#8221; custom_padding=&#8221;10vh||10vh||true|false&#8221; hover_enabled=&#8221;0&#8243; global_colors_info=&#8221;{}&#8221; sticky_enabled=&#8221;0&#8243;]Pa\u00edses mais relevantes das Am\u00e9ricas na hist\u00f3ria do futebol mundial, Argentina e Brasil tamb\u00e9m carregam consigo marcas hist\u00f3ricas que os colocam no centro da discuss\u00e3o acerca do racismo instaurado no futebol sul-americano. O <em>Pelota racista \u2013 O racismo no futebol da Argentina e do Brasil<\/em> \u2013 se prop\u00f5e a apresentar e discutir esse comportamento nada honroso para as duas na\u00e7\u00f5es irm\u00e3s. Neste site, voc\u00ea est\u00e1 convidado a se deparar com o assunto a partir de uma an\u00e1lise hist\u00f3rica de ambos os pa\u00edses, passando por casos e dados que ajudam a entender a dificuldade encontrada para fiscalizar e combater os epis\u00f3dios de discrimina\u00e7\u00e3o.[\/et_pb_fullwidth_header][\/et_pb_section][et_pb_section fb_built=&#8221;1&#8243; _builder_version=&#8221;4.13.1&#8243; _module_preset=&#8221;default&#8221; global_colors_info=&#8221;{}&#8221;][et_pb_row column_structure=&#8221;3_5,2_5&#8243; _builder_version=&#8221;4.13.1&#8243; _module_preset=&#8221;default&#8221; global_colors_info=&#8221;{}&#8221;][et_pb_column type=&#8221;3_5&#8243; _builder_version=&#8221;4.13.1&#8243; _module_preset=&#8221;default&#8221; global_colors_info=&#8221;{}&#8221;][et_pb_text _builder_version=&#8221;4.14.1&#8243; _module_preset=&#8221;default&#8221; text_font=&#8221;|300|||||||&#8221; hover_enabled=&#8221;0&#8243; global_colors_info=&#8221;{}&#8221; sticky_enabled=&#8221;0&#8243;]<\/p>\n<p>Na \u00faltima edi\u00e7\u00e3o do Relat\u00f3rio Anual da Discrimina\u00e7\u00e3o Racial do Futebol, apresentado em 2019, foram registradas 44 ocorr\u00eancias racistas em jogos envolvendo clubes brasileiros. Em competi\u00e7\u00f5es continentais, as ofensas oriundas de argentinos lideram o ranking, com oito casos. Um dos epis\u00f3dios aconteceu na disputa da Copa Libertadores de 2018, no jogo entre Corinthians e Independiente. Na ocasi\u00e3o, um torcedor do time argentino foi flagrado imitando um macaco em dire\u00e7\u00e3o ao setor em que estava posicionada a torcida visitante.<\/p>\n<p>O caso \u00e9 um dos relatos que fazem os argentinos liderarem as ofensas racistas contra brasileiros, em competi\u00e7\u00f5es sul-americanas.<\/p>\n<p>Nos epis\u00f3dios ocorridos dentro do futebol brasileiro, 11 estados registram casos de discrimina\u00e7\u00e3o e preconceito racial entre 2014 e 2018, com Rio Grande do Sul e S\u00e3o Paulo liderando a lista. Neste per\u00edodo, o \u00fanico ano que apresentou queda nos registros foi 2016.<\/p>\n<p>Podemos observar a situa\u00e7\u00e3o a partir dos gr\u00e1ficos abaixo. O primeiro registra a quantidade de casos de discrimina\u00e7\u00e3o racial entre os anos 2014 e 2018. O segundo aponta os estados que mais apresentaram epis\u00f3dios racistas nesse mesmo per\u00edodo.<\/p>\n<h3>Acompanhamento das puni\u00e7\u00f5es<\/h3>\n<p>O grande desafio para a redu\u00e7\u00e3o dos casos est\u00e1 na puni\u00e7\u00e3o, que vai al\u00e9m da esfera desportiva. S\u00e3o 32 casos foram julgados, sendo apenas 17 deles punidos de alguma forma e 15 absolvidos. Em 2019, o Superior Tribunal de Justi\u00e7a Desportiva \u2013 o STJD, notificou os clubes sobre poss\u00edveis puni\u00e7\u00f5es em casos de discrimina\u00e7\u00e3o, que v\u00e3o desde multa a perda de pontos. Para isso, usou como base o artigo 243-G do C\u00f3digo Brasileiro de Justi\u00e7a Desportiva \u2013 o CBJD, que orienta:<\/p>\n<p><em>\u201cPraticar ato discriminat\u00f3rio, desdenhoso ou ultrajante, relacionado a preconceito em raz\u00e3o de origem \u00e9tnica, ra\u00e7a, sexo, cor, idade, condi\u00e7\u00e3o de pessoa idosa ou portadora de defici\u00eancia.<\/em><\/p>\n<p><em>PENA: suspens\u00e3o de cinco a dez partidas, se praticada por atleta, mesmo se suplente, treinador, m\u00e9dico ou membro da comiss\u00e3o t\u00e9cnica, e suspens\u00e3o pelo prazo de cento e vinte a trezentos e sessenta dias, se praticada por qualquer outra pessoa natural submetida a este C\u00f3digo, al\u00e9m de multa, de R$ 100,00 (cem reais) a R$ 100.000,00 (cem mil reais).\u201d<\/em><\/p>\n<p>Por\u00e9m, poucos meses depois da orienta\u00e7\u00e3o repassada pelo STJD aos clubes, aconteceu uma das ocorr\u00eancias com maior repercuss\u00e3o na \u00faltima d\u00e9cada. Cantos homof\u00f3bicos da torcida do Vasco, em jogo contra o S\u00e3o Paulo no Est\u00e1dio S\u00e3o Janu\u00e1rio (RJ), fizeram com que o debate fosse ampliado. No entanto, ap\u00f3s tomar medidas para conter os torcedores, como mensagem no placar eletr\u00f4nico e promover campanhas contra a homofobia, o clube carioca se livrou da puni\u00e7\u00e3o.<\/p>\n<p>[\/et_pb_text][\/et_pb_column][et_pb_column type=&#8221;2_5&#8243; _builder_version=&#8221;4.13.1&#8243; _module_preset=&#8221;default&#8221; global_colors_info=&#8221;{}&#8221;][et_pb_text _builder_version=&#8221;4.13.1&#8243; _module_preset=&#8221;default&#8221; global_colors_info=&#8221;{}&#8221;]<\/p>\n<h3>Casos de racismo no futebol brasileiro<\/h3>\n<h4>\u00danico ano de queda foi 2016<\/h4>\n<p>[\/et_pb_text][et_pb_counters _builder_version=&#8221;4.13.1&#8243; _module_preset=&#8221;default&#8221; custom_margin=&#8221;-15px||||false|false&#8221; border_radii=&#8221;on|5px|5px|5px|5px&#8221; global_colors_info=&#8221;{}&#8221; use_percentages__hover_enabled=&#8221;off|desktop&#8221; use_percentages__hover=&#8221;on&#8221;][et_pb_counter percent=&#8221;20&#8243; _builder_version=&#8221;4.13.1&#8243; _module_preset=&#8221;default&#8221; background_enable_video_mp4=&#8221;on&#8221; background_enable_video_webm=&#8221;on&#8221; custom_padding=&#8221;4px||||false|false&#8221; global_colors_info=&#8221;{}&#8221; background_enable_color_default=&#8221;on&#8221; parallax_default=&#8221;off&#8221; parallax_method_default=&#8221;on&#8221; bar_background_color_default=&#8221;#3d97d3&#8243; use_percentages=&#8221;on&#8221;]2014[\/et_pb_counter][et_pb_counter percent=&#8221;35&#8243; _builder_version=&#8221;4.13.1&#8243; _module_preset=&#8221;default&#8221; background_enable_video_mp4=&#8221;on&#8221; background_enable_video_webm=&#8221;on&#8221; custom_padding=&#8221;4px||||false|false&#8221; global_colors_info=&#8221;{}&#8221; background_enable_color_default=&#8221;on&#8221; parallax_default=&#8221;off&#8221; parallax_method_default=&#8221;on&#8221; bar_background_color_default=&#8221;#3d97d3&#8243; use_percentages=&#8221;on&#8221;]2015[\/et_pb_counter][et_pb_counter percent=&#8221;25&#8243; _builder_version=&#8221;4.13.1&#8243; _module_preset=&#8221;default&#8221; background_enable_video_mp4=&#8221;on&#8221; background_enable_video_webm=&#8221;on&#8221; custom_padding=&#8221;4px||||false|false&#8221; global_colors_info=&#8221;{}&#8221; background_enable_color_default=&#8221;on&#8221; parallax_default=&#8221;off&#8221; parallax_method_default=&#8221;on&#8221; bar_background_color_default=&#8221;#3d97d3&#8243; use_percentages=&#8221;on&#8221;]2016[\/et_pb_counter][et_pb_counter percent=&#8221;43&#8243; _builder_version=&#8221;4.13.1&#8243; _module_preset=&#8221;default&#8221; background_enable_video_mp4=&#8221;on&#8221; background_enable_video_webm=&#8221;on&#8221; custom_padding=&#8221;4px||||false|false&#8221; global_colors_info=&#8221;{}&#8221; background_enable_color_default=&#8221;on&#8221; parallax_default=&#8221;off&#8221; parallax_method_default=&#8221;on&#8221; bar_background_color_default=&#8221;#3d97d3&#8243; use_percentages=&#8221;on&#8221;]2017[\/et_pb_counter][et_pb_counter percent=&#8221;44&#8243; _builder_version=&#8221;4.13.1&#8243; _module_preset=&#8221;default&#8221; background_enable_video_mp4=&#8221;on&#8221; background_enable_video_webm=&#8221;on&#8221; custom_padding=&#8221;4px||||false|false&#8221; global_colors_info=&#8221;{}&#8221; background_enable_color_default=&#8221;on&#8221; parallax_default=&#8221;off&#8221; parallax_method_default=&#8221;on&#8221; bar_background_color_default=&#8221;#3d97d3&#8243; use_percentages=&#8221;on&#8221;]2018[\/et_pb_counter][\/et_pb_counters][et_pb_text _builder_version=&#8221;4.13.1&#8243; _module_preset=&#8221;default&#8221; custom_margin=&#8221;60px||||false|false&#8221; global_colors_info=&#8221;{}&#8221;]<\/p>\n<h3>Soma dos cinco anos de relat\u00f3rio<br \/>(clubes nacionais)<\/h3>\n<p>[\/et_pb_text][et_pb_counters _builder_version=&#8221;4.13.1&#8243; _module_preset=&#8221;default&#8221; custom_margin=&#8221;-15px||||false|false&#8221; border_radii=&#8221;on|5px|5px|5px|5px&#8221; global_colors_info=&#8221;{}&#8221;][et_pb_counter percent=&#8221;27&#8243; _builder_version=&#8221;4.13.1&#8243; _module_preset=&#8221;default&#8221; background_enable_video_mp4=&#8221;on&#8221; background_enable_video_webm=&#8221;on&#8221; custom_padding=&#8221;4px||||false|false&#8221; global_colors_info=&#8221;{}&#8221; background_enable_color_default=&#8221;on&#8221; parallax_default=&#8221;off&#8221; parallax_method_default=&#8221;on&#8221; bar_background_color_default=&#8221;#3d97d3&#8243; use_percentages=&#8221;on&#8221;]Rio Grande do Sul[\/et_pb_counter][et_pb_counter percent=&#8221;17&#8243; _builder_version=&#8221;4.13.1&#8243; _module_preset=&#8221;default&#8221; background_enable_video_mp4=&#8221;on&#8221; background_enable_video_webm=&#8221;on&#8221; custom_padding=&#8221;4px||||false|false&#8221; global_colors_info=&#8221;{}&#8221; background_enable_color_default=&#8221;on&#8221; parallax_default=&#8221;off&#8221; parallax_method_default=&#8221;on&#8221; bar_background_color_default=&#8221;#3d97d3&#8243; use_percentages=&#8221;on&#8221;]S\u00e3o Paulo[\/et_pb_counter][et_pb_counter percent=&#8221;9&#8243; _builder_version=&#8221;4.13.1&#8243; _module_preset=&#8221;default&#8221; background_enable_video_mp4=&#8221;on&#8221; background_enable_video_webm=&#8221;on&#8221; custom_padding=&#8221;4px||||false|false&#8221; global_colors_info=&#8221;{}&#8221; background_enable_color_default=&#8221;on&#8221; parallax_default=&#8221;off&#8221; parallax_method_default=&#8221;on&#8221; bar_background_color_default=&#8221;#3d97d3&#8243; use_percentages=&#8221;on&#8221;]Minas Gerais[\/et_pb_counter][et_pb_counter percent=&#8221;8&#8243; _builder_version=&#8221;4.13.1&#8243; _module_preset=&#8221;default&#8221; background_enable_video_mp4=&#8221;on&#8221; background_enable_video_webm=&#8221;on&#8221; custom_padding=&#8221;4px||||false|false&#8221; global_colors_info=&#8221;{}&#8221; background_enable_color_default=&#8221;on&#8221; parallax_default=&#8221;off&#8221; parallax_method_default=&#8221;on&#8221; bar_background_color_default=&#8221;#3d97d3&#8243; use_percentages=&#8221;on&#8221;]Paran\u00e1[\/et_pb_counter][et_pb_counter percent=&#8221;6&#8243; _builder_version=&#8221;4.13.1&#8243; _module_preset=&#8221;default&#8221; background_enable_video_mp4=&#8221;on&#8221; background_enable_video_webm=&#8221;on&#8221; custom_padding=&#8221;4px||||false|false&#8221; global_colors_info=&#8221;{}&#8221; background_enable_color_default=&#8221;on&#8221; parallax_default=&#8221;off&#8221; parallax_method_default=&#8221;on&#8221; bar_background_color_default=&#8221;#3d97d3&#8243; use_percentages=&#8221;on&#8221;]Rio de Janeiro e Santa Catarina[\/et_pb_counter][\/et_pb_counters][et_pb_text _builder_version=&#8221;4.13.1&#8243; _module_preset=&#8221;default&#8221; text_font=&#8221;|300|||||||&#8221; text_text_color=&#8221;#000000&#8243; text_font_size=&#8221;12px&#8221; custom_margin=&#8221;-15px||||false|false&#8221; global_colors_info=&#8221;{}&#8221;]<\/p>\n<p>Fonte: Relat\u00f3rio Anual da Discrimina\u00e7\u00e3o Racial do Futebol.<\/p>\n<p>[\/et_pb_text][\/et_pb_column][\/et_pb_row][et_pb_row _builder_version=&#8221;4.13.1&#8243; _module_preset=&#8221;default&#8221; global_colors_info=&#8221;{}&#8221;][et_pb_column type=&#8221;4_4&#8243; _builder_version=&#8221;4.13.1&#8243; _module_preset=&#8221;default&#8221; global_colors_info=&#8221;{}&#8221;][et_pb_text _builder_version=&#8221;4.14.1&#8243; _module_preset=&#8221;default&#8221; hover_enabled=&#8221;0&#8243; global_colors_info=&#8221;{}&#8221; sticky_enabled=&#8221;0&#8243;]<\/p>\n<h2><span>Repercuss\u00e3o na imprensa<\/span><\/h2>\n<p>[\/et_pb_text][\/et_pb_column][\/et_pb_row][et_pb_row column_structure=&#8221;1_4,1_4,1_4,1_4&#8243; _builder_version=&#8221;4.13.1&#8243; _module_preset=&#8221;default&#8221; custom_padding=&#8221;0px|||||&#8221; global_colors_info=&#8221;{}&#8221;][et_pb_column type=&#8221;1_4&#8243; _builder_version=&#8221;4.13.1&#8243; _module_preset=&#8221;default&#8221; global_colors_info=&#8221;{}&#8221;][et_pb_blurb title=&#8221;STJD cobra esclarecimento do Vasco ap\u00f3s caso de homofobia em S\u00e3o Janu\u00e1rio&#8221; image=&#8221;https:\/\/webjornalismo.unicap.br\/racismo-no-futebol\/wp-content\/uploads\/2021\/11\/mat-01b.jpg&#8221; _builder_version=&#8221;4.13.1&#8243; _module_preset=&#8221;default&#8221; link_option_url=&#8221;https:\/\/www.uol.com.br\/esporte\/futebol\/ultimas-noticias\/2019\/08\/26\/stjd-cobra-esclarecimento-do-vasco-apos-caso-de-homofobia-em-sao-januario.htm&#8221; link_option_url_new_window=&#8221;on&#8221; global_colors_info=&#8221;{}&#8221;][\/et_pb_blurb][\/et_pb_column][et_pb_column type=&#8221;1_4&#8243; _builder_version=&#8221;4.13.1&#8243; _module_preset=&#8221;default&#8221; global_colors_info=&#8221;{}&#8221;][et_pb_blurb title=&#8221;Ap\u00f3s pol\u00eamica em S\u00e3o Janu\u00e1rio, Vasco entra em campo com mensagem %22homofobia \u00e9 crime%22&#8243; image=&#8221;https:\/\/webjornalismo.unicap.br\/racismo-no-futebol\/wp-content\/uploads\/2021\/11\/mat-02b.jpg&#8221; _builder_version=&#8221;4.13.1&#8243; _module_preset=&#8221;default&#8221; link_option_url=&#8221;https:\/\/ge.globo.com\/futebol\/times\/vasco\/noticia\/apos-polemica-em-sao-januario-vasco-entra-em-campo-com-mensagem-homofobia-e-crime.ghtml&#8221; link_option_url_new_window=&#8221;on&#8221; global_colors_info=&#8221;{}&#8221;][\/et_pb_blurb][\/et_pb_column][et_pb_column type=&#8221;1_4&#8243; _builder_version=&#8221;4.13.1&#8243; _module_preset=&#8221;default&#8221; global_colors_info=&#8221;{}&#8221;][et_pb_blurb title=&#8221;\u00c1rbitro paralisa jogo em S\u00e3o Janu\u00e1rio ap\u00f3s gritos homof\u00f3bicos&#8221; image=&#8221;https:\/\/webjornalismo.unicap.br\/racismo-no-futebol\/wp-content\/uploads\/2021\/11\/mat-03b.jpg&#8221; _builder_version=&#8221;4.13.1&#8243; _module_preset=&#8221;default&#8221; link_option_url=&#8221;https:\/\/www1.folha.uol.com.br\/esporte\/2019\/08\/arbitro-paralisa-jogo-em-sao-januario-apos-gritos-homofobicos.shtml&#8221; link_option_url_new_window=&#8221;on&#8221; global_colors_info=&#8221;{}&#8221;][\/et_pb_blurb][\/et_pb_column][et_pb_column type=&#8221;1_4&#8243; _builder_version=&#8221;4.13.1&#8243; _module_preset=&#8221;default&#8221; global_colors_info=&#8221;{}&#8221;][et_pb_blurb title=&#8221;Daronco relata gritos homof\u00f3bicos na s\u00famula de Vasco x S\u00e3o Paulo&#8221; image=&#8221;https:\/\/webjornalismo.unicap.br\/racismo-no-futebol\/wp-content\/uploads\/2021\/11\/mat-04.jpg&#8221; _builder_version=&#8221;4.13.1&#8243; _module_preset=&#8221;default&#8221; link_option_url=&#8221;https:\/\/www.gazetaesportiva.com\/times\/sao-paulo\/daronco-relata-gritos-homofobicos-na-sumula-de-vasco-x-sao-paulo\/&#8221; link_option_url_new_window=&#8221;on&#8221; global_colors_info=&#8221;{}&#8221;][\/et_pb_blurb][\/et_pb_column][\/et_pb_row][\/et_pb_section][et_pb_section fb_built=&#8221;1&#8243; _builder_version=&#8221;4.13.1&#8243; _module_preset=&#8221;default&#8221; background_color=&#8221;#efefef&#8221; use_background_color_gradient=&#8221;on&#8221; background_color_gradient_start=&#8221;#efefef&#8221; background_color_gradient_end=&#8221;#efefef&#8221; background_image=&#8221;https:\/\/webjornalismo.unicap.br\/racismo-no-futebol\/wp-content\/uploads\/2021\/11\/silhouette-4233624_960_720.png&#8221; background_size=&#8221;contain&#8221; background_position=&#8221;top_left&#8221; background_blend=&#8221;overlay&#8221; global_colors_info=&#8221;{}&#8221;][et_pb_row _builder_version=&#8221;4.13.1&#8243; _module_preset=&#8221;default&#8221; global_colors_info=&#8221;{}&#8221;][et_pb_column type=&#8221;4_4&#8243; _builder_version=&#8221;4.13.1&#8243; _module_preset=&#8221;default&#8221; global_colors_info=&#8221;{}&#8221;][et_pb_text _builder_version=&#8221;4.13.1&#8243; _module_preset=&#8221;default&#8221; header_font=&#8221;||||||||&#8221; header_2_font=&#8221;|700||on|||||&#8221; global_colors_info=&#8221;{}&#8221;]<\/p>\n<h2>Poss\u00edveis puni\u00e7\u00f5es em casos de discrimina\u00e7\u00e3o<\/h2>\n<p>[\/et_pb_text][\/et_pb_column][\/et_pb_row][et_pb_row column_structure=&#8221;1_3,1_3,1_3&#8243; use_custom_gutter=&#8221;on&#8221; gutter_width=&#8221;1&#8243; make_equal=&#8221;on&#8221; _builder_version=&#8221;4.13.1&#8243; _module_preset=&#8221;default&#8221; custom_padding=&#8221;||0px|||&#8221; global_colors_info=&#8221;{}&#8221;][et_pb_column type=&#8221;1_3&#8243; _builder_version=&#8221;4.13.1&#8243; _module_preset=&#8221;default&#8221; background_enable_color=&#8221;off&#8221; use_background_color_gradient=&#8221;on&#8221; background_color_gradient_start=&#8221;#edf000&#8243; background_color_gradient_end=&#8221;rgba(239,239,239,0)&#8221; global_colors_info=&#8221;{}&#8221;][et_pb_text _builder_version=&#8221;4.13.1&#8243; _module_preset=&#8221;default&#8221; text_text_color=&#8221;#000000&#8243; text_orientation=&#8221;center&#8221; custom_padding=&#8221;30px|30px|30px|30px|true|true&#8221; global_colors_info=&#8221;{}&#8221;]<\/p>\n<p>Suspens\u00e3o de cinco a 10 partidas, se praticada por atleta, mesmo se suplente, treinador, m\u00e9dico ou membro da comiss\u00e3o t\u00e9cnica, e suspens\u00e3o pelo prazo de 120 a 360 dias, se praticada por qualquer outra pessoa natural submetida ao CBJD, al\u00e9m de multa, de R$ 100,00 (cem reais) a R$ 100.000,00 (cem mil reais).<\/p>\n<p>[\/et_pb_text][\/et_pb_column][et_pb_column type=&#8221;1_3&#8243; _builder_version=&#8221;4.13.1&#8243; _module_preset=&#8221;default&#8221; background_enable_color=&#8221;off&#8221; use_background_color_gradient=&#8221;on&#8221; background_color_gradient_start=&#8221;#e09900&#8243; background_color_gradient_end=&#8221;rgba(239,239,239,0)&#8221; global_colors_info=&#8221;{}&#8221;][et_pb_text _builder_version=&#8221;4.13.1&#8243; _module_preset=&#8221;default&#8221; text_text_color=&#8221;#000000&#8243; text_orientation=&#8221;center&#8221; background_layout=&#8221;dark&#8221; custom_padding=&#8221;30px|30px|30px|30px|true|true&#8221; global_colors_info=&#8221;{}&#8221;]<\/p>\n<p>Caso a infra\u00e7\u00e3o prevista no artigo seja praticada simultaneamente por consider\u00e1vel n\u00famero de pessoas vinculadas a uma mesma entidade de pr\u00e1tica desportiva, esta tamb\u00e9m ser\u00e1 punida com a perda do n\u00famero de pontos atribu\u00eddos a uma vit\u00f3ria no regulamento da competi\u00e7\u00e3o, independentemente do resultado da partida, prova ou equivalente, e, na reincid\u00eancia, com a perda do dobro do n\u00famero de pontos atribu\u00eddos a uma vit\u00f3ria no regulamento da competi\u00e7\u00e3o, independentemente do resultado da partida, prova ou equivalente; caso n\u00e3o haja atribui\u00e7\u00e3o de pontos pelo regulamento da competi\u00e7\u00e3o, a entidade de pr\u00e1tica desportiva ser\u00e1 exclu\u00edda da competi\u00e7\u00e3o, torneio ou equivalente.<\/p>\n<p>[\/et_pb_text][\/et_pb_column][et_pb_column type=&#8221;1_3&#8243; _builder_version=&#8221;4.13.1&#8243; _module_preset=&#8221;default&#8221; background_enable_color=&#8221;off&#8221; use_background_color_gradient=&#8221;on&#8221; background_color_gradient_start=&#8221;#e02b20&#8243; background_color_gradient_end=&#8221;rgba(239,239,239,0)&#8221; global_colors_info=&#8221;{}&#8221;][et_pb_text _builder_version=&#8221;4.13.1&#8243; _module_preset=&#8221;default&#8221; text_text_color=&#8221;#000000&#8243; text_orientation=&#8221;center&#8221; custom_padding=&#8221;30px|30px|30px|30px|true|true&#8221; global_colors_info=&#8221;{}&#8221;]<\/p>\n<p>A pena de multa prevista no artigo poder\u00e1 ser aplicada \u00e0 entidade de pr\u00e1tica desportiva cuja torcida praticar os atos discriminat\u00f3rios nele tipificados, e os torcedores identificados ficar\u00e3o proibidos de ingressar na respectiva pra\u00e7a esportiva pelo prazo m\u00ednimo de 720 dias.<\/p>\n<p>[\/et_pb_text][\/et_pb_column][\/et_pb_row][et_pb_row _builder_version=&#8221;4.13.1&#8243; _module_preset=&#8221;default&#8221; custom_padding=&#8221;0px|||||&#8221; global_colors_info=&#8221;{}&#8221;][et_pb_column type=&#8221;4_4&#8243; _builder_version=&#8221;4.13.1&#8243; _module_preset=&#8221;default&#8221; global_colors_info=&#8221;{}&#8221;][et_pb_text _builder_version=&#8221;4.13.1&#8243; _module_preset=&#8221;default&#8221; text_font_size=&#8221;12px&#8221; text_orientation=&#8221;right&#8221; custom_margin=&#8221;0px||||false|false&#8221; custom_padding=&#8221;0px|10px|||false|false&#8221; global_colors_info=&#8221;{}&#8221;]<\/p>\n<p>Fonte: C\u00f3digo Brasileiro de Justi\u00e7a Desportiva &#8211; CBJD<\/p>\n<p>[\/et_pb_text][\/et_pb_column][\/et_pb_row][\/et_pb_section]<\/p>\n","protected":false},"excerpt":{"rendered":"<p>Pa\u00edses mais relevantes das Am\u00e9ricas na hist\u00f3ria do futebol mundial, Argentina e Brasil tamb\u00e9m carregam consigo marcas hist\u00f3ricas que os colocam no centro da discuss\u00e3o acerca do racismo instaurado no futebol sul-americano. O Pelota racista \u2013 O racismo no futebol da Argentina e do Brasil \u2013 se prop\u00f5e a apresentar e discutir esse comportamento nada [&hellip;]<\/p>\n","protected":false},"author":2,"featured_media":0,"parent":0,"menu_order":0,"comment_status":"closed","ping_status":"closed","template":"","meta":{"_et_pb_use_builder":"on","_et_pb_old_content":"","_et_gb_content_width":""},"_links":{"self":[{"href":"https:\/\/webjornalismo.unicap.br\/racismo-no-futebol\/wp-json\/wp\/v2\/pages\/170"}],"collection":[{"href":"https:\/\/webjornalismo.unicap.br\/racismo-no-futebol\/wp-json\/wp\/v2\/pages"}],"about":[{"href":"https:\/\/webjornalismo.unicap.br\/racismo-no-futebol\/wp-json\/wp\/v2\/types\/page"}],"author":[{"embeddable":true,"href":"https:\/\/webjornalismo.unicap.br\/racismo-no-futebol\/wp-json\/wp\/v2\/users\/2"}],"replies":[{"embeddable":true,"href":"https:\/\/webjornalismo.unicap.br\/racismo-no-futebol\/wp-json\/wp\/v2\/comments?post=170"}],"version-history":[{"count":25,"href":"https:\/\/webjornalismo.unicap.br\/racismo-no-futebol\/wp-json\/wp\/v2\/pages\/170\/revisions"}],"predecessor-version":[{"id":377,"href":"https:\/\/webjornalismo.unicap.br\/racismo-no-futebol\/wp-json\/wp\/v2\/pages\/170\/revisions\/377"}],"wp:attachment":[{"href":"https:\/\/webjornalismo.unicap.br\/racismo-no-futebol\/wp-json\/wp\/v2\/media?parent=170"}],"curies":[{"name":"wp","href":"https:\/\/api.w.org\/{rel}","templated":true}]}}