{"id":28,"date":"2024-11-21T20:33:33","date_gmt":"2024-11-21T23:33:33","guid":{"rendered":"https:\/\/webjornalismo.unicap.br\/racismo-ambiental\/?page_id=28"},"modified":"2025-05-04T14:27:42","modified_gmt":"2025-05-04T17:27:42","slug":"sobre","status":"publish","type":"page","link":"https:\/\/webjornalismo.unicap.br\/portalmorros\/sobre\/","title":{"rendered":"Sobre"},"content":{"rendered":"<p>[et_pb_section fb_built=&#8221;1&#8243; _builder_version=&#8221;4.27.3&#8243; _module_preset=&#8221;default&#8221; custom_padding=&#8221;||0px|||&#8221; global_colors_info=&#8221;{}&#8221;][et_pb_row column_structure=&#8221;2_5,3_5&#8243; _builder_version=&#8221;4.27.3&#8243; _module_preset=&#8221;default&#8221; locked=&#8221;off&#8221; global_colors_info=&#8221;{}&#8221;][et_pb_column type=&#8221;2_5&#8243; _builder_version=&#8221;4.27.3&#8243; _module_preset=&#8221;default&#8221; global_colors_info=&#8221;{}&#8221;][et_pb_post_title meta=&#8221;off&#8221; featured_image=&#8221;off&#8221; _builder_version=&#8221;4.27.4&#8243; _module_preset=&#8221;default&#8221; title_font_size=&#8221;60px&#8221; title_font_size_tablet=&#8221;60px&#8221; title_font_size_phone=&#8221;40px&#8221; title_font_size_last_edited=&#8221;on|phone&#8221; global_colors_info=&#8221;{}&#8221;][\/et_pb_post_title][\/et_pb_column][et_pb_column type=&#8221;3_5&#8243; _builder_version=&#8221;4.27.3&#8243; _module_preset=&#8221;default&#8221; global_colors_info=&#8221;{}&#8221;][et_pb_text _builder_version=&#8221;4.27.4&#8243; _module_preset=&#8221;default&#8221; header_2_font=&#8221;Aprova-black|500|||||||&#8221; header_2_text_color=&#8221;#FFFFFF&#8221; header_2_font_size=&#8221;60px&#8221; header_2_letter_spacing=&#8221;-2px&#8221; custom_padding=&#8221;||0px|||&#8221; hover_enabled=&#8221;0&#8243; custom_css_free_form=&#8221;h2 {||  margin-bottom:1.111rem;||}&#8221; global_colors_info=&#8221;{}&#8221; sticky_enabled=&#8221;0&#8243;]<\/p>\n<p><span style=\"font-weight: 400;\">O Portal Morros \u00e9 um espa\u00e7o de amplia\u00e7\u00e3o das vozes perif\u00e9ricas que ocupam as \u00e1reas mais vulnerabilizadas da cidade do Recife, as que mais sofrem com os efeitos dos eventos clim\u00e1ticos extremos. Nosso objetivo \u00e9 traduzir as viv\u00eancias de personagens que s\u00e3o ref\u00e9ns da neglig\u00eancia do Estado, refletindo essas din\u00e2micas institucionais por meio do debate sobre o racismo ambiental. Somos um portal independente, com ra\u00edzes no jornalismo comunit\u00e1rio, e temos como miss\u00e3o democratizar a informa\u00e7\u00e3o nas periferias, al\u00e9m de humanizar as hist\u00f3rias de quem faz a capital pernambucana.<\/span><span style=\"font-weight: 400;\"><\/span><\/p>\n<h3><span style=\"font-weight: 400;\">Miss\u00e3o<\/span><\/h3>\n<p><span style=\"font-weight: 400;\">Contribuir para a qualifica\u00e7\u00e3o das informa\u00e7\u00f5es de interesse p\u00fablico, especialmente nas periferias da cidade, de forma comunit\u00e1ria e educomunicadora. Nosso objetivo \u00e9 traduzir a informa\u00e7\u00e3o para p\u00fablicos diversos, evidenciar as insalubridades enfrentadas pelas periferias e ampliar as vozes que precisam de acesso \u00e0s pol\u00edticas p\u00fablicas, por meio do jornalismo independente.<\/span><\/p>\n<h3><span style=\"font-weight: 400;\">Vis\u00e3o<\/span><\/h3>\n<p><span style=\"font-weight: 400;\">Consolidar o Portal Morros como um ve\u00edculo de comunica\u00e7\u00e3o que auxilia as periferias na reivindica\u00e7\u00e3o de pol\u00edticas p\u00fablicas para o clima e para a estrutura\u00e7\u00e3o das zonas afetadas por eventos clim\u00e1ticos extremos, com base em um jornalismo independente e comunit\u00e1rio.<\/span><\/p>\n<h3><b>Temas abordados<\/b><\/h3>\n<p><span style=\"font-weight: 400;\">Entre os principais temas debatidos pelo Portal est\u00e3o emerg\u00eancias clim\u00e1ticas, racismo ambiental, eventos clim\u00e1ticos extremos, caracter\u00edsticas geogr\u00e1ficas do Recife, zoneamento urbano, mobilidade urbana e cultura dos territ\u00f3rios. Nosso compromisso \u00e9 levar esses debates para dentro da periferia, com uma linguagem acess\u00edvel, direta e sens\u00edvel \u00e0 realidade do povo.<\/span><\/p>\n<h3><strong>Valores<\/strong><\/h3>\n<ul>\n<li style=\"font-weight: 400;\" aria-level=\"1\"><span style=\"font-weight: 400;\">Amplia\u00e7\u00e3o das vozes perif\u00e9ricas;<\/span><\/li>\n<li style=\"font-weight: 400;\" aria-level=\"1\"><span style=\"font-weight: 400;\">Promo\u00e7\u00e3o da comunica\u00e7\u00e3o antirracista;<\/span><span style=\"font-weight: 400;\"><\/span><\/li>\n<li style=\"font-weight: 400;\" aria-level=\"1\"><span style=\"font-weight: 400;\">Preven\u00e7\u00e3o de danos nas periferias;<\/span><span style=\"font-weight: 400;\"><\/span><\/li>\n<li style=\"font-weight: 400;\" aria-level=\"1\"><span style=\"font-weight: 400;\">Combate ao racismo ambiental;<\/span><span style=\"font-weight: 400;\"><\/span><\/li>\n<li style=\"font-weight: 400;\" aria-level=\"1\"><span style=\"font-weight: 400;\">Defesa dos direitos humanos;<\/span><span style=\"font-weight: 400;\"><\/span><\/li>\n<li style=\"font-weight: 400;\" aria-level=\"1\"><span style=\"font-weight: 400;\">Defesa de grupos vulnerabilizados, como mulheres, LGBTQIAPN+, negros, pardos e ind\u00edgenas;<\/span><span style=\"font-weight: 400;\"><\/span><\/li>\n<li style=\"font-weight: 400;\" aria-level=\"1\"><span style=\"font-weight: 400;\">Igualdade de representa\u00e7\u00e3o entre etnias, religi\u00f5es, culturas e tradi\u00e7\u00f5es;<\/span><span style=\"font-weight: 400;\"><\/span><\/li>\n<li style=\"font-weight: 400;\" aria-level=\"1\"><span style=\"font-weight: 400;\">Defesa da democracia;<\/span><span style=\"font-weight: 400;\"><\/span><\/li>\n<li style=\"font-weight: 400;\" aria-level=\"1\"><span style=\"font-weight: 400;\">Valoriza\u00e7\u00e3o da cultura, especialmente a vinda das periferias.<\/span><span style=\"font-weight: 400;\"><\/span><\/li>\n<\/ul>\n<h3><span style=\"font-weight: 400;\">Produ\u00e7\u00e3o Jornal\u00edstica\u00a0<\/span><\/h3>\n<p><span style=\"font-weight: 400;\">O Portal Morros segue a l\u00f3gica de um jornalismo que reafirma as responsabilidades do poder p\u00fablico e cobra o cumprimento das obriga\u00e7\u00f5es estaduais e municipais. Nosso trabalho exp\u00f5e neglig\u00eancias e entrega informa\u00e7\u00e3o \u00fatil para que moradores das \u00e1reas mais vulner\u00e1veis possam exigir seus direitos e pautar suas demandas com consci\u00eancia e for\u00e7a.<\/span><\/p>\n<h3><span style=\"font-weight: 400;\">Nossa texto<\/span><\/h3>\n<p><span style=\"font-weight: 400;\">Nosso foco \u00e9 o morador da periferia. Toda a produ\u00e7\u00e3o do Morros \u00e9 pensada para traduzir a informa\u00e7\u00e3o, de modo que todas as pessoas possam compreender e se sentir impactadas pelo que produzimos. O Morros \u00e9 a uni\u00e3o entre periferia e jornalismo com o objetivo de dar visibilidade \u00e0s hist\u00f3rias invisibilizadas.<\/span><\/p>\n<h3><span style=\"font-weight: 400;\">Jornalismo e \u00c9tica<\/span><\/h3>\n<p><span style=\"font-weight: 400;\">Seguimos os crit\u00e9rios \u00e9ticos do jornalismo, com compromisso com os fatos e respeito aos personagens que compartilham suas hist\u00f3rias. Nosso objetivo comum \u00e9 combater as injusti\u00e7as sociais causadas pelo racismo ambiental, preservando as caracter\u00edsticas \u00fanicas das periferias, principalmente, a vida das pessoas.<\/span><\/p>\n<h3><span style=\"font-weight: 400;\">T\u00e9cnica<\/span><\/h3>\n<p><span style=\"font-weight: 400;\">A linguagem do Morros \u00e9 simples, familiar, pr\u00f3xima do leitor, podendo at\u00e9 simular um ambiente acolhedor para quem acessa o portal. Traduzimos hist\u00f3rias e usamos recursos como fotos, v\u00eddeos e gr\u00e1ficos para garantir que a informa\u00e7\u00e3o chegue de verdade.<\/span><\/p>\n<h3><strong>Os morros da cidade<\/strong><\/h3>\n<p><span style=\"font-weight: 400;\">Lutamos por uma cidade em que todos(as) possam dormir com tranquilidade, sem medo de barreiras desmoronarem ou da casa ser inundada. Acreditamos que quando a periferia dorme bem, toda a cidade dorme em paz. Defendemos o direito \u00e0 cidade, combatendo injusti\u00e7as sofridas por zonas marginalizadas, resultado direto do racismo ambiental.<\/span><\/p>\n<h3><span style=\"font-weight: 400;\">Direitos Humanos e a Luta Antirracista<\/span><\/h3>\n<p><span style=\"font-weight: 400;\">A cobertura do Portal Morros \u00e9 guiada pelo combate \u00e0s injusti\u00e7as sociais causadas por um racismo hist\u00f3rico e estrutural que moldou nosso pa\u00eds e negou direitos fundamentais a pessoas pretas, pardas e ind\u00edgenas. Lutar contra o racismo em suas formas estruturais, ambientais e interseccionais \u00e9 parte di\u00e1ria da nossa pr\u00e1tica. Acreditamos que uma cidade segura para mulheres, crian\u00e7as, homens negros e pobres \u00e9 uma cidade segura para todos(as).<\/span><\/p>\n<p>[\/et_pb_text][\/et_pb_column][\/et_pb_row][\/et_pb_section]<\/p>\n","protected":false},"excerpt":{"rendered":"<p>O Portal Morros \u00e9 um espa\u00e7o de amplia\u00e7\u00e3o das vozes perif\u00e9ricas que ocupam as \u00e1reas mais vulnerabilizadas da cidade do Recife, as que mais sofrem com os efeitos dos eventos clim\u00e1ticos extremos. Nosso objetivo \u00e9 traduzir as viv\u00eancias de personagens que s\u00e3o ref\u00e9ns da neglig\u00eancia do Estado, refletindo essas din\u00e2micas institucionais por meio do debate [&hellip;]<\/p>\n","protected":false},"author":1,"featured_media":0,"parent":0,"menu_order":0,"comment_status":"closed","ping_status":"closed","template":"","meta":{"_et_pb_use_builder":"on","_et_pb_old_content":"","_et_gb_content_width":"","ngg_post_thumbnail":0,"footnotes":""},"class_list":["post-28","page","type-page","status-publish","hentry"],"_links":{"self":[{"href":"https:\/\/webjornalismo.unicap.br\/portalmorros\/wp-json\/wp\/v2\/pages\/28","targetHints":{"allow":["GET"]}}],"collection":[{"href":"https:\/\/webjornalismo.unicap.br\/portalmorros\/wp-json\/wp\/v2\/pages"}],"about":[{"href":"https:\/\/webjornalismo.unicap.br\/portalmorros\/wp-json\/wp\/v2\/types\/page"}],"author":[{"embeddable":true,"href":"https:\/\/webjornalismo.unicap.br\/portalmorros\/wp-json\/wp\/v2\/users\/1"}],"replies":[{"embeddable":true,"href":"https:\/\/webjornalismo.unicap.br\/portalmorros\/wp-json\/wp\/v2\/comments?post=28"}],"version-history":[{"count":15,"href":"https:\/\/webjornalismo.unicap.br\/portalmorros\/wp-json\/wp\/v2\/pages\/28\/revisions"}],"predecessor-version":[{"id":812,"href":"https:\/\/webjornalismo.unicap.br\/portalmorros\/wp-json\/wp\/v2\/pages\/28\/revisions\/812"}],"wp:attachment":[{"href":"https:\/\/webjornalismo.unicap.br\/portalmorros\/wp-json\/wp\/v2\/media?parent=28"}],"curies":[{"name":"wp","href":"https:\/\/api.w.org\/{rel}","templated":true}]}}

<p>[et_pb_section fb_built=&#8221;1&#8243; _builder_version=&#8221;4.27.3&#8243; _module_preset=&#8221;default&#8221; custom_padding=&#8221;||0px|||&#8221; global_colors_info=&#8221;{}&#8221;][et_pb_row column_structure=&#8221;2_5,3_5&#8243; _builder_version=&#8221;4.27.3&#8243; _module_preset=&#8221;default&#8221; locked=&#8221;off&#8221; global_colors_info=&#8221;{}&#8221;][et_pb_column type=&#8221;2_5&#8243; _builder_version=&#8221;4.27.3&#8243; _module_preset=&#8221;default&#8221; global_colors_info=&#8221;{}&#8221;][et_pb_post_title meta=&#8221;off&#8221; featured_image=&#8221;off&#8221; _builder_version=&#8221;4.27.4&#8243; _module_preset=&#8221;default&#8221; title_font_size=&#8221;60px&#8221; title_font_size_tablet=&#8221;60px&#8221; title_font_size_phone=&#8221;40px&#8221; title_font_size_last_edited=&#8221;on|phone&#8221; global_colors_info=&#8221;{}&#8221;][/et_pb_post_title][/et_pb_column][et_pb_column type=&#8221;3_5&#8243; _builder_version=&#8221;4.27.3&#8243; _module_preset=&#8221;default&#8221; global_colors_info=&#8221;{}&#8221;][et_pb_text _builder_version=&#8221;4.27.4&#8243; _module_preset=&#8221;default&#8221; header_2_font=&#8221;Aprova-black|500|||||||&#8221; header_2_text_color=&#8221;#FFFFFF&#8221; header_2_font_size=&#8221;60px&#8221; header_2_letter_spacing=&#8221;-2px&#8221; custom_padding=&#8221;||0px|||&#8221; hover_enabled=&#8221;0&#8243; custom_css_free_form=&#8221;h2 {||  margin-bottom:1.111rem;||}&#8221; global_colors_info=&#8221;{}&#8221; sticky_enabled=&#8221;0&#8243;]</p>
<p><span style="font-weight: 400;">O Portal Morros é um espaço de ampliação das vozes periféricas que ocupam as áreas mais vulnerabilizadas da cidade do Recife, as que mais sofrem com os efeitos dos eventos climáticos extremos. Nosso objetivo é traduzir as vivências de personagens que são reféns da negligência do Estado, refletindo essas dinâmicas institucionais por meio do debate sobre o racismo ambiental. Somos um portal independente, com raízes no jornalismo comunitário, e temos como missão democratizar a informação nas periferias, além de humanizar as histórias de quem faz a capital pernambucana.</span><span style="font-weight: 400;"></span></p>
<h3><span style="font-weight: 400;">Missão</span></h3>
<p><span style="font-weight: 400;">Contribuir para a qualificação das informações de interesse público, especialmente nas periferias da cidade, de forma comunitária e educomunicadora. Nosso objetivo é traduzir a informação para públicos diversos, evidenciar as insalubridades enfrentadas pelas periferias e ampliar as vozes que precisam de acesso às políticas públicas, por meio do jornalismo independente.</span></p>
<h3><span style="font-weight: 400;">Visão</span></h3>
<p><span style="font-weight: 400;">Consolidar o Portal Morros como um veículo de comunicação que auxilia as periferias na reivindicação de políticas públicas para o clima e para a estruturação das zonas afetadas por eventos climáticos extremos, com base em um jornalismo independente e comunitário.</span></p>
<h3><b>Temas abordados</b></h3>
<p><span style="font-weight: 400;">Entre os principais temas debatidos pelo Portal estão emergências climáticas, racismo ambiental, eventos climáticos extremos, características geográficas do Recife, zoneamento urbano, mobilidade urbana e cultura dos territórios. Nosso compromisso é levar esses debates para dentro da periferia, com uma linguagem acessível, direta e sensível à realidade do povo.</span></p>
<h3><strong>Valores</strong></h3>
<ul>
<li style="font-weight: 400;" aria-level="1"><span style="font-weight: 400;">Ampliação das vozes periféricas;</span></li>
<li style="font-weight: 400;" aria-level="1"><span style="font-weight: 400;">Promoção da comunicação antirracista;</span><span style="font-weight: 400;"></span></li>
<li style="font-weight: 400;" aria-level="1"><span style="font-weight: 400;">Prevenção de danos nas periferias;</span><span style="font-weight: 400;"></span></li>
<li style="font-weight: 400;" aria-level="1"><span style="font-weight: 400;">Combate ao racismo ambiental;</span><span style="font-weight: 400;"></span></li>
<li style="font-weight: 400;" aria-level="1"><span style="font-weight: 400;">Defesa dos direitos humanos;</span><span style="font-weight: 400;"></span></li>
<li style="font-weight: 400;" aria-level="1"><span style="font-weight: 400;">Defesa de grupos vulnerabilizados, como mulheres, LGBTQIAPN+, negros, pardos e indígenas;</span><span style="font-weight: 400;"></span></li>
<li style="font-weight: 400;" aria-level="1"><span style="font-weight: 400;">Igualdade de representação entre etnias, religiões, culturas e tradições;</span><span style="font-weight: 400;"></span></li>
<li style="font-weight: 400;" aria-level="1"><span style="font-weight: 400;">Defesa da democracia;</span><span style="font-weight: 400;"></span></li>
<li style="font-weight: 400;" aria-level="1"><span style="font-weight: 400;">Valorização da cultura, especialmente a vinda das periferias.</span><span style="font-weight: 400;"></span></li>
</ul>
<h3><span style="font-weight: 400;">Produção Jornalística </span></h3>
<p><span style="font-weight: 400;">O Portal Morros segue a lógica de um jornalismo que reafirma as responsabilidades do poder público e cobra o cumprimento das obrigações estaduais e municipais. Nosso trabalho expõe negligências e entrega informação útil para que moradores das áreas mais vulneráveis possam exigir seus direitos e pautar suas demandas com consciência e força.</span></p>
<h3><span style="font-weight: 400;">Nossa texto</span></h3>
<p><span style="font-weight: 400;">Nosso foco é o morador da periferia. Toda a produção do Morros é pensada para traduzir a informação, de modo que todas as pessoas possam compreender e se sentir impactadas pelo que produzimos. O Morros é a união entre periferia e jornalismo com o objetivo de dar visibilidade às histórias invisibilizadas.</span></p>
<h3><span style="font-weight: 400;">Jornalismo e Ética</span></h3>
<p><span style="font-weight: 400;">Seguimos os critérios éticos do jornalismo, com compromisso com os fatos e respeito aos personagens que compartilham suas histórias. Nosso objetivo comum é combater as injustiças sociais causadas pelo racismo ambiental, preservando as características únicas das periferias, principalmente, a vida das pessoas.</span></p>
<h3><span style="font-weight: 400;">Técnica</span></h3>
<p><span style="font-weight: 400;">A linguagem do Morros é simples, familiar, próxima do leitor, podendo até simular um ambiente acolhedor para quem acessa o portal. Traduzimos histórias e usamos recursos como fotos, vídeos e gráficos para garantir que a informação chegue de verdade.</span></p>
<h3><strong>Os morros da cidade</strong></h3>
<p><span style="font-weight: 400;">Lutamos por uma cidade em que todos(as) possam dormir com tranquilidade, sem medo de barreiras desmoronarem ou da casa ser inundada. Acreditamos que quando a periferia dorme bem, toda a cidade dorme em paz. Defendemos o direito à cidade, combatendo injustiças sofridas por zonas marginalizadas, resultado direto do racismo ambiental.</span></p>
<h3><span style="font-weight: 400;">Direitos Humanos e a Luta Antirracista</span></h3>
<p><span style="font-weight: 400;">A cobertura do Portal Morros é guiada pelo combate às injustiças sociais causadas por um racismo histórico e estrutural que moldou nosso país e negou direitos fundamentais a pessoas pretas, pardas e indígenas. Lutar contra o racismo em suas formas estruturais, ambientais e interseccionais é parte diária da nossa prática. Acreditamos que uma cidade segura para mulheres, crianças, homens negros e pobres é uma cidade segura para todos(as).</span></p>
<p>[/et_pb_text][/et_pb_column][/et_pb_row][/et_pb_section]</p>

<p>O Portal Morros é um espaço de ampliação das vozes periféricas que ocupam as áreas mais vulnerabilizadas da cidade do Recife, as que mais sofrem com os efeitos dos eventos climáticos extremos. Nosso objetivo é traduzir as vivências de personagens que são reféns da negligência do Estado, refletindo essas dinâmicas institucionais por meio do debate [&hellip;]</p>
