{"id":2,"date":"2024-11-21T20:11:40","date_gmt":"2024-11-21T23:11:40","guid":{"rendered":"https:\/\/webjornalismo.unicap.br\/racismo-ambiental\/?page_id=2"},"modified":"2025-04-30T15:28:37","modified_gmt":"2025-04-30T18:28:37","slug":"pagina-inicial","status":"publish","type":"page","link":"https:\/\/webjornalismo.unicap.br\/portalmorros\/","title":{"rendered":"P\u00e1gina Inicial"},"content":{"rendered":"<p>[et_pb_section fb_built=&#8221;1&#8243; admin_label=&#8221;Hero&#8221; _builder_version=&#8221;4.27.3&#8243; _module_preset=&#8221;default&#8221; custom_padding=&#8221;0px||0px||false|false&#8221; global_colors_info=&#8221;{}&#8221;][et_pb_row _builder_version=&#8221;4.27.3&#8243; _module_preset=&#8221;default&#8221; width=&#8221;100%&#8221; width_last_edited=&#8221;off|desktop&#8221; max_width=&#8221;2560px&#8221; custom_padding=&#8221;0px||0px||true|false&#8221; global_colors_info=&#8221;{}&#8221; width__hover_enabled=&#8221;off|desktop&#8221;][et_pb_column type=&#8221;4_4&#8243; _builder_version=&#8221;4.27.3&#8243; _module_preset=&#8221;default&#8221; global_colors_info=&#8221;{}&#8221;][et_pb_slider use_bg_overlay=&#8221;on&#8221; bg_overlay_color=&#8221;rgba(0,0,0,0.8)&#8221; module_class=&#8221;ts-slider-image-right&#8221; _builder_version=&#8221;4.27.3&#8243; _module_preset=&#8221;default&#8221; background_video_mp4=&#8221;https:\/\/webjornalismo.unicap.br\/portalmorros\/wp-content\/uploads\/2024\/11\/MARTHIENE.mp4&#8243; content_width=&#8221;90%&#8221; custom_padding=&#8221;140px||140px||true|&#8221; custom_css_slide_title=&#8221;margin-bottom:1.111rem;&#8221; custom_css_slide_button=&#8221;margin-top: 2rem;&#8221; global_colors_info=&#8221;{}&#8221; width__hover_enabled=&#8221;off|desktop&#8221;][et_pb_slide heading=&#8221;A pen\u00faltima parada da RPA2&#8243; button_text=&#8221;Saiba Mais&#8221; button_link=&#8221;@ET-DC@eyJkeW5hbWljIjp0cnVlLCJjb250ZW50IjoicG9zdF9saW5rX3VybF9wb3N0Iiwic2V0dGluZ3MiOnsicG9zdF9pZCI6IjQyMiJ9fQ==@&#8221; image=&#8221;https:\/\/webjornalismo.unicap.br\/portalmorros\/wp-content\/uploads\/2024\/11\/transparent.png&#8221; _builder_version=&#8221;4.27.3&#8243; _dynamic_attributes=&#8221;button_link&#8221; _module_preset=&#8221;default&#8221; header_font=&#8221;Anton|||on|||||&#8221; header_text_align=&#8221;left&#8221; header_text_color=&#8221;gcid-primary-color&#8221; header_font_size=&#8221;70px&#8221; custom_button=&#8221;on&#8221; button_text_size=&#8221;18px&#8221; button_text_color=&#8221;#000000&#8243; button_bg_color=&#8221;gcid-secondary-color&#8221; button_border_radius=&#8221;50px&#8221; button_font=&#8221;|700|||||||&#8221; button_custom_margin=&#8221;||||false|false&#8221; button_custom_padding=&#8221;20px|30px|20px|30px|true|true&#8221; text_orientation=&#8221;left&#8221; global_colors_info=&#8221;{%22gcid-primary-color%22:%91%22header_text_color%22%93,%22gcid-secondary-color%22:%91%22button_bg_color%22%93}&#8221; sticky_transition=&#8221;on&#8221;]<\/p>\n<p>Sejam bem-vindos(as) \u00e0 linha 742 &#8211; Dois Unidos\/Jo\u00e3o de Barros, que inicia o seu retorno na ponte Duarte Coelho com destino ao bairro de origem (Dois Unidos): uma comunidade da periferia do Recife, cercada pelas \u00e1guas dos rios Beberibe e Morno. Uma regi\u00e3o onde ainda existe parte da Mata Atl\u00e2ntica brasileira e onde vivem mais de 32 mil moradores.<\/p>\n<p>[\/et_pb_slide][\/et_pb_slider][\/et_pb_column][\/et_pb_row][\/et_pb_section][et_pb_section fb_built=&#8221;1&#8243; custom_padding_last_edited=&#8221;on|phone&#8221; admin_label=&#8221;V\u00eddeo&#8221; _builder_version=&#8221;4.27.4&#8243; _module_preset=&#8221;default&#8221; background_color=&#8221;gcid-primary-color&#8221; custom_padding_tablet=&#8221;&#8221; custom_padding_phone=&#8221;0px||0px||false|false&#8221; global_colors_info=&#8221;{%22gcid-primary-color%22:%91%22background_color%22%93}&#8221;][et_pb_row _builder_version=&#8221;4.27.3&#8243; _module_preset=&#8221;default&#8221; width_last_edited=&#8221;off|desktop&#8221; global_colors_info=&#8221;{}&#8221;][et_pb_column type=&#8221;4_4&#8243; _builder_version=&#8221;4.27.3&#8243; _module_preset=&#8221;default&#8221; global_colors_info=&#8221;{}&#8221;][et_pb_video src=&#8221;https:\/\/youtu.be\/qSwI2iAAF84&#8243; image_src=&#8221;\/\/i.ytimg.com\/vi\/qSwI2iAAF84\/hqdefault.jpg&#8221; play_icon_color=&#8221;gcid-primary-color&#8221; _builder_version=&#8221;4.27.4&#8243; _module_preset=&#8221;default&#8221; global_colors_info=&#8221;{%22gcid-primary-color%22:%91%22play_icon_color%22%93}&#8221;][\/et_pb_video][\/et_pb_column][\/et_pb_row][\/et_pb_section][et_pb_section fb_built=&#8221;1&#8243; admin_label=&#8221;Reportagens&#8221; _builder_version=&#8221;4.27.3&#8243; _module_preset=&#8221;default&#8221; background_color=&#8221;gcid-4c6f36ed-05f6-4542-9a3f-19538ad00347&#8243; global_colors_info=&#8221;{%22gcid-4c6f36ed-05f6-4542-9a3f-19538ad00347%22:%91%22background_color%22%93}&#8221;][et_pb_row _builder_version=&#8221;4.27.3&#8243; _module_preset=&#8221;default&#8221; width_last_edited=&#8221;off|desktop&#8221; global_colors_info=&#8221;{}&#8221; column_structure=&#8221;2_5,3_5&#8243;][et_pb_column type=&#8221;2_5&#8243; _builder_version=&#8221;4.27.3&#8243; _module_preset=&#8221;default&#8221; global_colors_info=&#8221;{}&#8221;][et_pb_text _builder_version=&#8221;4.27.4&#8243; _module_preset=&#8221;default&#8221; text_text_color=&#8221;#FFFFFF&#8221; header_text_color=&#8221;#FFFFFF&#8221; header_2_font=&#8221;Aprova-black|500|||||||&#8221; header_2_text_color=&#8221;#FFFFFF&#8221; header_2_font_size=&#8221;60px&#8221; header_2_letter_spacing=&#8221;-2px&#8221; header_2_font_size_tablet=&#8221;60px&#8221; header_2_font_size_phone=&#8221;50px&#8221; header_2_font_size_last_edited=&#8221;on|phone&#8221; custom_css_free_form=&#8221;h2 {||  margin-bottom:1.111rem;||}&#8221; global_colors_info=&#8221;{}&#8221;]<\/p>\n<h2>Reportagens<\/h2>\n<p>[\/et_pb_text][\/et_pb_column][et_pb_column type=&#8221;3_5&#8243; _builder_version=&#8221;4.27.3&#8243; _module_preset=&#8221;default&#8221; global_colors_info=&#8221;{}&#8221;][dgbm_blog_module posts_number=&#8221;2&#8243; type=&#8221;3&#8243; include_categories=&#8221;5&#8243; show_excerpt=&#8221;off&#8221; show_categories=&#8221;off&#8221; equal_height=&#8221;on&#8221; title_margin=&#8221;20px|20px|10px|20px|false|true&#8221; meta_default_padding=&#8221;0px|20px|20px|20px|false|true&#8221; _builder_version=&#8221;4.27.4&#8243; _module_preset=&#8221;default&#8221; background_color=&#8221;#FFFFFF&#8221; hover_enabled=&#8221;0&#8243; global_colors_info=&#8221;{}&#8221; item_in_desktop=&#8221;2&#8243; sticky_enabled=&#8221;0&#8243;][\/dgbm_blog_module][\/et_pb_column][\/et_pb_row][\/et_pb_section][et_pb_section fb_built=&#8221;1&#8243; admin_label=&#8221;V\u00eddeos&#8221; _builder_version=&#8221;4.27.3&#8243; _module_preset=&#8221;default&#8221; background_color=&#8221;#000000&#8243; global_colors_info=&#8221;{}&#8221;][et_pb_row _builder_version=&#8221;4.27.3&#8243; _module_preset=&#8221;default&#8221; width_last_edited=&#8221;off|desktop&#8221; global_colors_info=&#8221;{}&#8221; column_structure=&#8221;2_5,3_5&#8243;][et_pb_column type=&#8221;2_5&#8243; _builder_version=&#8221;4.27.3&#8243; _module_preset=&#8221;default&#8221; global_colors_info=&#8221;{}&#8221;][et_pb_text _builder_version=&#8221;4.27.3&#8243; _module_preset=&#8221;default&#8221; text_text_color=&#8221;#FFFFFF&#8221; header_text_color=&#8221;#FFFFFF&#8221; header_2_font=&#8221;Aprova-black|500|||||||&#8221; header_2_text_color=&#8221;#FFFFFF&#8221; header_2_font_size=&#8221;60px&#8221; header_2_letter_spacing=&#8221;-2px&#8221; header_2_font_size_tablet=&#8221;60px&#8221; header_2_font_size_phone=&#8221;50px&#8221; header_2_font_size_last_edited=&#8221;on|phone&#8221; custom_css_free_form=&#8221;h2 {||  margin-bottom:1.111rem;||}&#8221; global_colors_info=&#8221;{}&#8221;]<\/p>\n<h2>V\u00eddeos<\/h2>\n<p>[\/et_pb_text][\/et_pb_column][et_pb_column type=&#8221;3_5&#8243; _builder_version=&#8221;4.27.3&#8243; _module_preset=&#8221;default&#8221; global_colors_info=&#8221;{}&#8221;][dgbm_blog_module posts_number=&#8221;2&#8243; type=&#8221;3&#8243; include_categories=&#8221;9&#8243; show_excerpt=&#8221;off&#8221; show_categories=&#8221;off&#8221; equal_height=&#8221;on&#8221; title_margin=&#8221;20px|20px|10px|20px|false|true&#8221; meta_default_padding=&#8221;0px|20px|20px|20px|false|true&#8221; _builder_version=&#8221;4.27.4&#8243; _module_preset=&#8221;default&#8221; background_color=&#8221;#FFFFFF&#8221; hover_enabled=&#8221;0&#8243; global_colors_info=&#8221;{}&#8221; sticky_enabled=&#8221;0&#8243; item_in_desktop=&#8221;2&#8243;][\/dgbm_blog_module][\/et_pb_column][\/et_pb_row][\/et_pb_section][et_pb_section fb_built=&#8221;1&#8243; admin_label=&#8221;Entrevistas&#8221; _builder_version=&#8221;4.27.4&#8243; _module_preset=&#8221;default&#8221; background_color=&#8221;#191a1a&#8221; global_colors_info=&#8221;{}&#8221;][et_pb_row _builder_version=&#8221;4.27.3&#8243; _module_preset=&#8221;default&#8221; width_last_edited=&#8221;off|desktop&#8221; global_colors_info=&#8221;{}&#8221; column_structure=&#8221;2_5,3_5&#8243;][et_pb_column type=&#8221;2_5&#8243; _builder_version=&#8221;4.27.3&#8243; _module_preset=&#8221;default&#8221; global_colors_info=&#8221;{}&#8221;][et_pb_text _builder_version=&#8221;4.27.4&#8243; _module_preset=&#8221;default&#8221; text_text_color=&#8221;#FFFFFF&#8221; header_text_color=&#8221;#FFFFFF&#8221; header_2_font=&#8221;Aprova-black|500|||||||&#8221; header_2_text_color=&#8221;#FFFFFF&#8221; header_2_font_size=&#8221;60px&#8221; header_2_letter_spacing=&#8221;-2px&#8221; header_2_font_size_tablet=&#8221;60px&#8221; header_2_font_size_phone=&#8221;50px&#8221; header_2_font_size_last_edited=&#8221;on|phone&#8221; custom_css_free_form=&#8221;h2 {||  margin-bottom:1.111rem;||}&#8221; global_colors_info=&#8221;{}&#8221;]<\/p>\n<h2>Entrevistas<\/h2>\n<p>[\/et_pb_text][\/et_pb_column][et_pb_column type=&#8221;3_5&#8243; _builder_version=&#8221;4.27.3&#8243; _module_preset=&#8221;default&#8221; global_colors_info=&#8221;{}&#8221;][dgbm_blog_module posts_number=&#8221;2&#8243; type=&#8221;3&#8243; include_categories=&#8221;6&#8243; show_excerpt=&#8221;off&#8221; show_categories=&#8221;off&#8221; equal_height=&#8221;on&#8221; title_margin=&#8221;20px|20px|10px|20px|false|true&#8221; meta_default_padding=&#8221;0px|20px|20px|20px|false|true&#8221; _builder_version=&#8221;4.27.4&#8243; _module_preset=&#8221;default&#8221; pagination_text_color=&#8221;#FFFFFF&#8221; background_color=&#8221;#FFFFFF&#8221; hover_enabled=&#8221;0&#8243; global_colors_info=&#8221;{}&#8221; item_in_desktop=&#8221;2&#8243; sticky_enabled=&#8221;0&#8243;][\/dgbm_blog_module][\/et_pb_column][\/et_pb_row][\/et_pb_section][et_pb_section fb_built=&#8221;1&#8243; admin_label=&#8221;Opini\u00e3o&#8221; _builder_version=&#8221;4.27.4&#8243; _module_preset=&#8221;default&#8221; background_color=&#8221;gcid-primary-color&#8221; global_colors_info=&#8221;{%22gcid-primary-color%22:%91%22background_color%22%93}&#8221;][et_pb_row column_structure=&#8221;2_5,3_5&#8243; _builder_version=&#8221;4.27.4&#8243; _module_preset=&#8221;default&#8221; width_last_edited=&#8221;off|desktop&#8221; hover_enabled=&#8221;0&#8243; global_colors_info=&#8221;{}&#8221; sticky_enabled=&#8221;0&#8243;][et_pb_column type=&#8221;2_5&#8243; _builder_version=&#8221;4.27.3&#8243; _module_preset=&#8221;default&#8221; global_colors_info=&#8221;{}&#8221;][et_pb_text _builder_version=&#8221;4.27.4&#8243; _module_preset=&#8221;default&#8221; text_text_color=&#8221;#FFFFFF&#8221; header_text_color=&#8221;#FFFFFF&#8221; header_2_font=&#8221;Aprova-black|500|||||||&#8221; header_2_text_color=&#8221;#FFFFFF&#8221; header_2_font_size=&#8221;60px&#8221; header_2_letter_spacing=&#8221;-2px&#8221; header_2_font_size_tablet=&#8221;60px&#8221; header_2_font_size_phone=&#8221;50px&#8221; header_2_font_size_last_edited=&#8221;on|phone&#8221; custom_css_free_form=&#8221;h2 {||  margin-bottom:1.111rem;||}&#8221; global_colors_info=&#8221;{}&#8221;]<\/p>\n<h2>Opini\u00e3o<\/h2>\n<p>[\/et_pb_text][\/et_pb_column][et_pb_column type=&#8221;3_5&#8243; _builder_version=&#8221;4.27.4&#8243; _module_preset=&#8221;default&#8221; custom_padding_tablet=&#8221;110px||||false|false&#8221; custom_padding_phone=&#8221;0px||||false|false&#8221; custom_padding_last_edited=&#8221;on|phone&#8221; hover_enabled=&#8221;0&#8243; global_colors_info=&#8221;{}&#8221; sticky_enabled=&#8221;0&#8243;][dgbm_blog_module posts_number=&#8221;2&#8243; type=&#8221;3&#8243; include_categories=&#8221;4&#8243; show_excerpt=&#8221;off&#8221; show_categories=&#8221;off&#8221; equal_height=&#8221;on&#8221; title_margin=&#8221;20px|20px|10px|20px|false|true&#8221; meta_default_padding=&#8221;0px|20px|20px|20px|false|true&#8221; _builder_version=&#8221;4.27.4&#8243; _module_preset=&#8221;default&#8221; pagination_text_color=&#8221;#FFFFFF&#8221; background_color=&#8221;#FFFFFF&#8221; hover_enabled=&#8221;0&#8243; global_colors_info=&#8221;{}&#8221; item_in_desktop=&#8221;2&#8243; sticky_enabled=&#8221;0&#8243;][\/dgbm_blog_module][\/et_pb_column][\/et_pb_row][\/et_pb_section][et_pb_section fb_built=&#8221;1&#8243; admin_label=&#8221;Linha do Tempo&#8221; _builder_version=&#8221;4.27.3&#8243; _module_preset=&#8221;default&#8221; custom_padding=&#8221;||39px|||&#8221; global_colors_info=&#8221;{}&#8221;][et_pb_row column_structure=&#8221;1_2,1_2&#8243; _builder_version=&#8221;4.27.3&#8243; _dynamic_attributes=&#8221;link_option_url&#8221; _module_preset=&#8221;default&#8221; link_option_url=&#8221;@ET-DC@eyJkeW5hbWljIjp0cnVlLCJjb250ZW50IjoicG9zdF9saW5rX3VybF9wYWdlIiwic2V0dGluZ3MiOnsicG9zdF9pZCI6IjI1In19@&#8221; global_colors_info=&#8221;{}&#8221;][et_pb_column type=&#8221;1_2&#8243; _builder_version=&#8221;4.27.3&#8243; _module_preset=&#8221;default&#8221; global_colors_info=&#8221;{}&#8221;][et_pb_text _builder_version=&#8221;4.27.3&#8243; _dynamic_attributes=&#8221;link_option_url&#8221; _module_preset=&#8221;default&#8221; text_text_color=&#8221;#FFFFFF&#8221; header_2_font=&#8221;Aprova-black|500|||||||&#8221; header_2_text_color=&#8221;gcid-4c6f36ed-05f6-4542-9a3f-19538ad00347&#8243; header_2_font_size=&#8221;60px&#8221; header_2_letter_spacing=&#8221;-2px&#8221; link_option_url=&#8221;@ET-DC@eyJkeW5hbWljIjp0cnVlLCJjb250ZW50IjoicG9zdF9saW5rX3VybF9wYWdlIiwic2V0dGluZ3MiOnsicG9zdF9pZCI6IjE2In19@&#8221; header_2_font_size_tablet=&#8221;60px&#8221; header_2_font_size_phone=&#8221;50px&#8221; header_2_font_size_last_edited=&#8221;on|phone&#8221; custom_css_free_form=&#8221;h2 {||  margin-bottom:1.111rem;||}&#8221; global_colors_info=&#8221;{%22gcid-4c6f36ed-05f6-4542-9a3f-19538ad00347%22:%91%22header_2_text_color%22%93}&#8221;]<\/p>\n<h2>Linha do Tempo<\/h2>\n<p>[\/et_pb_text][\/et_pb_column][et_pb_column type=&#8221;1_2&#8243; _builder_version=&#8221;4.27.3&#8243; _module_preset=&#8221;default&#8221; global_colors_info=&#8221;{}&#8221;][et_pb_text _builder_version=&#8221;4.27.3&#8243; _module_preset=&#8221;default&#8221; header_2_font=&#8221;Aprova-black|500|||||||&#8221; header_2_text_color=&#8221;#FFFFFF&#8221; header_2_font_size=&#8221;60px&#8221; header_2_letter_spacing=&#8221;-2px&#8221; custom_css_free_form=&#8221;h2 {||  margin-bottom:1.111rem;||}&#8221; global_colors_info=&#8221;{}&#8221;]<\/p>\n<p>A hist\u00f3ria de Dois Unidos ficou mais simples de ser contemplada, e por isso o portal Morros reuniu uma linha do tempo para que voc\u00ea conhe\u00e7a de forma mais resumida toda a hist\u00f3ria do bairro, com os principais fatos que contribu\u00edram para a evolu\u00e7\u00e3o desse territ\u00f3rio.<\/p>\n<p>[\/et_pb_text][\/et_pb_column][\/et_pb_row][et_pb_row _builder_version=&#8221;4.27.4&#8243; _module_preset=&#8221;default&#8221; global_colors_info=&#8221;{}&#8221;][et_pb_column type=&#8221;4_4&#8243; _builder_version=&#8221;4.27.4&#8243; _module_preset=&#8221;default&#8221; global_colors_info=&#8221;{}&#8221;][tmdivi_timeline timeline_color=&#8221;gcid-primary-color&#8221; icon_background_color=&#8221;gcid-primary-color&#8221; label_font=&#8221;Aprova-Regular|&#8211;et_global_heading_font_weight|||||||&#8221; label_font_color=&#8221;gcid-body-color&#8221; label_font_size=&#8221;20px&#8221; sub_label_font=&#8221;Aprova-Regular||||||||&#8221; sub_label_font_color=&#8221;gcid-52d55c59-fd45-4c17-8924-d6382cc3d43b&#8221; sub_label_font_size=&#8221;14px&#8221; description_font_color=&#8221;gcid-body-color&#8221; description_text_size=&#8221;18px&#8221; _builder_version=&#8221;4.27.4&#8243; _module_preset=&#8221;default&#8221; heading_settings_font=&#8221;Aprova-black|700|||||||&#8221; description_settings_font=&#8221;&#8211;et_global_body_font||||||||&#8221; locked=&#8221;off&#8221; global_colors_info=&#8221;{%22gcid-52d55c59-fd45-4c17-8924-d6382cc3d43b%22:%91%22sub_label_font_color%22%93,%22gcid-primary-color%22:%91%22timeline_color%22,%22icon_background_color%22%93,%22gcid-body-color%22:%91%22description_font_color%22%93}&#8221;][tmdivi_timeline_story label_date=&#8221;1845&#8243; story_title=&#8221;A Estrada do Cumbe&#8221; _builder_version=&#8221;4.27.3&#8243; global_colors_info=&#8221;{}&#8221;]<\/p>\n<p>Tudo come\u00e7ou com a constru\u00e7\u00e3o da Estrada do Cumbe, atual Av. Hildebrando de Vasconcelos, ainda no per\u00edodo Imperial, em 1845, atrav\u00e9s da Lei Provincial N\u00ba 1.499, sancionada pelo Presidente da Prov\u00edncia de Pernambuco, Ant\u00f4nio Pinto Chichorro da Gama.<\/p>\n<p>[\/tmdivi_timeline_story][tmdivi_timeline_story label_date=&#8221;1880&#8243; story_title=&#8221;Conclus\u00e3o das obras da Estrada do Cumbe&#8221; _builder_version=&#8221;4.27.3&#8243; global_colors_info=&#8221;{}&#8221;]<\/p>\n<p>Foi aprovada pelo\u00a0Presidente da Prov\u00edncia, Joaquim Jos\u00e9 de Oliveira Andrade, a emenda N\u00ba 12, que liberava o pagamento de 3:000$ para a conclus\u00e3o da Estrada do Cumbe, territ\u00f3rio ainda tido como parte de Beberibe, hoje, bairro vizinho.<\/p>\n<p>[\/tmdivi_timeline_story][tmdivi_timeline_story label_date=&#8221;1940&#8243; story_title=&#8221;Fonte de \u00c1gua Mineral&#8221; _builder_version=&#8221;4.27.3&#8243; global_colors_info=&#8221;{}&#8221;]<\/p>\n<p>Foi descoberta uma fonte de \u00e1gua mineral, que se tornou a \u00c1guas Minerais Santa Clara, tamb\u00e9m em 1940, e se mant\u00e9m at\u00e9 hoje no distrito.<\/p>\n<p>[\/tmdivi_timeline_story][tmdivi_timeline_story label_date=&#8221;1941&#8243; story_title=&#8221;A Coca-Cola na Mineradora Santa Clara&#8221; _builder_version=&#8221;4.27.3&#8243; global_colors_info=&#8221;{}&#8221;]<\/p>\n<p>A Mineradora de \u00c1gua Santa Clara sediou a estadia da Coca-Cola em suas instala\u00e7\u00f5es enquanto a f\u00e1brica de refrigerante da marca estava em processo final de constru\u00e7\u00e3o.<\/p>\n<p>[\/tmdivi_timeline_story][tmdivi_timeline_story label_date=&#8221;1945&#8243; story_title=&#8221;Terreiro Santa Barbara, S\u00e3o Jo\u00e3o Batista&#8221; _builder_version=&#8221;4.27.3&#8243; global_colors_info=&#8221;{}&#8221;]<\/p>\n<p>A Ialorix\u00e1 Amara Mendes fundou o Terreiro Santa B\u00e1rbara S\u00e3o Jo\u00e3o Batista, junto ao seu marido, o babalorix\u00e1 Ant\u00f4nio Higino Barreto, na antiga Estrada do Cumbe, e hoje tem sede na Rua Mamedes Coelhos, N\u00ba 231, em Dois Unidos, com o novo nome \u201cIl\u00ea Ob\u00e1 Aganj\u00fa Okoloy\u00e1\u201d.<\/p>\n<p>[\/tmdivi_timeline_story][tmdivi_timeline_story label_date=&#8221;1950&#8243; story_title=&#8221;O Servi\u00e7o Social Contra o Mocambo&#8221; _builder_version=&#8221;4.27.3&#8243; global_colors_info=&#8221;{}&#8221;]<\/p>\n<p>O interventor federal Agamenon Magalh\u00e3es reformulou, em 1950, a Liga Social Contra o Mocambo, criada em 1937, renomeada para Servi\u00e7o Social Contra o Mocambo, um aparato do Estado para a retirada das moradias tidas como \u201cprec\u00e1rias\u201d e um processo de higieniza\u00e7\u00e3o da cidade, para que ela ficasse bonita. Na mesma \u00e9poca, foram entregues casas na Vila Popular de Dois Unidos, feitas de taipa, com algumas reparti\u00e7\u00f5es c\u00f4modos.<\/p>\n<p>[\/tmdivi_timeline_story][tmdivi_timeline_story label_date=&#8221;1955&#8243; story_title=&#8221;O Transporte Coletivo do Bairro&#8221; _builder_version=&#8221;4.27.3&#8243; global_colors_info=&#8221;{}&#8221;]<\/p>\n<p>A primeira linha de \u00f4nibus de Dois Unidos surgiu em 1955, com o nome Villa Dois Unidos.<\/p>\n<p>[\/tmdivi_timeline_story][tmdivi_timeline_story label_date=&#8221;1957&#8243; story_title=&#8221;O Vale do Senhor&#8221; _builder_version=&#8221;4.27.3&#8243; global_colors_info=&#8221;{}&#8221;]<\/p>\n<p>Esse importante endere\u00e7o do bairro, surgiu em 1957.\u00a0 Em <strong>1958, o<\/strong> padre John Pubben fundou a at\u00e9 ent\u00e3o igreja, hoje Par\u00f3quia S\u00e3o Vicente de Paulo.<\/p>\n<p>[\/tmdivi_timeline_story][tmdivi_timeline_story label_date=&#8221;1960&#8243; story_title=&#8221;O Presidio em Dois Unidos&#8221; _builder_version=&#8221;4.27.3&#8243; global_colors_info=&#8221;{}&#8221;]<\/p>\n<p>Durante o governo de Miguel Arraes, Dois Unidos recebeu a instala\u00e7\u00e3o da Col\u00f4nia Correcional de Dois Unidos, popularmente conhecida como \u201cPres\u00eddio\u201d pelos moradores. No mesmo ano, foi finalizada a obra da Estrada do Cumbe, ap\u00f3s anos.<\/p>\n<p>[\/tmdivi_timeline_story][tmdivi_timeline_story label_date=&#8221;1972&#8243; story_title=&#8221;A Av. Hildebrando de Vasconcelos&#8221; _builder_version=&#8221;4.27.3&#8243; global_colors_info=&#8221;{}&#8221;]<\/p>\n<p>Um processo de moderniza\u00e7\u00e3o na principal via do bairro renomeou a antiga Estrada do Cumbe, transformando o trecho em avenida sob o nome do empres\u00e1rio e idealizador da F\u00e1brica Minerva, passando a se chamar Avenida Hildebrando de Vasconcelos, por meio da Lei N\u00ba 10.842.<\/p>\n<p>[\/tmdivi_timeline_story][tmdivi_timeline_story label_date=&#8221;1979&#8243; story_title=&#8221;A Cooperativa Mista Artesanal do Recife (Comar)&#8221; _builder_version=&#8221;4.27.3&#8243; global_colors_info=&#8221;{}&#8221;]<\/p>\n<p>Em agosto de 1983, foi inaugurada a Cooperativa Mista Artesanal do Recife (Comar), na Rua Belmiro de Barros, N\u00ba 35, em Dois Unidos. A institui\u00e7\u00e3o recebeu mais de 450 artes\u00e3os, com 26 n\u00facleos de produ\u00e7\u00e3o espalhados por todo o Estado. A Comar reunia diversos colaboradores, entre eles marceneiros, donas de casa e os moradores da localidade, que receberam aulas de portugu\u00eas, matem\u00e1tica, hist\u00f3ria, geografia e de desenho.<\/p>\n<p>[\/tmdivi_timeline_story][tmdivi_timeline_story label_date=&#8221;1987&#8243; story_title=&#8221; Reserva da Floresta Urbana Mata de Dois Unidos&#8221; _builder_version=&#8221;4.27.3&#8243; global_colors_info=&#8221;{}&#8221;]<\/p>\n<p>Criada a partir da Lei n\u00ba 9.989\/87. a Reserva da Floresta Urbana Mata de Dois Unidos, protegida pela SEUC atrav\u00e9s da Lei n\u00ba 14.324, de 2012. A mata \u00e9 caracterizada como ecossistema da Mata Atl\u00e2ntica brasileira, com 34,72 hectares e est\u00e1 assentada na bacia hidrogr\u00e1fica do Rio Beberibe.<\/p>\n<p>[\/tmdivi_timeline_story][tmdivi_timeline_story label_date=&#8221;1993&#8243; story_title=&#8221;A UBS Professor Bionor Teod\u00f3sio&#8221; _builder_version=&#8221;4.27.3&#8243; global_colors_info=&#8221;{}&#8221;]<\/p>\n<p>Em 1993, o bairro recebeu a Unidade B\u00e1sica de Sa\u00fade (UBS) Professor Bianor Teod\u00f3sio, em 1993, na Av. Hildebrando de Vasconcelos.<\/p>\n<p>[\/tmdivi_timeline_story][tmdivi_timeline_story label_date=&#8221;2000&#8243; story_title=&#8221;Forr\u00f3 do Arlindo&#8221; _builder_version=&#8221;4.27.3&#8243; global_colors_info=&#8221;{}&#8221;]<\/p>\n<p>Em setembro de 2000, foi inaugurado o Espa\u00e7o Cultural Arlindo dos 8 Baixos, popularmente conhecido como Forr\u00f3 do Arlindo. Criado pelo sanfoneiro Arlindo Ramos Pereira, o espa\u00e7o animava as noites do bairro e recebeu grandes nomes da m\u00fasica nordestina, como Luiz Gonzaga, Dominguinhos e outras personalidades do meio musical.<\/p>\n<p>[\/tmdivi_timeline_story][\/tmdivi_timeline][\/et_pb_column][\/et_pb_row][\/et_pb_section]<\/p>\n","protected":false},"excerpt":{"rendered":"<p>Sejam bem-vindos(as) \u00e0 linha 742 &#8211; Dois Unidos\/Jo\u00e3o de Barros, que inicia o seu retorno na ponte Duarte Coelho com destino ao bairro de origem (Dois Unidos): uma comunidade da periferia do Recife, cercada pelas \u00e1guas dos rios Beberibe e Morno. Uma regi\u00e3o onde ainda existe parte da Mata Atl\u00e2ntica brasileira e onde vivem mais [&hellip;]<\/p>\n","protected":false},"author":1,"featured_media":0,"parent":0,"menu_order":0,"comment_status":"closed","ping_status":"closed","template":"","meta":{"_et_pb_use_builder":"on","_et_pb_old_content":"<!-- wp:quote -->\n<blockquote class=\"wp-block-quote\"><\/blockquote>\n<!-- \/wp:quote -->\n\n<!-- wp:quote -->\n<blockquote class=\"wp-block-quote\"><\/blockquote>\n<!-- \/wp:quote -->","_et_gb_content_width":"","ngg_post_thumbnail":0,"footnotes":""},"class_list":["post-2","page","type-page","status-publish","hentry"],"_links":{"self":[{"href":"https:\/\/webjornalismo.unicap.br\/portalmorros\/wp-json\/wp\/v2\/pages\/2","targetHints":{"allow":["GET"]}}],"collection":[{"href":"https:\/\/webjornalismo.unicap.br\/portalmorros\/wp-json\/wp\/v2\/pages"}],"about":[{"href":"https:\/\/webjornalismo.unicap.br\/portalmorros\/wp-json\/wp\/v2\/types\/page"}],"author":[{"embeddable":true,"href":"https:\/\/webjornalismo.unicap.br\/portalmorros\/wp-json\/wp\/v2\/users\/1"}],"replies":[{"embeddable":true,"href":"https:\/\/webjornalismo.unicap.br\/portalmorros\/wp-json\/wp\/v2\/comments?post=2"}],"version-history":[{"count":57,"href":"https:\/\/webjornalismo.unicap.br\/portalmorros\/wp-json\/wp\/v2\/pages\/2\/revisions"}],"predecessor-version":[{"id":803,"href":"https:\/\/webjornalismo.unicap.br\/portalmorros\/wp-json\/wp\/v2\/pages\/2\/revisions\/803"}],"wp:attachment":[{"href":"https:\/\/webjornalismo.unicap.br\/portalmorros\/wp-json\/wp\/v2\/media?parent=2"}],"curies":[{"name":"wp","href":"https:\/\/api.w.org\/{rel}","templated":true}]}}