{"id":207,"date":"2021-11-24T21:57:09","date_gmt":"2021-11-25T00:57:09","guid":{"rendered":"https:\/\/webjornalismo.unicap.br\/nautico\/?page_id=207"},"modified":"2021-12-06T16:17:11","modified_gmt":"2021-12-06T19:17:11","slug":"nova-gestao","status":"publish","type":"page","link":"https:\/\/webjornalismo.unicap.br\/nautico\/nova-gestao\/","title":{"rendered":"Nova gest\u00e3o"},"content":{"rendered":"<p>[et_pb_section fb_built=&#8221;1&#8243; _builder_version=&#8221;4.13.0&#8243; _module_preset=&#8221;default&#8221; global_colors_info=&#8221;{}&#8221;][et_pb_row _builder_version=&#8221;4.13.0&#8243; _module_preset=&#8221;default&#8221; width=&#8221;50%&#8221; module_alignment=&#8221;center&#8221; custom_padding=&#8221;||0px|||&#8221; global_colors_info=&#8221;{}&#8221;][et_pb_column type=&#8221;4_4&#8243; _builder_version=&#8221;4.13.0&#8243; _module_preset=&#8221;default&#8221; global_colors_info=&#8221;{}&#8221;][et_pb_text _builder_version=&#8221;4.14.2&#8243; _module_preset=&#8221;default&#8221; header_font=&#8221;|700|||||||&#8221; header_text_color=&#8221;#E02B20&#8243; header_font_size=&#8221;50px&#8221; header_2_text_color=&#8221;#E02B20&#8243; global_colors_info=&#8221;{}&#8221;]<\/p>\n<h1>Nova gest\u00e3o<\/h1>\n<p>[\/et_pb_text][et_pb_text _builder_version=&#8221;4.14.1&#8243; _module_preset=&#8221;default&#8221; text_font=&#8221;|300|||||||&#8221; header_font=&#8221;|700||on|||||&#8221; header_text_color=&#8221;#E02B20&#8243; global_colors_info=&#8221;{}&#8221;]<\/p>\n<p><span style=\"font-weight: 400;\">A gest\u00e3o do presidente Edno Melo e do vice-presidente Di\u00f3genes Braga foi marcada pelo rompimento com a cultura amadora que existia no futebol de Pernambuco; a profissionaliza\u00e7\u00e3o da gest\u00e3o deu uma nova vida ao N\u00e1utico, de forma a ficar cravado como um per\u00edodo de renascimento do clube.\u00a0<\/span><\/p>\n<p><span style=\"font-weight: 400;\">Nesses 4 anos foram 4 finais (3 campeonato pernambucanos com 2 t\u00edtulos e 1 campeonato brasileiro da s\u00e9rie C). Estadual (2018, 2021) Campeonato Brasileiro da S\u00e9rie C (2019)<\/span><\/p>\n<p><span style=\"font-weight: 400;\">O trabalho foi marcado por ter uma pol\u00edtica de austeridade no clube, gastando de uma forma respons\u00e1vel, sem bancar custos que o clube n\u00e3o pode gastar. A torcida muitas vezes pressiona por refor\u00e7os, mas a diretoria segue com o p\u00e9 no ch\u00e3o, com o objetivo de diminuir as d\u00edvidas do clube e ainda seguir forte em busca dos objetivos.<\/span><\/p>\n<p>[\/et_pb_text][et_pb_text _builder_version=&#8221;4.14.2&#8243; _module_preset=&#8221;default&#8221; header_font=&#8221;|700|||||||&#8221; header_text_color=&#8221;#E02B20&#8243; custom_margin=&#8221;60px|||||&#8221; hover_enabled=&#8221;0&#8243; global_colors_info=&#8221;{}&#8221; sticky_enabled=&#8221;0&#8243; header_2_text_color=&#8221;#b5b5b5&#8243;]<\/p>\n<h1>Gest\u00e3o Edno Melo<\/h1>\n<h2>Opini\u00e3o do torcedor<\/h2>\n<p>[\/et_pb_text][\/et_pb_column][\/et_pb_row][et_pb_row column_structure=&#8221;1_3,2_3&#8243; _builder_version=&#8221;4.14.2&#8243; _module_preset=&#8221;default&#8221; width=&#8221;50%&#8221; border_width_bottom=&#8221;1px&#8221; border_color_bottom=&#8221;#E02B20&#8243; locked=&#8221;off&#8221; global_colors_info=&#8221;{}&#8221;][et_pb_column type=&#8221;1_3&#8243; _builder_version=&#8221;4.13.0&#8243; _module_preset=&#8221;default&#8221; global_colors_info=&#8221;{}&#8221;][et_pb_image src=&#8221;https:\/\/webjornalismo.unicap.br\/nautico\/wp-content\/uploads\/2021\/12\/leo-simoes2.jpg&#8221; alt=&#8221;Leonardo Peregrino e Jo\u00e3o Eduardo (pai)&#8221; title_text=&#8221;leo-simoes2&#8243; _builder_version=&#8221;4.14.2&#8243; _module_preset=&#8221;default&#8221; global_colors_info=&#8221;{}&#8221;][\/et_pb_image][\/et_pb_column][et_pb_column type=&#8221;2_3&#8243; _builder_version=&#8221;4.13.0&#8243; _module_preset=&#8221;default&#8221; global_colors_info=&#8221;{}&#8221;][et_pb_text _builder_version=&#8221;4.14.2&#8243; _module_preset=&#8221;default&#8221; text_font=&#8221;|800||on|||||&#8221; text_font_size=&#8221;22px&#8221; header_font=&#8221;|700||on|||||&#8221; header_text_color=&#8221;#E02B20&#8243; locked=&#8221;off&#8221; global_colors_info=&#8221;{}&#8221;]<\/p>\n<p>Leonardo Sim\u00f5es<\/p>\n<p>[\/et_pb_text][et_pb_code _builder_version=&#8221;4.14.2&#8243; _module_preset=&#8221;default&#8221; global_colors_info=&#8221;{}&#8221;]<iframe loading=\"lazy\" width=\"100%\" height=\"166\" scrolling=\"no\" frameborder=\"no\" allow=\"autoplay\" src=\"https:\/\/w.soundcloud.com\/player\/?url=https%3A\/\/api.soundcloud.com\/tracks\/1171412776&#038;color=%23ff0000&#038;auto_play=false&#038;hide_related=false&#038;show_comments=true&#038;show_user=true&#038;show_reposts=false&#038;show_teaser=true\"><\/iframe><\/p>\n<div style=\"font-size: 10px; color: #cccccc;line-break: anywhere;word-break: normal;overflow: hidden;white-space: nowrap;text-overflow: ellipsis; font-family: Interstate,Lucida Grande,Lucida Sans Unicode,Lucida Sans,Garuda,Verdana,Tahoma,sans-serif;font-weight: 100;\"><a href=\"https:\/\/soundcloud.com\/victor-tadeu-474289775\" title=\"Victor Tadeu\" target=\"_blank\" style=\"color: #cccccc; text-decoration: none;\" rel=\"noopener\">Victor Tadeu<\/a> \u00b7 <a href=\"https:\/\/soundcloud.com\/victor-tadeu-474289775\/leonardo-simoes-audio-nova\" title=\"Leonardo Sim\u00f5es - \u00c1udio Nova gest\u00e3o\" target=\"_blank\" style=\"color: #cccccc; text-decoration: none;\" rel=\"noopener\">Leonardo Sim\u00f5es &#8211; \u00c1udio Nova gest\u00e3o<\/a><\/div>\n<p>[\/et_pb_code][\/et_pb_column][\/et_pb_row][et_pb_row column_structure=&#8221;1_3,2_3&#8243; _builder_version=&#8221;4.14.2&#8243; _module_preset=&#8221;default&#8221; width=&#8221;50%&#8221; border_width_bottom=&#8221;1px&#8221; border_color_bottom=&#8221;#E02B20&#8243; locked=&#8221;off&#8221; global_colors_info=&#8221;{}&#8221;][et_pb_column type=&#8221;1_3&#8243; _builder_version=&#8221;4.13.0&#8243; _module_preset=&#8221;default&#8221; global_colors_info=&#8221;{}&#8221;][et_pb_image src=&#8221;https:\/\/webjornalismo.unicap.br\/nautico\/wp-content\/uploads\/2021\/12\/Leonardo-Peregrino-joao.jpg&#8221; alt=&#8221;Leonardo Peregrino e Jo\u00e3o Eduardo (pai)&#8221; title_text=&#8221;Leonardo-Peregrino-joao&#8221; _builder_version=&#8221;4.14.2&#8243; _module_preset=&#8221;default&#8221; global_colors_info=&#8221;{}&#8221;][\/et_pb_image][\/et_pb_column][et_pb_column type=&#8221;2_3&#8243; _builder_version=&#8221;4.13.0&#8243; _module_preset=&#8221;default&#8221; global_colors_info=&#8221;{}&#8221;][et_pb_text _builder_version=&#8221;4.14.2&#8243; _module_preset=&#8221;default&#8221; text_font=&#8221;|800||on|||||&#8221; text_font_size=&#8221;22px&#8221; header_font=&#8221;|700||on|||||&#8221; header_text_color=&#8221;#E02B20&#8243; locked=&#8221;off&#8221; global_colors_info=&#8221;{}&#8221;]<\/p>\n<p>Leonardo Peregrino<\/p>\n<p>[\/et_pb_text][et_pb_code _builder_version=&#8221;4.14.2&#8243; _module_preset=&#8221;default&#8221; global_colors_info=&#8221;{}&#8221;]<iframe loading=\"lazy\" width=\"100%\" height=\"166\" scrolling=\"no\" frameborder=\"no\" allow=\"autoplay\" src=\"https:\/\/w.soundcloud.com\/player\/?url=https%3A\/\/api.soundcloud.com\/tracks\/1171413436&#038;color=%23ff0000&#038;auto_play=false&#038;hide_related=false&#038;show_comments=true&#038;show_user=true&#038;show_reposts=false&#038;show_teaser=true\"><\/iframe><\/p>\n<div style=\"font-size: 10px; color: #cccccc;line-break: anywhere;word-break: normal;overflow: hidden;white-space: nowrap;text-overflow: ellipsis; font-family: Interstate,Lucida Grande,Lucida Sans Unicode,Lucida Sans,Garuda,Verdana,Tahoma,sans-serif;font-weight: 100;\"><a href=\"https:\/\/soundcloud.com\/victor-tadeu-474289775\" title=\"Victor Tadeu\" target=\"_blank\" style=\"color: #cccccc; text-decoration: none;\" rel=\"noopener\">Victor Tadeu<\/a> \u00b7 <a href=\"https:\/\/soundcloud.com\/victor-tadeu-474289775\/leonardo-peregrino-audio-nova\" title=\"Leonardo Peregrino - \u00c1udio Nova Gest\u00e3o\" target=\"_blank\" style=\"color: #cccccc; text-decoration: none;\" rel=\"noopener\">Leonardo Peregrino &#8211; \u00c1udio Nova Gest\u00e3o<\/a><\/div>\n<p>[\/et_pb_code][\/et_pb_column][\/et_pb_row][et_pb_row column_structure=&#8221;1_3,2_3&#8243; _builder_version=&#8221;4.14.2&#8243; _module_preset=&#8221;default&#8221; width=&#8221;50%&#8221; border_color_bottom=&#8221;#E02B20&#8243; locked=&#8221;off&#8221; global_colors_info=&#8221;{}&#8221;][et_pb_column type=&#8221;1_3&#8243; _builder_version=&#8221;4.13.0&#8243; _module_preset=&#8221;default&#8221; global_colors_info=&#8221;{}&#8221;][et_pb_image src=&#8221;https:\/\/webjornalismo.unicap.br\/nautico\/wp-content\/uploads\/2021\/12\/diego-araca2.jpg&#8221; alt=&#8221;Leonardo Peregrino e Jo\u00e3o Eduardo (pai)&#8221; title_text=&#8221;diego-araca2&#8243; _builder_version=&#8221;4.14.2&#8243; _module_preset=&#8221;default&#8221; global_colors_info=&#8221;{}&#8221;][\/et_pb_image][\/et_pb_column][et_pb_column type=&#8221;2_3&#8243; _builder_version=&#8221;4.13.0&#8243; _module_preset=&#8221;default&#8221; global_colors_info=&#8221;{}&#8221;][et_pb_text _builder_version=&#8221;4.14.2&#8243; _module_preset=&#8221;default&#8221; text_font=&#8221;|800||on|||||&#8221; text_font_size=&#8221;22px&#8221; header_font=&#8221;|700||on|||||&#8221; header_text_color=&#8221;#E02B20&#8243; locked=&#8221;off&#8221; global_colors_info=&#8221;{}&#8221;]<\/p>\n<p>Diego Ara\u00e7\u00e1<\/p>\n<p>[\/et_pb_text][et_pb_code _builder_version=&#8221;4.14.2&#8243; _module_preset=&#8221;default&#8221; global_colors_info=&#8221;{}&#8221;]<iframe loading=\"lazy\" width=\"100%\" height=\"166\" scrolling=\"no\" frameborder=\"no\" allow=\"autoplay\" src=\"https:\/\/w.soundcloud.com\/player\/?url=https%3A\/\/api.soundcloud.com\/tracks\/1171413856&#038;color=%23ff0000&#038;auto_play=false&#038;hide_related=false&#038;show_comments=true&#038;show_user=true&#038;show_reposts=false&#038;show_teaser=true\"><\/iframe><\/p>\n<div style=\"font-size: 10px; color: #cccccc;line-break: anywhere;word-break: normal;overflow: hidden;white-space: nowrap;text-overflow: ellipsis; font-family: Interstate,Lucida Grande,Lucida Sans Unicode,Lucida Sans,Garuda,Verdana,Tahoma,sans-serif;font-weight: 100;\"><a href=\"https:\/\/soundcloud.com\/victor-tadeu-474289775\" title=\"Victor Tadeu\" target=\"_blank\" style=\"color: #cccccc; text-decoration: none;\" rel=\"noopener\">Victor Tadeu<\/a> \u00b7 <a href=\"https:\/\/soundcloud.com\/victor-tadeu-474289775\/diego-araca-audio-nova-gestao\" title=\"Diego Ara\u00e7\u00e1- \u00c1udio Nova gest\u00e3o\" target=\"_blank\" style=\"color: #cccccc; text-decoration: none;\" rel=\"noopener\">Diego Ara\u00e7\u00e1- \u00c1udio Nova gest\u00e3o<\/a><\/div>\n<p>[\/et_pb_code][\/et_pb_column][\/et_pb_row][\/et_pb_section]<\/p>\n","protected":false},"excerpt":{"rendered":"<p>Nova gest\u00e3oA gest\u00e3o do presidente Edno Melo e do vice-presidente Di\u00f3genes Braga foi marcada pelo rompimento com a cultura amadora que existia no futebol de Pernambuco; a profissionaliza\u00e7\u00e3o da gest\u00e3o deu uma nova vida ao N\u00e1utico, de forma a ficar cravado como um per\u00edodo de renascimento do clube.\u00a0 Nesses 4 anos foram 4 finais (3 [&hellip;]<\/p>\n","protected":false},"author":1,"featured_media":0,"parent":0,"menu_order":0,"comment_status":"closed","ping_status":"closed","template":"","meta":{"_et_pb_use_builder":"on","_et_pb_old_content":"","_et_gb_content_width":""},"_links":{"self":[{"href":"https:\/\/webjornalismo.unicap.br\/nautico\/wp-json\/wp\/v2\/pages\/207"}],"collection":[{"href":"https:\/\/webjornalismo.unicap.br\/nautico\/wp-json\/wp\/v2\/pages"}],"about":[{"href":"https:\/\/webjornalismo.unicap.br\/nautico\/wp-json\/wp\/v2\/types\/page"}],"author":[{"embeddable":true,"href":"https:\/\/webjornalismo.unicap.br\/nautico\/wp-json\/wp\/v2\/users\/1"}],"replies":[{"embeddable":true,"href":"https:\/\/webjornalismo.unicap.br\/nautico\/wp-json\/wp\/v2\/comments?post=207"}],"version-history":[{"count":12,"href":"https:\/\/webjornalismo.unicap.br\/nautico\/wp-json\/wp\/v2\/pages\/207\/revisions"}],"predecessor-version":[{"id":419,"href":"https:\/\/webjornalismo.unicap.br\/nautico\/wp-json\/wp\/v2\/pages\/207\/revisions\/419"}],"wp:attachment":[{"href":"https:\/\/webjornalismo.unicap.br\/nautico\/wp-json\/wp\/v2\/media?parent=207"}],"curies":[{"name":"wp","href":"https:\/\/api.w.org\/{rel}","templated":true}]}}

Nova gestão

<p>[et_pb_section fb_built=&#8221;1&#8243; _builder_version=&#8221;4.13.0&#8243; _module_preset=&#8221;default&#8221; global_colors_info=&#8221;{}&#8221;][et_pb_row _builder_version=&#8221;4.13.0&#8243; _module_preset=&#8221;default&#8221; width=&#8221;50%&#8221; module_alignment=&#8221;center&#8221; custom_padding=&#8221;||0px|||&#8221; global_colors_info=&#8221;{}&#8221;][et_pb_column type=&#8221;4_4&#8243; _builder_version=&#8221;4.13.0&#8243; _module_preset=&#8221;default&#8221; global_colors_info=&#8221;{}&#8221;][et_pb_text _builder_version=&#8221;4.14.2&#8243; _module_preset=&#8221;default&#8221; header_font=&#8221;|700|||||||&#8221; header_text_color=&#8221;#E02B20&#8243; header_font_size=&#8221;50px&#8221; header_2_text_color=&#8221;#E02B20&#8243; global_colors_info=&#8221;{}&#8221;]</p>
<h1>Nova gestão</h1>
<p>[/et_pb_text][et_pb_text _builder_version=&#8221;4.14.1&#8243; _module_preset=&#8221;default&#8221; text_font=&#8221;|300|||||||&#8221; header_font=&#8221;|700||on|||||&#8221; header_text_color=&#8221;#E02B20&#8243; global_colors_info=&#8221;{}&#8221;]</p>
<p><span style="font-weight: 400;">A gestão do presidente Edno Melo e do vice-presidente Diógenes Braga foi marcada pelo rompimento com a cultura amadora que existia no futebol de Pernambuco; a profissionalização da gestão deu uma nova vida ao Náutico, de forma a ficar cravado como um período de renascimento do clube. </span></p>
<p><span style="font-weight: 400;">Nesses 4 anos foram 4 finais (3 campeonato pernambucanos com 2 títulos e 1 campeonato brasileiro da série C). Estadual (2018, 2021) Campeonato Brasileiro da Série C (2019)</span></p>
<p><span style="font-weight: 400;">O trabalho foi marcado por ter uma política de austeridade no clube, gastando de uma forma responsável, sem bancar custos que o clube não pode gastar. A torcida muitas vezes pressiona por reforços, mas a diretoria segue com o pé no chão, com o objetivo de diminuir as dívidas do clube e ainda seguir forte em busca dos objetivos.</span></p>
<p>[/et_pb_text][et_pb_text _builder_version=&#8221;4.14.2&#8243; _module_preset=&#8221;default&#8221; header_font=&#8221;|700|||||||&#8221; header_text_color=&#8221;#E02B20&#8243; custom_margin=&#8221;60px|||||&#8221; hover_enabled=&#8221;0&#8243; global_colors_info=&#8221;{}&#8221; sticky_enabled=&#8221;0&#8243; header_2_text_color=&#8221;#b5b5b5&#8243;]</p>
<h1>Gestão Edno Melo</h1>
<h2>Opinião do torcedor</h2>
<p>[/et_pb_text][/et_pb_column][/et_pb_row][et_pb_row column_structure=&#8221;1_3,2_3&#8243; _builder_version=&#8221;4.14.2&#8243; _module_preset=&#8221;default&#8221; width=&#8221;50%&#8221; border_width_bottom=&#8221;1px&#8221; border_color_bottom=&#8221;#E02B20&#8243; locked=&#8221;off&#8221; global_colors_info=&#8221;{}&#8221;][et_pb_column type=&#8221;1_3&#8243; _builder_version=&#8221;4.13.0&#8243; _module_preset=&#8221;default&#8221; global_colors_info=&#8221;{}&#8221;][et_pb_image src=&#8221;https://webjornalismo.unicap.br/nautico/wp-content/uploads/2021/12/leo-simoes2.jpg&#8221; alt=&#8221;Leonardo Peregrino e João Eduardo (pai)&#8221; title_text=&#8221;leo-simoes2&#8243; _builder_version=&#8221;4.14.2&#8243; _module_preset=&#8221;default&#8221; global_colors_info=&#8221;{}&#8221;][/et_pb_image][/et_pb_column][et_pb_column type=&#8221;2_3&#8243; _builder_version=&#8221;4.13.0&#8243; _module_preset=&#8221;default&#8221; global_colors_info=&#8221;{}&#8221;][et_pb_text _builder_version=&#8221;4.14.2&#8243; _module_preset=&#8221;default&#8221; text_font=&#8221;|800||on|||||&#8221; text_font_size=&#8221;22px&#8221; header_font=&#8221;|700||on|||||&#8221; header_text_color=&#8221;#E02B20&#8243; locked=&#8221;off&#8221; global_colors_info=&#8221;{}&#8221;]</p>
<p>Leonardo Simões</p>
<p>[/et_pb_text][et_pb_code _builder_version=&#8221;4.14.2&#8243; _module_preset=&#8221;default&#8221; global_colors_info=&#8221;{}&#8221;]<iframe loading="lazy" width="100%" height="166" scrolling="no" frameborder="no" allow="autoplay" src="https://w.soundcloud.com/player/?url=https%3A//api.soundcloud.com/tracks/1171412776&#038;color=%23ff0000&#038;auto_play=false&#038;hide_related=false&#038;show_comments=true&#038;show_user=true&#038;show_reposts=false&#038;show_teaser=true"></iframe></p>
<div style="font-size: 10px; color: #cccccc;line-break: anywhere;word-break: normal;overflow: hidden;white-space: nowrap;text-overflow: ellipsis; font-family: Interstate,Lucida Grande,Lucida Sans Unicode,Lucida Sans,Garuda,Verdana,Tahoma,sans-serif;font-weight: 100;"><a href="https://soundcloud.com/victor-tadeu-474289775" title="Victor Tadeu" target="_blank" style="color: #cccccc; text-decoration: none;" rel="noopener">Victor Tadeu</a> · <a href="https://soundcloud.com/victor-tadeu-474289775/leonardo-simoes-audio-nova" title="Leonardo Simões - Áudio Nova gestão" target="_blank" style="color: #cccccc; text-decoration: none;" rel="noopener">Leonardo Simões &#8211; Áudio Nova gestão</a></div>
<p>[/et_pb_code][/et_pb_column][/et_pb_row][et_pb_row column_structure=&#8221;1_3,2_3&#8243; _builder_version=&#8221;4.14.2&#8243; _module_preset=&#8221;default&#8221; width=&#8221;50%&#8221; border_width_bottom=&#8221;1px&#8221; border_color_bottom=&#8221;#E02B20&#8243; locked=&#8221;off&#8221; global_colors_info=&#8221;{}&#8221;][et_pb_column type=&#8221;1_3&#8243; _builder_version=&#8221;4.13.0&#8243; _module_preset=&#8221;default&#8221; global_colors_info=&#8221;{}&#8221;][et_pb_image src=&#8221;https://webjornalismo.unicap.br/nautico/wp-content/uploads/2021/12/Leonardo-Peregrino-joao.jpg&#8221; alt=&#8221;Leonardo Peregrino e João Eduardo (pai)&#8221; title_text=&#8221;Leonardo-Peregrino-joao&#8221; _builder_version=&#8221;4.14.2&#8243; _module_preset=&#8221;default&#8221; global_colors_info=&#8221;{}&#8221;][/et_pb_image][/et_pb_column][et_pb_column type=&#8221;2_3&#8243; _builder_version=&#8221;4.13.0&#8243; _module_preset=&#8221;default&#8221; global_colors_info=&#8221;{}&#8221;][et_pb_text _builder_version=&#8221;4.14.2&#8243; _module_preset=&#8221;default&#8221; text_font=&#8221;|800||on|||||&#8221; text_font_size=&#8221;22px&#8221; header_font=&#8221;|700||on|||||&#8221; header_text_color=&#8221;#E02B20&#8243; locked=&#8221;off&#8221; global_colors_info=&#8221;{}&#8221;]</p>
<p>Leonardo Peregrino</p>
<p>[/et_pb_text][et_pb_code _builder_version=&#8221;4.14.2&#8243; _module_preset=&#8221;default&#8221; global_colors_info=&#8221;{}&#8221;]<iframe loading="lazy" width="100%" height="166" scrolling="no" frameborder="no" allow="autoplay" src="https://w.soundcloud.com/player/?url=https%3A//api.soundcloud.com/tracks/1171413436&#038;color=%23ff0000&#038;auto_play=false&#038;hide_related=false&#038;show_comments=true&#038;show_user=true&#038;show_reposts=false&#038;show_teaser=true"></iframe></p>
<div style="font-size: 10px; color: #cccccc;line-break: anywhere;word-break: normal;overflow: hidden;white-space: nowrap;text-overflow: ellipsis; font-family: Interstate,Lucida Grande,Lucida Sans Unicode,Lucida Sans,Garuda,Verdana,Tahoma,sans-serif;font-weight: 100;"><a href="https://soundcloud.com/victor-tadeu-474289775" title="Victor Tadeu" target="_blank" style="color: #cccccc; text-decoration: none;" rel="noopener">Victor Tadeu</a> · <a href="https://soundcloud.com/victor-tadeu-474289775/leonardo-peregrino-audio-nova" title="Leonardo Peregrino - Áudio Nova Gestão" target="_blank" style="color: #cccccc; text-decoration: none;" rel="noopener">Leonardo Peregrino &#8211; Áudio Nova Gestão</a></div>
<p>[/et_pb_code][/et_pb_column][/et_pb_row][et_pb_row column_structure=&#8221;1_3,2_3&#8243; _builder_version=&#8221;4.14.2&#8243; _module_preset=&#8221;default&#8221; width=&#8221;50%&#8221; border_color_bottom=&#8221;#E02B20&#8243; locked=&#8221;off&#8221; global_colors_info=&#8221;{}&#8221;][et_pb_column type=&#8221;1_3&#8243; _builder_version=&#8221;4.13.0&#8243; _module_preset=&#8221;default&#8221; global_colors_info=&#8221;{}&#8221;][et_pb_image src=&#8221;https://webjornalismo.unicap.br/nautico/wp-content/uploads/2021/12/diego-araca2.jpg&#8221; alt=&#8221;Leonardo Peregrino e João Eduardo (pai)&#8221; title_text=&#8221;diego-araca2&#8243; _builder_version=&#8221;4.14.2&#8243; _module_preset=&#8221;default&#8221; global_colors_info=&#8221;{}&#8221;][/et_pb_image][/et_pb_column][et_pb_column type=&#8221;2_3&#8243; _builder_version=&#8221;4.13.0&#8243; _module_preset=&#8221;default&#8221; global_colors_info=&#8221;{}&#8221;][et_pb_text _builder_version=&#8221;4.14.2&#8243; _module_preset=&#8221;default&#8221; text_font=&#8221;|800||on|||||&#8221; text_font_size=&#8221;22px&#8221; header_font=&#8221;|700||on|||||&#8221; header_text_color=&#8221;#E02B20&#8243; locked=&#8221;off&#8221; global_colors_info=&#8221;{}&#8221;]</p>
<p>Diego Araçá</p>
<p>[/et_pb_text][et_pb_code _builder_version=&#8221;4.14.2&#8243; _module_preset=&#8221;default&#8221; global_colors_info=&#8221;{}&#8221;]<iframe loading="lazy" width="100%" height="166" scrolling="no" frameborder="no" allow="autoplay" src="https://w.soundcloud.com/player/?url=https%3A//api.soundcloud.com/tracks/1171413856&#038;color=%23ff0000&#038;auto_play=false&#038;hide_related=false&#038;show_comments=true&#038;show_user=true&#038;show_reposts=false&#038;show_teaser=true"></iframe></p>
<div style="font-size: 10px; color: #cccccc;line-break: anywhere;word-break: normal;overflow: hidden;white-space: nowrap;text-overflow: ellipsis; font-family: Interstate,Lucida Grande,Lucida Sans Unicode,Lucida Sans,Garuda,Verdana,Tahoma,sans-serif;font-weight: 100;"><a href="https://soundcloud.com/victor-tadeu-474289775" title="Victor Tadeu" target="_blank" style="color: #cccccc; text-decoration: none;" rel="noopener">Victor Tadeu</a> · <a href="https://soundcloud.com/victor-tadeu-474289775/diego-araca-audio-nova-gestao" title="Diego Araçá- Áudio Nova gestão" target="_blank" style="color: #cccccc; text-decoration: none;" rel="noopener">Diego Araçá- Áudio Nova gestão</a></div>
<p>[/et_pb_code][/et_pb_column][/et_pb_row][/et_pb_section]</p>

<p>Nova gestãoA gestão do presidente Edno Melo e do vice-presidente Diógenes Braga foi marcada pelo rompimento com a cultura amadora que existia no futebol de Pernambuco; a profissionalização da gestão deu uma nova vida ao Náutico, de forma a ficar cravado como um período de renascimento do clube.  Nesses 4 anos foram 4 finais (3 [&hellip;]</p>
