{"id":198,"date":"2021-11-11T19:54:43","date_gmt":"2021-11-11T22:54:43","guid":{"rendered":"https:\/\/webjornalismo.unicap.br\/nautico\/?page_id=198"},"modified":"2021-12-06T16:03:05","modified_gmt":"2021-12-06T19:03:05","slug":"2021-2","status":"publish","type":"page","link":"https:\/\/webjornalismo.unicap.br\/nautico\/2021-2\/","title":{"rendered":"2021"},"content":{"rendered":"<p>[et_pb_section fb_built=&#8221;1&#8243; _builder_version=&#8221;4.13.0&#8243; _module_preset=&#8221;default&#8221; global_colors_info=&#8221;{}&#8221;][et_pb_row _builder_version=&#8221;4.13.0&#8243; _module_preset=&#8221;default&#8221; width=&#8221;50%&#8221; module_alignment=&#8221;center&#8221; global_colors_info=&#8221;{}&#8221;][et_pb_column type=&#8221;4_4&#8243; _builder_version=&#8221;4.13.0&#8243; _module_preset=&#8221;default&#8221; global_colors_info=&#8221;{}&#8221;][et_pb_text _builder_version=&#8221;4.14.1&#8243; _module_preset=&#8221;default&#8221; header_font=&#8221;|700|||||||&#8221; header_text_color=&#8221;#E02B20&#8243; header_font_size=&#8221;50px&#8221; header_2_text_color=&#8221;#E02B20&#8243; global_colors_info=&#8221;{}&#8221;]<\/p>\n<h1>2021<\/h1>\n<h2>Alegrias, frustra\u00e7\u00f5es e decep\u00e7\u00f5es<\/h2>\n<p>[\/et_pb_text][et_pb_text _builder_version=&#8221;4.14.1&#8243; _module_preset=&#8221;default&#8221; text_font=&#8221;|300|||||||&#8221; global_colors_info=&#8221;{}&#8221;]<\/p>\n<p><span style=\"font-weight: 400;\">O ano de 2021 poderia ter sido um dos maiores anos da hist\u00f3ria do clube e ao final terminou sendo marcado por alegrias, mas tamb\u00e9m por grandes frustra\u00e7\u00f5es. O N\u00e1utico come\u00e7ou bem o per\u00edodo conquistando o seu 23\u00b0 t\u00edtulo estadual, s\u00f3 que a decep\u00e7\u00e3o foi enorme com o melhor in\u00edcio de competi\u00e7\u00e3o, tendo ficado por bastante tempo liderando a s\u00e9rie B. Gerou-se muita expectativa em torno de um poss\u00edvel acesso \u00e0 primeira divis\u00e3o do campeonato brasileiro, que acabou n\u00e3o acontecendo.<\/span><\/p>\n<p><span style=\"font-weight: 400;\">No primeiro semestre o alvirrubro se classificou para a final do campeonato pernambucano, para enfrentar o seu rival Sport. Faziam 53 anos que o rubro negro n\u00e3o perdia uma final para o N\u00e1utico. Desde o ano de 1968 haviam sido 13 finais vencidas pelo le\u00e3o. Na decis\u00e3o no est\u00e1dio dos Aflitos, o alvirrubro levou a melhor na decis\u00e3o por p\u00eanaltis.\u00a0\u00a0<\/span><\/p>\n<p><span style=\"font-weight: 400;\">O time que foi campe\u00e3o estadual, apresentou um futebol dos mais bonitos de ver no pa\u00eds, conquistou muitas vit\u00f3rias, muitas partidas ganhando de goleada, ficou invicto durante um longo tempo e, chegando ao ponto de ser chamado at\u00e9 de timbat\u00edvel.\u00a0<\/span><\/p>\n<p><b>Luta pelo acesso &#8211; <\/b><span style=\"font-weight: 400;\">\u00c0s sequ\u00eancias incr\u00edveis levaram o N\u00e1utico a fazer hist\u00f3ria, superando um recorde da s\u00e9rie B. Chegando a 14 jogos de invencibilidade na segunda divis\u00e3o nos pontos corridos.<\/span> <span style=\"font-weight: 400;\">Mas se havia algo que sempre deixou um clima de tens\u00e3o entre parte da torcida com a gest\u00e3o, era pela falta de refor\u00e7os. Desde o estadual j\u00e1 se cobrava que fossem em busca de contrata\u00e7\u00f5es.\u00a0\u00a0<\/span><\/p>\n<p><span style=\"font-weight: 400;\">E sobre a falta de contrata\u00e7\u00f5es do clube que foi t\u00e3o criticada pela imprensa e opini\u00e3o p\u00fablica, o vice-presidente Di\u00f3genes Braga fala: \u201cO que acontece \u00e9 que n\u00e3o cont\u00e1vamos de ter perdas muito importantes do time em um momento que o mercado estava completamente fechado. Se as perdas que n\u00f3s tivemos tivesse ocorrido num momento em que o mercado estivesse convidativo, as contrata\u00e7\u00f5es como agora na reta final, a gente teria conseguido repor\u201c.\u00a0<\/span><\/p>\n<p><span style=\"font-weight: 400;\">Como vinha fazendo uma grande campanha, naturalmente os jogadores come\u00e7aram a chamar a aten\u00e7\u00e3o, e o clube come\u00e7ou a sofrer com sa\u00eddas de alguns atletas. Les\u00f5es tamb\u00e9m acabaram prejudicando o grupo, e o elenco campe\u00e3o come\u00e7ava a sofrer um desmanche e cair de desempenho. Naturalmente cheio de desfalques, o N\u00e1utico levou um duro golpe e come\u00e7ou a perder muitos jogos, com a press\u00e3o aumentando<\/span> <span style=\"font-weight: 400;\">mesmo com o clube no G4. O alvirrubro perdeu 5 partidas seguidas e o t\u00e9cnico H\u00e9lio Dos Anjos pediu para sair.\u00a0\u00a0<\/span><\/p>\n<p><span style=\"font-weight: 400;\">Para o cargo foi anunciado Marcelo Chamusca, que com uma vit\u00f3ria em seis jogos durou apenas um m\u00eas no clube, venceu a primeira partida contra o CSA e parecia que o clube ia voltar a brigar para subir, mas logo retornou a sequ\u00eancia de resultados ruins. E para o seu lugar foi anunciado o pr\u00f3prio H\u00e9lio Dos Anjos, a diretoria aceitou o pedido dos pr\u00f3prios jogadores e trouxe o antigo t\u00e9cnico de volta.<\/span><\/p>\n<p><span style=\"font-weight: 400;\">Na volta de H\u00e9lio, o N\u00e1utico chegou a voltar a pensar no sonho do acesso, ap\u00f3s tr\u00eas vit\u00f3rias consecutivas, diante de Oper\u00e1rio, Goi\u00e1s e Ponte Preta. Mas trope\u00e7os acabaram deixando o acesso ficar mais distante. O clube perdeu as chances matem\u00e1ticas de classifica\u00e7\u00e3o faltando dois jogos para o campeonato acabar.<\/span><\/p>\n<p><span style=\"font-weight: 400;\">Sobre o ano de 2021 do clube, o ex jogador Acosta afirmou: &#8220;Foi um ano bom, foi campe\u00e3o estadual, s\u00f3 que na s\u00e9rie B, \u00e9 um torneio muito longo e tem que ter plantel e o N\u00e1utico s\u00f3 tinha uns 13 jogadores de alto n\u00edvel e quando sa\u00eda algum titular, n\u00e3o era a mesma coisa\u00b4\u00b4.<\/span><\/p>\n<p><span style=\"font-weight: 400;\">J\u00e1 o jornalista Renato Barros faz uma an\u00e1lise o 2021 do clube: \u201cO torcedor inevitavelmente fica com o sentimento de frustra\u00e7\u00e3o, um acesso que vinha bem encaminhado, n\u00e3o vai acontecer. mas h\u00e1 raz\u00f5es, para que se o clube seguir nesse caminho como nos \u00faltimos anos, acreditar que o sonho do acesso est\u00e1 mais pr\u00f3ximo de se concretizar\u201c.<\/span><\/p>\n<p><span style=\"font-weight: 400;\">J\u00e1 no fim do ano aconteceu uma den\u00fancia de ass\u00e9dio sexual e moral feito por Tatiana Roma, ex diretora do N\u00e1utico contra o superintendente financeiro Errison Melo. Ap\u00f3s o epis\u00f3dio vazar e virar not\u00edcia na m\u00eddia nacional, o agressor suspeito foi desligado do clube.\u00a0<\/span><\/p>\n<p><span style=\"font-weight: 400;\">Esse poderia ter sido o maior ano da hist\u00f3ria do clube, por ganhar um t\u00edtulo em cima do maior rival, pelo acesso \u00e0 elite do futebol nacional que era o grande sonho do clube, por\u00e9m o torcedor acaba finalizando o ano de 2021 com um sentimento de frustra\u00e7\u00e3o, por tudo o que aconteceu para no final n\u00e3o ter alcan\u00e7ado os objetivos.<\/span><\/p>\n<p>[\/et_pb_text][\/et_pb_column][\/et_pb_row][et_pb_row _builder_version=&#8221;4.13.0&#8243; _module_preset=&#8221;default&#8221; width=&#8221;50%&#8221; module_alignment=&#8221;center&#8221; locked=&#8221;off&#8221; global_colors_info=&#8221;{}&#8221;][et_pb_column type=&#8221;4_4&#8243; _builder_version=&#8221;4.13.0&#8243; _module_preset=&#8221;default&#8221; global_colors_info=&#8221;{}&#8221;][et_pb_text _builder_version=&#8221;4.14.2&#8243; _module_preset=&#8221;default&#8221; text_font=&#8221;|800||on|||||&#8221; text_font_size=&#8221;22px&#8221; header_font=&#8221;|700||on|||||&#8221; header_text_color=&#8221;#E02B20&#8243; hover_enabled=&#8221;0&#8243; locked=&#8221;off&#8221; global_colors_info=&#8221;{}&#8221; sticky_enabled=&#8221;0&#8243;]<\/p>\n<p>Leonardo Sim\u00f5es : A volta dos torcedores aos est\u00e1dios<\/p>\n<p>[\/et_pb_text][et_pb_video src=&#8221;https:\/\/youtu.be\/gmOiBYoX-qw&#8221; _builder_version=&#8221;4.14.1&#8243; _module_preset=&#8221;default&#8221; custom_margin=&#8221;||20px||false|false&#8221; locked=&#8221;off&#8221; global_colors_info=&#8221;{}&#8221;][\/et_pb_video][et_pb_text _builder_version=&#8221;4.14.1&#8243; _module_preset=&#8221;default&#8221; text_font=&#8221;|300|||||||&#8221; text_font_size=&#8221;13px&#8221; text_line_height=&#8221;1.4em&#8221; header_font=&#8221;|700||on|||||&#8221; header_text_color=&#8221;#E02B20&#8243; locked=&#8221;off&#8221; global_colors_info=&#8221;{}&#8221;]<\/p>\n<p>2021 foi o ano em que o p\u00fablico foi liberado a voltar aos est\u00e1dios, que vinham acontecendo sem jogos devido a pandemia do coronav\u00edrus. Acompanhe nesse v\u00eddeo do torcedor Leonardo Sim\u00f5es, a sua emo\u00e7\u00e3o da volta aos est\u00e1dios.<\/p>\n<p>[\/et_pb_text][\/et_pb_column][\/et_pb_row][et_pb_row column_structure=&#8221;1_2,1_2&#8243; _builder_version=&#8221;4.14.1&#8243; _module_preset=&#8221;default&#8221; width=&#8221;50%&#8221; locked=&#8221;off&#8221; global_colors_info=&#8221;{}&#8221;][et_pb_column type=&#8221;1_2&#8243; _builder_version=&#8221;4.14.1&#8243; _module_preset=&#8221;default&#8221; global_colors_info=&#8221;{}&#8221;][et_pb_text _builder_version=&#8221;4.14.1&#8243; _module_preset=&#8221;default&#8221; global_colors_info=&#8221;{}&#8221;]<a href=\"https:\/\/webjornalismo.unicap.br\/nautico\/2020-2\/\">&lt;&lt; 2020<\/a>[\/et_pb_text][\/et_pb_column][et_pb_column type=&#8221;1_2&#8243; _builder_version=&#8221;4.14.1&#8243; _module_preset=&#8221;default&#8221; global_colors_info=&#8221;{}&#8221;][\/et_pb_column][\/et_pb_row][\/et_pb_section]<\/p>\n","protected":false},"excerpt":{"rendered":"<p>2021 Alegrias, frustra\u00e7\u00f5es e decep\u00e7\u00f5esO ano de 2021 poderia ter sido um dos maiores anos da hist\u00f3ria do clube e ao final terminou sendo marcado por alegrias, mas tamb\u00e9m por grandes frustra\u00e7\u00f5es. O N\u00e1utico come\u00e7ou bem o per\u00edodo conquistando o seu 23\u00b0 t\u00edtulo estadual, s\u00f3 que a decep\u00e7\u00e3o foi enorme com o melhor in\u00edcio de [&hellip;]<\/p>\n","protected":false},"author":1,"featured_media":0,"parent":0,"menu_order":0,"comment_status":"closed","ping_status":"closed","template":"","meta":{"_et_pb_use_builder":"on","_et_pb_old_content":"","_et_gb_content_width":""},"_links":{"self":[{"href":"https:\/\/webjornalismo.unicap.br\/nautico\/wp-json\/wp\/v2\/pages\/198"}],"collection":[{"href":"https:\/\/webjornalismo.unicap.br\/nautico\/wp-json\/wp\/v2\/pages"}],"about":[{"href":"https:\/\/webjornalismo.unicap.br\/nautico\/wp-json\/wp\/v2\/types\/page"}],"author":[{"embeddable":true,"href":"https:\/\/webjornalismo.unicap.br\/nautico\/wp-json\/wp\/v2\/users\/1"}],"replies":[{"embeddable":true,"href":"https:\/\/webjornalismo.unicap.br\/nautico\/wp-json\/wp\/v2\/comments?post=198"}],"version-history":[{"count":9,"href":"https:\/\/webjornalismo.unicap.br\/nautico\/wp-json\/wp\/v2\/pages\/198\/revisions"}],"predecessor-version":[{"id":403,"href":"https:\/\/webjornalismo.unicap.br\/nautico\/wp-json\/wp\/v2\/pages\/198\/revisions\/403"}],"wp:attachment":[{"href":"https:\/\/webjornalismo.unicap.br\/nautico\/wp-json\/wp\/v2\/media?parent=198"}],"curies":[{"name":"wp","href":"https:\/\/api.w.org\/{rel}","templated":true}]}}