{"id":189,"date":"2021-11-11T19:46:46","date_gmt":"2021-11-11T22:46:46","guid":{"rendered":"https:\/\/webjornalismo.unicap.br\/nautico\/?page_id=189"},"modified":"2021-12-01T19:04:40","modified_gmt":"2021-12-01T22:04:40","slug":"2019-2","status":"publish","type":"page","link":"https:\/\/webjornalismo.unicap.br\/nautico\/2019-2\/","title":{"rendered":"2019"},"content":{"rendered":"<p>[et_pb_section fb_built=&#8221;1&#8243; _builder_version=&#8221;4.13.0&#8243; _module_preset=&#8221;default&#8221; global_colors_info=&#8221;{}&#8221;][et_pb_row _builder_version=&#8221;4.13.0&#8243; _module_preset=&#8221;default&#8221; width=&#8221;50%&#8221; module_alignment=&#8221;center&#8221; global_colors_info=&#8221;{}&#8221;][et_pb_column type=&#8221;4_4&#8243; _builder_version=&#8221;4.13.0&#8243; _module_preset=&#8221;default&#8221; global_colors_info=&#8221;{}&#8221;][et_pb_text _builder_version=&#8221;4.14.1&#8243; _module_preset=&#8221;default&#8221; header_font=&#8221;|700|||||||&#8221; header_text_color=&#8221;#E02B20&#8243; header_font_size=&#8221;50px&#8221; header_2_text_color=&#8221;#E02B20&#8243; global_colors_info=&#8221;{}&#8221;]<\/p>\n<h1>2019<\/h1>\n<h2>O hist\u00f3rico acesso nos p\u00eanaltis<\/h2>\n<p>[\/et_pb_text][et_pb_text _builder_version=&#8221;4.14.1&#8243; _module_preset=&#8221;default&#8221; text_font=&#8221;|300|||||||&#8221; global_colors_info=&#8221;{}&#8221;]<\/p>\n<p><span style=\"font-weight: 400;\">O ano de 2019 foi um ano bem especial para o torcedor; voltar a assistir aos jogos no est\u00e1dio dos Aflitos semanalmente era motivo de muita alegria. E, al\u00e9m disso, no segundo semestre veio o desejado acesso da s\u00e9rie C para a s\u00e9rie B. Em um jogo dram\u00e1tico, o N\u00e1utico come\u00e7ou a partida saindo atr\u00e1s no placar, perdendo para o Paysandu por 2 x 0. E somente nos \u00faltimos minutos do segundo tempo conseguiu empatar no \u00faltimo minuto.\u00a0<\/span><\/p>\n<p><span style=\"font-weight: 400;\">O clube chegou embalado para ganhar na final do campeonato estadual contra o Sport, por\u00e9m acabou deixando escapar o t\u00edtulo. Em um jogo controverso por causa da arbitragem, que expulsou dois jogadores de cada equipe, o N\u00e1utico perdeu o campeonato nos p\u00eanaltis para o time rubro-negro.<\/span> <span style=\"font-weight: 400;\">O N\u00e1utico fez sua melhor campanha na hist\u00f3ria recente da Copa do Nordeste, fazendo um jogo hist\u00f3rico com o Cear\u00e1 no Castel\u00e3o vencendo por 2 x 0 e chegando na semifinal contra o Botafogo da Para\u00edba. O clube chegou a partida com oito desfalques e fez um jogo competitivo contra os paraibanos, perdendo com uma falha do goleiro Bruno.<\/span><\/p>\n<p><span style=\"font-weight: 400;\">O acesso \u00e0 s\u00e9rie B foi conquistado em um jogo no Est\u00e1dio dos Aflitos no dia 8 de setembro de 2019 contra o Paysandu, decidido nos p\u00eanaltis. Tudo que envolveu aquele jogo, o p\u00eanalti pol\u00eamico marcado no \u00faltimo minuto gerando uma discuss\u00e3o se havia sido ou n\u00e3o um p\u00eanalti. A bela festa com a invas\u00e3o de campo da torcida, acabou ganhando repercuss\u00e3o em todo o pa\u00eds. O N\u00e1utico estava de volta.<\/span><span style=\"font-weight: 400;\"> <\/span><\/p>\n<p>[\/et_pb_text][\/et_pb_column][\/et_pb_row][et_pb_row _builder_version=&#8221;4.13.0&#8243; _module_preset=&#8221;default&#8221; width=&#8221;50%&#8221; module_alignment=&#8221;center&#8221; locked=&#8221;off&#8221; global_colors_info=&#8221;{}&#8221;][et_pb_column type=&#8221;4_4&#8243; _builder_version=&#8221;4.13.0&#8243; _module_preset=&#8221;default&#8221; global_colors_info=&#8221;{}&#8221;][et_pb_text _builder_version=&#8221;4.14.1&#8243; _module_preset=&#8221;default&#8221; text_font=&#8221;|800||on|||||&#8221; text_font_size=&#8221;22px&#8221; header_font=&#8221;|700||on|||||&#8221; header_text_color=&#8221;#E02B20&#8243; hover_enabled=&#8221;0&#8243; locked=&#8221;off&#8221; global_colors_info=&#8221;{}&#8221; sticky_enabled=&#8221;0&#8243;]Aroldo Costa &#8211; Acesso 2019[\/et_pb_text][et_pb_video src=&#8221;https:\/\/youtu.be\/jprtnzSfKTM&#8221; _builder_version=&#8221;4.14.1&#8243; _module_preset=&#8221;default&#8221; custom_margin=&#8221;||20px||false|false&#8221; hover_enabled=&#8221;0&#8243; locked=&#8221;off&#8221; global_colors_info=&#8221;{}&#8221; sticky_enabled=&#8221;0&#8243;][\/et_pb_video][et_pb_text _builder_version=&#8221;4.14.1&#8243; _module_preset=&#8221;default&#8221; text_font=&#8221;|300|||||||&#8221; text_font_size=&#8221;13px&#8221; text_line_height=&#8221;1.4em&#8221; header_font=&#8221;|700||on|||||&#8221; header_text_color=&#8221;#E02B20&#8243; hover_enabled=&#8221;0&#8243; locked=&#8221;off&#8221; global_colors_info=&#8221;{}&#8221; sticky_enabled=&#8221;0&#8243;]Acesso 2019 &#8211; O jornalista da R\u00e1dio Jornal, Aroldo Costa comenta fazendo uma \u00e1nalise das suas impress\u00f5es sobre o ano do N\u00e1utico em 2021.[\/et_pb_text][\/et_pb_column][\/et_pb_row][et_pb_row _builder_version=&#8221;4.13.0&#8243; _module_preset=&#8221;default&#8221; width=&#8221;50%&#8221; module_alignment=&#8221;center&#8221; global_colors_info=&#8221;{}&#8221;][et_pb_column type=&#8221;4_4&#8243; _builder_version=&#8221;4.13.0&#8243; _module_preset=&#8221;default&#8221; global_colors_info=&#8221;{}&#8221;][et_pb_text _builder_version=&#8221;4.14.1&#8243; _module_preset=&#8221;default&#8221; text_font=&#8221;|300|||||||&#8221; global_colors_info=&#8221;{}&#8221;]<\/p>\n<p><b>Acesso &#8211; <\/b><span style=\"font-weight: 400;\">Ap\u00f3s conquistar o acesso, o clube ainda tinha um objetivo para disputar que era buscar o t\u00edtulo do campeonato. O N\u00e1utico ainda precisava passar pelo Juventude para disputar uma final de Campeonato Brasileiro. O timbu perdeu o primeiro jogo no Rio Grande do Sul por 2 x 1. J\u00e1 no segundo jogo, em Recife, repetiu o placar vencendo por 2 x 1, e mais uma vez n\u00e3o faltou emo\u00e7\u00e3o. A hist\u00f3ria colocou os p\u00eanaltis novamente no caminho do timbu que novamente brilhou.<\/span><\/p>\n<p><span style=\"font-weight: 400;\">Sobre o jogo do acesso contra o Paysandu , o \u00eddolo do clube Kuki fala: \u201cO jogo do Paysandu foi uma partida de supera\u00e7\u00e3o onde n\u00e3o jogamos bem e o gol de \u00c1lvaro foi essencial para o come\u00e7o da virada de panorama, que passou pelo gol de Jean, as defesas de Jefferson e as cobran\u00e7as perfeitas de p\u00eanalti, que decretaram a volta do N\u00e1utico a s\u00e9rie B.\u201c<\/span><\/p>\n<p><span style=\"font-weight: 400;\">O vice-presidente Di\u00f3genes Braga relembra da repercuss\u00e3o nacional ap\u00f3s o jogo contra o Paysandu: \u201cOs Aflitos se tornou um est\u00e1dio com uma hist\u00f3ria muito interessante, muita gente diz que \u00e9 o est\u00e1dio mais raiz do Brasil, principalmente depois daquele jogo com o Paysandu\u201c.\u00a0<\/span><\/p>\n<p><span style=\"font-weight: 400;\">O jornalista Aroldo Costa refor\u00e7a o quanto aquele jogo nos Aflitos foi\u00a0 inesquec\u00edvel, e cita como um dos mais especiais de sua carreira: \u201cN\u00e1utico e Paysandu \u00e9 um dos jogos mais emocionantes da hist\u00f3ria do futebol pernambucano e que eu transmiti\u201c.<\/span><\/p>\n<p><span style=\"font-weight: 400;\">O torcedor do N\u00e1utico sempre vai lembrar-se de 2019 e do acesso para a s\u00e9rie B com carinho. Com destaque para, as defesas de Jefferson nos p\u00eanaltis, dos gols de Matheus Carvalho que levaram o N\u00e1utico para a s\u00e9rie B e para o seu primeiro t\u00edtulo nacional, do gol de fora da \u00e1rea de Jean Carlos contra o Santa Cruz. E muito devido ao jogo hist\u00f3rico do acesso contra o Paysandu, simbolizando no final o renascimento do clube, voltando a disputar as competi\u00e7\u00f5es mais importantes do cen\u00e1rio nacional e com o clube de volta a ser manchete nos jornais de uma forma positiva. <\/span><\/p>\n<p>[\/et_pb_text][\/et_pb_column][\/et_pb_row][et_pb_row column_structure=&#8221;1_2,1_2&#8243; _builder_version=&#8221;4.14.1&#8243; _module_preset=&#8221;default&#8221; width=&#8221;50%&#8221; locked=&#8221;off&#8221; global_colors_info=&#8221;{}&#8221;][et_pb_column type=&#8221;1_2&#8243; _builder_version=&#8221;4.14.1&#8243; _module_preset=&#8221;default&#8221; global_colors_info=&#8221;{}&#8221;][et_pb_text _builder_version=&#8221;4.14.1&#8243; _module_preset=&#8221;default&#8221; global_colors_info=&#8221;{}&#8221;]<a href=\"https:\/\/webjornalismo.unicap.br\/nautico\/2018-2\/\">&lt;&lt; 2018<\/a>[\/et_pb_text][\/et_pb_column][et_pb_column type=&#8221;1_2&#8243; _builder_version=&#8221;4.14.1&#8243; _module_preset=&#8221;default&#8221; global_colors_info=&#8221;{}&#8221;][et_pb_text _builder_version=&#8221;4.14.1&#8243; _module_preset=&#8221;default&#8221; text_orientation=&#8221;right&#8221; global_colors_info=&#8221;{}&#8221;]<a href=\"https:\/\/webjornalismo.unicap.br\/nautico\/2020-2\/\">2020 &gt;&gt;<\/a>[\/et_pb_text][\/et_pb_column][\/et_pb_row][\/et_pb_section]<\/p>\n","protected":false},"excerpt":{"rendered":"<p>2019 O hist\u00f3rico acesso nos p\u00eanaltisO ano de 2019 foi um ano bem especial para o torcedor; voltar a assistir aos jogos no est\u00e1dio dos Aflitos semanalmente era motivo de muita alegria. E, al\u00e9m disso, no segundo semestre veio o desejado acesso da s\u00e9rie C para a s\u00e9rie B. Em um jogo dram\u00e1tico, o N\u00e1utico [&hellip;]<\/p>\n","protected":false},"author":1,"featured_media":0,"parent":0,"menu_order":0,"comment_status":"closed","ping_status":"closed","template":"","meta":{"_et_pb_use_builder":"on","_et_pb_old_content":"","_et_gb_content_width":""},"_links":{"self":[{"href":"https:\/\/webjornalismo.unicap.br\/nautico\/wp-json\/wp\/v2\/pages\/189"}],"collection":[{"href":"https:\/\/webjornalismo.unicap.br\/nautico\/wp-json\/wp\/v2\/pages"}],"about":[{"href":"https:\/\/webjornalismo.unicap.br\/nautico\/wp-json\/wp\/v2\/types\/page"}],"author":[{"embeddable":true,"href":"https:\/\/webjornalismo.unicap.br\/nautico\/wp-json\/wp\/v2\/users\/1"}],"replies":[{"embeddable":true,"href":"https:\/\/webjornalismo.unicap.br\/nautico\/wp-json\/wp\/v2\/comments?post=189"}],"version-history":[{"count":6,"href":"https:\/\/webjornalismo.unicap.br\/nautico\/wp-json\/wp\/v2\/pages\/189\/revisions"}],"predecessor-version":[{"id":355,"href":"https:\/\/webjornalismo.unicap.br\/nautico\/wp-json\/wp\/v2\/pages\/189\/revisions\/355"}],"wp:attachment":[{"href":"https:\/\/webjornalismo.unicap.br\/nautico\/wp-json\/wp\/v2\/media?parent=189"}],"curies":[{"name":"wp","href":"https:\/\/api.w.org\/{rel}","templated":true}]}}

<p>[et_pb_section fb_built=&#8221;1&#8243; _builder_version=&#8221;4.13.0&#8243; _module_preset=&#8221;default&#8221; global_colors_info=&#8221;{}&#8221;][et_pb_row _builder_version=&#8221;4.13.0&#8243; _module_preset=&#8221;default&#8221; width=&#8221;50%&#8221; module_alignment=&#8221;center&#8221; global_colors_info=&#8221;{}&#8221;][et_pb_column type=&#8221;4_4&#8243; _builder_version=&#8221;4.13.0&#8243; _module_preset=&#8221;default&#8221; global_colors_info=&#8221;{}&#8221;][et_pb_text _builder_version=&#8221;4.14.1&#8243; _module_preset=&#8221;default&#8221; header_font=&#8221;|700|||||||&#8221; header_text_color=&#8221;#E02B20&#8243; header_font_size=&#8221;50px&#8221; header_2_text_color=&#8221;#E02B20&#8243; global_colors_info=&#8221;{}&#8221;]</p>
<h1>2019</h1>
<h2>O histórico acesso nos pênaltis</h2>
<p>[/et_pb_text][et_pb_text _builder_version=&#8221;4.14.1&#8243; _module_preset=&#8221;default&#8221; text_font=&#8221;|300|||||||&#8221; global_colors_info=&#8221;{}&#8221;]</p>
<p><span style="font-weight: 400;">O ano de 2019 foi um ano bem especial para o torcedor; voltar a assistir aos jogos no estádio dos Aflitos semanalmente era motivo de muita alegria. E, além disso, no segundo semestre veio o desejado acesso da série C para a série B. Em um jogo dramático, o Náutico começou a partida saindo atrás no placar, perdendo para o Paysandu por 2 x 0. E somente nos últimos minutos do segundo tempo conseguiu empatar no último minuto. </span></p>
<p><span style="font-weight: 400;">O clube chegou embalado para ganhar na final do campeonato estadual contra o Sport, porém acabou deixando escapar o título. Em um jogo controverso por causa da arbitragem, que expulsou dois jogadores de cada equipe, o Náutico perdeu o campeonato nos pênaltis para o time rubro-negro.</span> <span style="font-weight: 400;">O Náutico fez sua melhor campanha na história recente da Copa do Nordeste, fazendo um jogo histórico com o Ceará no Castelão vencendo por 2 x 0 e chegando na semifinal contra o Botafogo da Paraíba. O clube chegou a partida com oito desfalques e fez um jogo competitivo contra os paraibanos, perdendo com uma falha do goleiro Bruno.</span></p>
<p><span style="font-weight: 400;">O acesso à série B foi conquistado em um jogo no Estádio dos Aflitos no dia 8 de setembro de 2019 contra o Paysandu, decidido nos pênaltis. Tudo que envolveu aquele jogo, o pênalti polêmico marcado no último minuto gerando uma discussão se havia sido ou não um pênalti. A bela festa com a invasão de campo da torcida, acabou ganhando repercussão em todo o país. O Náutico estava de volta.</span><span style="font-weight: 400;"> </span></p>
<p>[/et_pb_text][/et_pb_column][/et_pb_row][et_pb_row _builder_version=&#8221;4.13.0&#8243; _module_preset=&#8221;default&#8221; width=&#8221;50%&#8221; module_alignment=&#8221;center&#8221; locked=&#8221;off&#8221; global_colors_info=&#8221;{}&#8221;][et_pb_column type=&#8221;4_4&#8243; _builder_version=&#8221;4.13.0&#8243; _module_preset=&#8221;default&#8221; global_colors_info=&#8221;{}&#8221;][et_pb_text _builder_version=&#8221;4.14.1&#8243; _module_preset=&#8221;default&#8221; text_font=&#8221;|800||on|||||&#8221; text_font_size=&#8221;22px&#8221; header_font=&#8221;|700||on|||||&#8221; header_text_color=&#8221;#E02B20&#8243; hover_enabled=&#8221;0&#8243; locked=&#8221;off&#8221; global_colors_info=&#8221;{}&#8221; sticky_enabled=&#8221;0&#8243;]Aroldo Costa &#8211; Acesso 2019[/et_pb_text][et_pb_video src=&#8221;https://youtu.be/jprtnzSfKTM&#8221; _builder_version=&#8221;4.14.1&#8243; _module_preset=&#8221;default&#8221; custom_margin=&#8221;||20px||false|false&#8221; hover_enabled=&#8221;0&#8243; locked=&#8221;off&#8221; global_colors_info=&#8221;{}&#8221; sticky_enabled=&#8221;0&#8243;][/et_pb_video][et_pb_text _builder_version=&#8221;4.14.1&#8243; _module_preset=&#8221;default&#8221; text_font=&#8221;|300|||||||&#8221; text_font_size=&#8221;13px&#8221; text_line_height=&#8221;1.4em&#8221; header_font=&#8221;|700||on|||||&#8221; header_text_color=&#8221;#E02B20&#8243; hover_enabled=&#8221;0&#8243; locked=&#8221;off&#8221; global_colors_info=&#8221;{}&#8221; sticky_enabled=&#8221;0&#8243;]Acesso 2019 &#8211; O jornalista da Rádio Jornal, Aroldo Costa comenta fazendo uma ánalise das suas impressões sobre o ano do Náutico em 2021.[/et_pb_text][/et_pb_column][/et_pb_row][et_pb_row _builder_version=&#8221;4.13.0&#8243; _module_preset=&#8221;default&#8221; width=&#8221;50%&#8221; module_alignment=&#8221;center&#8221; global_colors_info=&#8221;{}&#8221;][et_pb_column type=&#8221;4_4&#8243; _builder_version=&#8221;4.13.0&#8243; _module_preset=&#8221;default&#8221; global_colors_info=&#8221;{}&#8221;][et_pb_text _builder_version=&#8221;4.14.1&#8243; _module_preset=&#8221;default&#8221; text_font=&#8221;|300|||||||&#8221; global_colors_info=&#8221;{}&#8221;]</p>
<p><b>Acesso &#8211; </b><span style="font-weight: 400;">Após conquistar o acesso, o clube ainda tinha um objetivo para disputar que era buscar o título do campeonato. O Náutico ainda precisava passar pelo Juventude para disputar uma final de Campeonato Brasileiro. O timbu perdeu o primeiro jogo no Rio Grande do Sul por 2 x 1. Já no segundo jogo, em Recife, repetiu o placar vencendo por 2 x 1, e mais uma vez não faltou emoção. A história colocou os pênaltis novamente no caminho do timbu que novamente brilhou.</span></p>
<p><span style="font-weight: 400;">Sobre o jogo do acesso contra o Paysandu , o ídolo do clube Kuki fala: “O jogo do Paysandu foi uma partida de superação onde não jogamos bem e o gol de Álvaro foi essencial para o começo da virada de panorama, que passou pelo gol de Jean, as defesas de Jefferson e as cobranças perfeitas de pênalti, que decretaram a volta do Náutico a série B.“</span></p>
<p><span style="font-weight: 400;">O vice-presidente Diógenes Braga relembra da repercussão nacional após o jogo contra o Paysandu: “Os Aflitos se tornou um estádio com uma história muito interessante, muita gente diz que é o estádio mais raiz do Brasil, principalmente depois daquele jogo com o Paysandu“. </span></p>
<p><span style="font-weight: 400;">O jornalista Aroldo Costa reforça o quanto aquele jogo nos Aflitos foi  inesquecível, e cita como um dos mais especiais de sua carreira: “Náutico e Paysandu é um dos jogos mais emocionantes da história do futebol pernambucano e que eu transmiti“.</span></p>
<p><span style="font-weight: 400;">O torcedor do Náutico sempre vai lembrar-se de 2019 e do acesso para a série B com carinho. Com destaque para, as defesas de Jefferson nos pênaltis, dos gols de Matheus Carvalho que levaram o Náutico para a série B e para o seu primeiro título nacional, do gol de fora da área de Jean Carlos contra o Santa Cruz. E muito devido ao jogo histórico do acesso contra o Paysandu, simbolizando no final o renascimento do clube, voltando a disputar as competições mais importantes do cenário nacional e com o clube de volta a ser manchete nos jornais de uma forma positiva. </span></p>
<p>[/et_pb_text][/et_pb_column][/et_pb_row][et_pb_row column_structure=&#8221;1_2,1_2&#8243; _builder_version=&#8221;4.14.1&#8243; _module_preset=&#8221;default&#8221; width=&#8221;50%&#8221; locked=&#8221;off&#8221; global_colors_info=&#8221;{}&#8221;][et_pb_column type=&#8221;1_2&#8243; _builder_version=&#8221;4.14.1&#8243; _module_preset=&#8221;default&#8221; global_colors_info=&#8221;{}&#8221;][et_pb_text _builder_version=&#8221;4.14.1&#8243; _module_preset=&#8221;default&#8221; global_colors_info=&#8221;{}&#8221;]<a href="https://webjornalismo.unicap.br/nautico/2018-2/">&lt;&lt; 2018</a>[/et_pb_text][/et_pb_column][et_pb_column type=&#8221;1_2&#8243; _builder_version=&#8221;4.14.1&#8243; _module_preset=&#8221;default&#8221; global_colors_info=&#8221;{}&#8221;][et_pb_text _builder_version=&#8221;4.14.1&#8243; _module_preset=&#8221;default&#8221; text_orientation=&#8221;right&#8221; global_colors_info=&#8221;{}&#8221;]<a href="https://webjornalismo.unicap.br/nautico/2020-2/">2020 &gt;&gt;</a>[/et_pb_text][/et_pb_column][/et_pb_row][/et_pb_section]</p>

<p>2019 O histórico acesso nos pênaltisO ano de 2019 foi um ano bem especial para o torcedor; voltar a assistir aos jogos no estádio dos Aflitos semanalmente era motivo de muita alegria. E, além disso, no segundo semestre veio o desejado acesso da série C para a série B. Em um jogo dramático, o Náutico [&hellip;]</p>
