{"id":178,"date":"2021-11-11T19:33:20","date_gmt":"2021-11-11T22:33:20","guid":{"rendered":"https:\/\/webjornalismo.unicap.br\/nautico\/?page_id=178"},"modified":"2021-12-01T17:48:47","modified_gmt":"2021-12-01T20:48:47","slug":"2018-2","status":"publish","type":"page","link":"https:\/\/webjornalismo.unicap.br\/nautico\/2018-2\/","title":{"rendered":"2018"},"content":{"rendered":"<p>[et_pb_section fb_built=&#8221;1&#8243; _builder_version=&#8221;4.13.0&#8243; _module_preset=&#8221;default&#8221; global_colors_info=&#8221;{}&#8221;][et_pb_row _builder_version=&#8221;4.13.0&#8243; _module_preset=&#8221;default&#8221; width=&#8221;50%&#8221; module_alignment=&#8221;center&#8221; global_colors_info=&#8221;{}&#8221;][et_pb_column type=&#8221;4_4&#8243; _builder_version=&#8221;4.13.0&#8243; _module_preset=&#8221;default&#8221; global_colors_info=&#8221;{}&#8221;][et_pb_text _builder_version=&#8221;4.13.0&#8243; _module_preset=&#8221;default&#8221; header_font=&#8221;|700|||||||&#8221; header_text_color=&#8221;#E02B20&#8243; header_font_size=&#8221;50px&#8221; header_2_text_color=&#8221;#E02B20&#8243; global_colors_info=&#8221;{}&#8221;]<\/p>\n<h1>2018<\/h1>\n<h2>O renascimento<\/h2>\n<p>[\/et_pb_text][et_pb_text _builder_version=&#8221;4.14.1&#8243; _module_preset=&#8221;default&#8221; text_font=&#8221;|300|||||||&#8221; hover_enabled=&#8221;0&#8243; global_colors_info=&#8221;{}&#8221; sticky_enabled=&#8221;0&#8243;]<\/p>\n<p><span style=\"font-weight: 400;\">O ano de 2018 acabou sendo marcado na hist\u00f3ria recente do clube como um per\u00edodo de renascimento. O timbu conseguiu ser campe\u00e3o estadual ap\u00f3s um longo per\u00edodo sem t\u00edtulos e conquistou a t\u00e3o sonhada volta para a sua casa, o est\u00e1dio dos Aflitos. A atual gest\u00e3o assumiu o clube em janeiro com o comando de Edno Melo como presidente e Di\u00f3genes Braga como vice. Eles possu\u00edam um discurso de reconstruir o N\u00e1utico e resgatar o orgulho dos alvirrubros.\u00a0<\/span><\/p>\n<p><span style=\"font-weight: 400;\">Com o objetivo de gastar somente o que poderia e tendo adquirido\u00a0 fama de mau pagador no mercado, a equipe deste ano foi montada com um valor hist\u00f3rico de R$ 180 mil mensais, enquanto no or\u00e7amento do ano anterior tinha sido gasto cerca de R$ 900 mil por m\u00eas com o elenco. A base acabou se tornando a solu\u00e7\u00e3o encontrada pelo clube internamente, de ser mais utilizada, e garantir uma folha salarial mais enxuta.\u00a0<\/span><\/p>\n<p><span style=\"font-weight: 400;\">Desde o dia 18 de abril de 2004 o torcedor do Clube N\u00e1utico Capibaribe n\u00e3o sabia o que era ser campe\u00e3o, j\u00e1 que foi nesta data a \u00faltima vez que havia conquistado o campeonato estadual. Foram quase 14 anos de seca at\u00e9 que o N\u00e1utico colocou um fim neste per\u00edodo de derrotas ap\u00f3s vencer o Central no dia 8 de abril de 2018, acabando com essa press\u00e3o por conquistas que incomodavam h\u00e1 muito tempo. A Arena Pernambuco ficou completamente lotada, foram 43.352 pessoas.<\/span><\/p>\n<p><span style=\"font-weight: 400;\">J\u00e1 no Campeonato Nacional, o clube come\u00e7ou mal e foi parar na lanterna da s\u00e9rie C, mas conseguiu se classificar com propriedade como primeiro lugar do seu grupo, conquistando assim o direito de decidir o acesso em casa. No primeiro jogo da decis\u00e3o pelo acesso, em S\u00e3o Paulo, na cidade de\u00a0 Bragan\u00e7a Paulista, o Timbu voltou para Recife tendo que reverter um placar de 3&#215;1.<\/span> <span style=\"font-weight: 400;\">Jogando em casa, foram 27.469 mil alvirrubros que marcaram presen\u00e7a no est\u00e1dio para empurrar o time de volta \u00e0 s\u00e9rie B, mas o clube n\u00e3o conseguiu o acesso.<\/span><\/p>\n<p><span style=\"font-weight: 400;\">O \u00eddolo da torcida Kuki comenta sobre aquele ano e o seu jogo de despedida na volta aos Aflitos: \u201cN\u00e3o conseguimos o acesso, mas conseguimos o t\u00edtulo estadual e o mais especial, que \u00e9 trazer o torcedor de volta, aquele sentimento de torcer pelo N\u00e1utico, da alegria de vim ao campo. A festa foi muito legal, no Brasil n\u00e3o estamos acostumados a esse tipo de homenagem e ainda poder reunir jogadores que fizeram hist\u00f3ria com a camisa do N\u00e1utico isso n\u00e3o tem pre\u00e7o,\u201d.<\/span><\/p>\n<p><b>Volta aos Aflitos<\/b> <b>\u2013<\/b><span style=\"font-weight: 400;\">\u00a0 Depois de tantos anos jogando na Arena Pernambuco, o N\u00e1utico conseguiu realizar um sonho antigo da torcida alvirrubra, que era voltar para um lugar onde o torcedor se sente confort\u00e1vel e trata como sua segunda casa, o tradicional est\u00e1dio dos Aflitos. O que transformou o jogo do retorno contra o Newells Old Boys, time argentino, em uma grande festa.<\/span><\/p>\n<p><span style=\"font-weight: 400;\">Foi realizada uma campanha do clube para arrecada\u00e7\u00e3o de verba e todo esse dinheiro foi utilizado para recuperar o antigo est\u00e1dio. Mas pensando nisso, a nova diretoria decidiu que n\u00e3o iria voltar de qualquer jeito para o Est\u00e1dio dos Aflitos, e iria reformar completamente o antigo caldeir\u00e3o. O est\u00e1dio estava completamente abandonado, e era preciso ser recuperado. Foram feitas novas pinturas, novos assentos na parte das cadeiras, e pequenas reformas no interior do est\u00e1dio para moderniz\u00e1-lo e trazer mais conforto ao torcedor.<\/span><\/p>\n<p><span style=\"font-weight: 400;\">Sobre as reformas, o presidente da comiss\u00e3o da reforma dos Aflitos , Luiz Felipe Figueiredo explicou sobre o processo da volta: \u201cFoi um processo longo, que teve passar por embates pol\u00edticos no clube, existia uma ala que entendia que tinha que insistir mais na Arena Pernambuco. O est\u00e1dio tava um pasto, completamente abandonado, mato por todo lado, arquibancada deteriorada, alambrado caindo aos peda\u00e7os, o est\u00e1dio estava completamente degradado e n\u00e3o quer\u00edamos voltar de qualquer jeito. A gente saiu em 2013 e ficou fora do est\u00e1dio at\u00e9 2018 e nesse tempo n\u00e3o teve nenhum tipo de manuten\u00e7\u00e3o no est\u00e1dio\u201d.\u00a0<\/span><\/p>\n<p><span style=\"font-weight: 400;\">Sobre a for\u00e7a da torcida no est\u00e1dio dos Aflitos, o ex-jogador do clube Alberto Acosta relembra com muito carinho do apoio recebido: \u201cEu sempre falei para todo mundo, que quando ia jogar contra o N\u00e1utico nos Aflitos que a torcida faz a diferen\u00e7a, o lugar do N\u00e1utico \u00e9 nos Aflitos, de onde n\u00e3o deveria ter sa\u00eddo nunca\u201d.\u00a0<\/span><\/p>\n<p><span style=\"font-weight: 400;\">O est\u00e1dio El\u00e1dio De Barros Carvalho foi entregue no dia 16 de dezembro de 2018, sendo planejado pelo marketing que al\u00e9m da partida, v\u00e1rios eventos fossem promovidos no clube, como uma partida entre ex-atletas sendo a grande atra\u00e7\u00e3o do dia para o torcedor alvirrubro reviver e lembrar de grandes jogadores que passaram pelo clube.\u00a0<\/span><\/p>\n<p><span style=\"font-weight: 400;\">O ano foi finalizado de uma forma bem melhor do que havia sido o anterior, voltar a conquistar um t\u00edtulo, no campeonato nacional o acesso n\u00e3o aconteceu, mas encerrou a temporada com essa alegria de poder voltar aos Aflitos, e com o torcedor tendo expectativas positivas que n\u00e3o existiam no final do \u00faltimo ano.<\/span><\/p>\n<p>[\/et_pb_text][\/et_pb_column][\/et_pb_row][et_pb_row column_structure=&#8221;1_2,1_2&#8243; _builder_version=&#8221;4.14.1&#8243; _module_preset=&#8221;default&#8221; width=&#8221;50%&#8221; locked=&#8221;off&#8221; global_colors_info=&#8221;{}&#8221;][et_pb_column type=&#8221;1_2&#8243; _builder_version=&#8221;4.14.1&#8243; _module_preset=&#8221;default&#8221; global_colors_info=&#8221;{}&#8221;][et_pb_text _builder_version=&#8221;4.14.1&#8243; _module_preset=&#8221;default&#8221; global_colors_info=&#8221;{}&#8221;]<a href=\"https:\/\/webjornalismo.unicap.br\/nautico\/2017-2\/\">&lt;&lt; 2017<\/a>[\/et_pb_text][\/et_pb_column][et_pb_column type=&#8221;1_2&#8243; _builder_version=&#8221;4.14.1&#8243; _module_preset=&#8221;default&#8221; global_colors_info=&#8221;{}&#8221;][et_pb_text _builder_version=&#8221;4.14.1&#8243; _module_preset=&#8221;default&#8221; text_orientation=&#8221;right&#8221; global_colors_info=&#8221;{}&#8221;]<a href=\"https:\/\/webjornalismo.unicap.br\/nautico\/2019-2\/\">2019 &gt;&gt;<\/a>[\/et_pb_text][\/et_pb_column][\/et_pb_row][\/et_pb_section]<\/p>\n","protected":false},"excerpt":{"rendered":"<p>2018 O renascimentoO ano de 2018 acabou sendo marcado na hist\u00f3ria recente do clube como um per\u00edodo de renascimento. O timbu conseguiu ser campe\u00e3o estadual ap\u00f3s um longo per\u00edodo sem t\u00edtulos e conquistou a t\u00e3o sonhada volta para a sua casa, o est\u00e1dio dos Aflitos. A atual gest\u00e3o assumiu o clube em janeiro com o [&hellip;]<\/p>\n","protected":false},"author":1,"featured_media":0,"parent":0,"menu_order":0,"comment_status":"closed","ping_status":"closed","template":"","meta":{"_et_pb_use_builder":"on","_et_pb_old_content":"","_et_gb_content_width":""},"_links":{"self":[{"href":"https:\/\/webjornalismo.unicap.br\/nautico\/wp-json\/wp\/v2\/pages\/178"}],"collection":[{"href":"https:\/\/webjornalismo.unicap.br\/nautico\/wp-json\/wp\/v2\/pages"}],"about":[{"href":"https:\/\/webjornalismo.unicap.br\/nautico\/wp-json\/wp\/v2\/types\/page"}],"author":[{"embeddable":true,"href":"https:\/\/webjornalismo.unicap.br\/nautico\/wp-json\/wp\/v2\/users\/1"}],"replies":[{"embeddable":true,"href":"https:\/\/webjornalismo.unicap.br\/nautico\/wp-json\/wp\/v2\/comments?post=178"}],"version-history":[{"count":7,"href":"https:\/\/webjornalismo.unicap.br\/nautico\/wp-json\/wp\/v2\/pages\/178\/revisions"}],"predecessor-version":[{"id":317,"href":"https:\/\/webjornalismo.unicap.br\/nautico\/wp-json\/wp\/v2\/pages\/178\/revisions\/317"}],"wp:attachment":[{"href":"https:\/\/webjornalismo.unicap.br\/nautico\/wp-json\/wp\/v2\/media?parent=178"}],"curies":[{"name":"wp","href":"https:\/\/api.w.org\/{rel}","templated":true}]}}

<p>[et_pb_section fb_built=&#8221;1&#8243; _builder_version=&#8221;4.13.0&#8243; _module_preset=&#8221;default&#8221; global_colors_info=&#8221;{}&#8221;][et_pb_row _builder_version=&#8221;4.13.0&#8243; _module_preset=&#8221;default&#8221; width=&#8221;50%&#8221; module_alignment=&#8221;center&#8221; global_colors_info=&#8221;{}&#8221;][et_pb_column type=&#8221;4_4&#8243; _builder_version=&#8221;4.13.0&#8243; _module_preset=&#8221;default&#8221; global_colors_info=&#8221;{}&#8221;][et_pb_text _builder_version=&#8221;4.13.0&#8243; _module_preset=&#8221;default&#8221; header_font=&#8221;|700|||||||&#8221; header_text_color=&#8221;#E02B20&#8243; header_font_size=&#8221;50px&#8221; header_2_text_color=&#8221;#E02B20&#8243; global_colors_info=&#8221;{}&#8221;]</p>
<h1>2018</h1>
<h2>O renascimento</h2>
<p>[/et_pb_text][et_pb_text _builder_version=&#8221;4.14.1&#8243; _module_preset=&#8221;default&#8221; text_font=&#8221;|300|||||||&#8221; hover_enabled=&#8221;0&#8243; global_colors_info=&#8221;{}&#8221; sticky_enabled=&#8221;0&#8243;]</p>
<p><span style="font-weight: 400;">O ano de 2018 acabou sendo marcado na história recente do clube como um período de renascimento. O timbu conseguiu ser campeão estadual após um longo período sem títulos e conquistou a tão sonhada volta para a sua casa, o estádio dos Aflitos. A atual gestão assumiu o clube em janeiro com o comando de Edno Melo como presidente e Diógenes Braga como vice. Eles possuíam um discurso de reconstruir o Náutico e resgatar o orgulho dos alvirrubros. </span></p>
<p><span style="font-weight: 400;">Com o objetivo de gastar somente o que poderia e tendo adquirido  fama de mau pagador no mercado, a equipe deste ano foi montada com um valor histórico de R$ 180 mil mensais, enquanto no orçamento do ano anterior tinha sido gasto cerca de R$ 900 mil por mês com o elenco. A base acabou se tornando a solução encontrada pelo clube internamente, de ser mais utilizada, e garantir uma folha salarial mais enxuta. </span></p>
<p><span style="font-weight: 400;">Desde o dia 18 de abril de 2004 o torcedor do Clube Náutico Capibaribe não sabia o que era ser campeão, já que foi nesta data a última vez que havia conquistado o campeonato estadual. Foram quase 14 anos de seca até que o Náutico colocou um fim neste período de derrotas após vencer o Central no dia 8 de abril de 2018, acabando com essa pressão por conquistas que incomodavam há muito tempo. A Arena Pernambuco ficou completamente lotada, foram 43.352 pessoas.</span></p>
<p><span style="font-weight: 400;">Já no Campeonato Nacional, o clube começou mal e foi parar na lanterna da série C, mas conseguiu se classificar com propriedade como primeiro lugar do seu grupo, conquistando assim o direito de decidir o acesso em casa. No primeiro jogo da decisão pelo acesso, em São Paulo, na cidade de  Bragança Paulista, o Timbu voltou para Recife tendo que reverter um placar de 3&#215;1.</span> <span style="font-weight: 400;">Jogando em casa, foram 27.469 mil alvirrubros que marcaram presença no estádio para empurrar o time de volta à série B, mas o clube não conseguiu o acesso.</span></p>
<p><span style="font-weight: 400;">O ídolo da torcida Kuki comenta sobre aquele ano e o seu jogo de despedida na volta aos Aflitos: “Não conseguimos o acesso, mas conseguimos o título estadual e o mais especial, que é trazer o torcedor de volta, aquele sentimento de torcer pelo Náutico, da alegria de vim ao campo. A festa foi muito legal, no Brasil não estamos acostumados a esse tipo de homenagem e ainda poder reunir jogadores que fizeram história com a camisa do Náutico isso não tem preço,”.</span></p>
<p><b>Volta aos Aflitos</b> <b>–</b><span style="font-weight: 400;">  Depois de tantos anos jogando na Arena Pernambuco, o Náutico conseguiu realizar um sonho antigo da torcida alvirrubra, que era voltar para um lugar onde o torcedor se sente confortável e trata como sua segunda casa, o tradicional estádio dos Aflitos. O que transformou o jogo do retorno contra o Newells Old Boys, time argentino, em uma grande festa.</span></p>
<p><span style="font-weight: 400;">Foi realizada uma campanha do clube para arrecadação de verba e todo esse dinheiro foi utilizado para recuperar o antigo estádio. Mas pensando nisso, a nova diretoria decidiu que não iria voltar de qualquer jeito para o Estádio dos Aflitos, e iria reformar completamente o antigo caldeirão. O estádio estava completamente abandonado, e era preciso ser recuperado. Foram feitas novas pinturas, novos assentos na parte das cadeiras, e pequenas reformas no interior do estádio para modernizá-lo e trazer mais conforto ao torcedor.</span></p>
<p><span style="font-weight: 400;">Sobre as reformas, o presidente da comissão da reforma dos Aflitos , Luiz Felipe Figueiredo explicou sobre o processo da volta: “Foi um processo longo, que teve passar por embates políticos no clube, existia uma ala que entendia que tinha que insistir mais na Arena Pernambuco. O estádio tava um pasto, completamente abandonado, mato por todo lado, arquibancada deteriorada, alambrado caindo aos pedaços, o estádio estava completamente degradado e não queríamos voltar de qualquer jeito. A gente saiu em 2013 e ficou fora do estádio até 2018 e nesse tempo não teve nenhum tipo de manutenção no estádio”. </span></p>
<p><span style="font-weight: 400;">Sobre a força da torcida no estádio dos Aflitos, o ex-jogador do clube Alberto Acosta relembra com muito carinho do apoio recebido: “Eu sempre falei para todo mundo, que quando ia jogar contra o Náutico nos Aflitos que a torcida faz a diferença, o lugar do Náutico é nos Aflitos, de onde não deveria ter saído nunca”. </span></p>
<p><span style="font-weight: 400;">O estádio Eládio De Barros Carvalho foi entregue no dia 16 de dezembro de 2018, sendo planejado pelo marketing que além da partida, vários eventos fossem promovidos no clube, como uma partida entre ex-atletas sendo a grande atração do dia para o torcedor alvirrubro reviver e lembrar de grandes jogadores que passaram pelo clube. </span></p>
<p><span style="font-weight: 400;">O ano foi finalizado de uma forma bem melhor do que havia sido o anterior, voltar a conquistar um título, no campeonato nacional o acesso não aconteceu, mas encerrou a temporada com essa alegria de poder voltar aos Aflitos, e com o torcedor tendo expectativas positivas que não existiam no final do último ano.</span></p>
<p>[/et_pb_text][/et_pb_column][/et_pb_row][et_pb_row column_structure=&#8221;1_2,1_2&#8243; _builder_version=&#8221;4.14.1&#8243; _module_preset=&#8221;default&#8221; width=&#8221;50%&#8221; locked=&#8221;off&#8221; global_colors_info=&#8221;{}&#8221;][et_pb_column type=&#8221;1_2&#8243; _builder_version=&#8221;4.14.1&#8243; _module_preset=&#8221;default&#8221; global_colors_info=&#8221;{}&#8221;][et_pb_text _builder_version=&#8221;4.14.1&#8243; _module_preset=&#8221;default&#8221; global_colors_info=&#8221;{}&#8221;]<a href="https://webjornalismo.unicap.br/nautico/2017-2/">&lt;&lt; 2017</a>[/et_pb_text][/et_pb_column][et_pb_column type=&#8221;1_2&#8243; _builder_version=&#8221;4.14.1&#8243; _module_preset=&#8221;default&#8221; global_colors_info=&#8221;{}&#8221;][et_pb_text _builder_version=&#8221;4.14.1&#8243; _module_preset=&#8221;default&#8221; text_orientation=&#8221;right&#8221; global_colors_info=&#8221;{}&#8221;]<a href="https://webjornalismo.unicap.br/nautico/2019-2/">2019 &gt;&gt;</a>[/et_pb_text][/et_pb_column][/et_pb_row][/et_pb_section]</p>

<p>2018 O renascimentoO ano de 2018 acabou sendo marcado na história recente do clube como um período de renascimento. O timbu conseguiu ser campeão estadual após um longo período sem títulos e conquistou a tão sonhada volta para a sua casa, o estádio dos Aflitos. A atual gestão assumiu o clube em janeiro com o [&hellip;]</p>
