{"id":5472,"date":"2020-11-17T21:17:22","date_gmt":"2020-11-18T00:17:22","guid":{"rendered":"https:\/\/webjornalismo.unicap.br\/modaconsciente\/?page_id=5472"},"modified":"2020-12-02T16:14:59","modified_gmt":"2020-12-02T19:14:59","slug":"glossario","status":"publish","type":"page","link":"https:\/\/webjornalismo.unicap.br\/modaconsciente\/glossario\/","title":{"rendered":"Gloss\u00e1rio"},"content":{"rendered":"<p>[et_pb_section fb_built=&#8221;1&#8243; _builder_version=&#8221;4.7.4&#8243; _module_preset=&#8221;default&#8221; background_image=&#8221;https:\/\/webjornalismo.unicap.br\/modaconsciente\/wp-content\/uploads\/2020\/11\/hipster-PDUQGJJ.jpg&#8221; custom_margin=&#8221;||||false|false&#8221;][et_pb_row _builder_version=&#8221;4.7.1&#8243; _module_preset=&#8221;default&#8221;][et_pb_column type=&#8221;4_4&#8243; _builder_version=&#8221;4.7.1&#8243; _module_preset=&#8221;default&#8221;][et_pb_post_title meta=&#8221;off&#8221; featured_image=&#8221;off&#8221; text_background=&#8221;on&#8221; text_bg_color=&#8221;#ffffff&#8221; _builder_version=&#8221;4.7.4&#8243; _module_preset=&#8221;default&#8221; title_font_size=&#8221;50px&#8221; background_enable_color=&#8221;off&#8221; width=&#8221;30%&#8221; width_tablet=&#8221;50%&#8221; width_phone=&#8221;100%&#8221; width_last_edited=&#8221;on|phone&#8221; custom_css_post_title=&#8221;margin-bottom:-8px;&#8221;][\/et_pb_post_title][et_pb_text _builder_version=&#8221;4.7.4&#8243; _module_preset=&#8221;default&#8221; text_font_size=&#8221;20px&#8221; background_layout=&#8221;dark&#8221; custom_padding=&#8221;||||false|false&#8221; hover_enabled=&#8221;0&#8243; text_text_shadow_style=&#8221;preset3&#8243; text_text_shadow_color=&#8221;rgba(0,0,0,0.8)&#8221; locked=&#8221;off&#8221; sticky_enabled=&#8221;0&#8243;]Neste espa\u00e7o, voc\u00ea pode conferir alguns termos da moda consciente que democratizaram-se entre designers e consumidores.[\/et_pb_text][\/et_pb_column][\/et_pb_row][\/et_pb_section][et_pb_section fb_built=&#8221;1&#8243; _builder_version=&#8221;4.7.4&#8243; _module_preset=&#8221;default&#8221;][et_pb_row _builder_version=&#8221;4.7.4&#8243; _module_preset=&#8221;default&#8221;][et_pb_column type=&#8221;4_4&#8243; _builder_version=&#8221;4.7.4&#8243; _module_preset=&#8221;default&#8221;][et_pb_text _builder_version=&#8221;4.7.4&#8243; _module_preset=&#8221;default&#8221; text_font=&#8221;|300|||||||&#8221; width=&#8221;80%&#8221; module_alignment=&#8221;center&#8221;]<\/p>\n<p><strong>Arm\u00e1rio compartilhado<\/strong> &#8211; \u00c9 um modelo de neg\u00f3cios que tem o objetivo de fazer a roupa circular. Cobra dos usu\u00e1rios um valor equivalente ao n\u00famero de pe\u00e7as que desejam \u201calugar\u201d dentro de um per\u00edodo. As pe\u00e7as devem ser bem conservadas e devolvidas ao acervo.<span>\u00a0<\/span><\/p>\n<p><strong>Atemporal<\/strong> &#8211; Na moda, \u00e9 o termo dado \u00e0s pe\u00e7as que n\u00e3o s\u00e3o impostas pela tend\u00eancia, podendo ser usadas por um per\u00edodo ilimitado que n\u00e3o ser\u00e3o considerada \u201cultrapassadas\u201d.<\/p>\n<p><strong>Biomim\u00e9tica<\/strong><span> &#8211; \u00c9 uma \u00e1rea da ci\u00eancia que se inspira na natureza e, atrav\u00e9s do design, a aplica para a fabrica\u00e7\u00e3o de pe\u00e7as.<\/span><\/p>\n<p><strong>Brech\u00f3<\/strong><span> &#8211; Loja de produtos usados, mas em bom estado, que vendem pe\u00e7as com o valor bem abaixo do mercado e, muitas vezes, \u00fanicas.<\/span><\/p>\n<p><strong>Coolhunting<\/strong><span> &#8211; \u00c9 uma pessoa considerada \u201cca\u00e7adora de tend\u00eancias\u201d e que as avalia com o objetivo de alcan\u00e7ar novo clientes. Estuda as roupas e o que as pessoas desejam expressar atrav\u00e9s delas.<\/span><\/p>\n<p><strong>DIY<\/strong><span> &#8211; \u00c9 a sigla da express\u00e3o \u201cDo It Yourself\u201d, no Brasil, o famoso \u201cFa\u00e7a Voc\u00ea Mesmo\u201d. O conceito \u00e9 popularmente conhecido principalmente para a confec\u00e7\u00e3o de objetos decorativos, customiza\u00e7\u00e3o de roupas e acess\u00f3rios, entre outros.<\/span><\/p>\n<p><strong>Ecofriendly<\/strong><span> &#8211; Significa \u201camigo do meio ambiente\u201d. O termo \u00e9 usado para referir-se a algo ou algu\u00e9m e parte do conceito de ser \u201cecol\u00f3gico\u201d, \u201csustent\u00e1vel\u201d, \u201cconsciente\u201d, \u201cnatural\u201d, \u201cverde\u201d.<\/span><\/p>\n<p><strong>Fairtrade<\/strong><span> &#8211; Tamb\u00e9m conhecido como \u201ccom\u00e9rcio justo\u201d, contribui para o desenvolvimento sustent\u00e1vel e conecta pequenos produtores e comerciantes a consumidores. Ele tem foco em manter uma cadeia produtiva mais consciente, justa e respons\u00e1vel.<\/span><\/p>\n<p><strong>Fashion Revolution<\/strong> &#8211; \u00c9 o movimento mundial, a \u201crevolu\u00e7\u00e3o da moda\u201d, que est\u00e1 presente em mais de 100 pa\u00edses, com o intuito de fomentar uma moda \u00e9tica, transparente, sustent\u00e1vel e consciente. A campanha gira em torno da quest\u00e3o: #QuemFezMinhasRoupas? convocando pessoas \u00e0 refletirem sobre o processo de produ\u00e7\u00e3o e dos impactos da moda atual.<\/p>\n<p><strong>Fast fashion<\/strong> &#8211; Significa \u201cmoda r\u00e1pida\u201d e \u00e9 produzida em larga escala. Marcada pelos pre\u00e7os baixos e produtos de qualidade inferior, consumidos e descartados rapidamente. Estimula a descartabilidade das pe\u00e7as e o consumismo.<\/p>\n<p><strong>Handmade<\/strong> &#8211; Produtos essencialmente feitos \u00e0 m\u00e3o. \u00c9 a forma artesanal de fazer moda e as pe\u00e7as s\u00e3o confeccionadas para serem duradouras e,na maioria das vezes s\u00e3o \u00fanicas, exclusivas.<\/p>\n<p><strong>Lowsumerism<\/strong> &#8211; O termo em ingl\u00eas \u00e9 a jun\u00e7\u00e3o do low + consumerismo (baixo consumo), ou seja, \u00e9 o consumo consciente, equilibrado. A empresa Box1824, lan\u00e7ou o document\u00e1rio \u201cThe Rise Lowsumerism\u201d que mostra o nascimento do consumismo e, desde ent\u00e3o, a palavra tem sido utilizada.<\/p>\n<p><strong>Mindfullness<\/strong> &#8211; Na L\u00edngua Portuguesa significa &#8220;aten\u00e7\u00e3o plena&#8221;, uma uma t\u00e9cnica de desenvolvimento pessoal que busca focar corpo e mente no momento presente de modo intencional.<\/p>\n<p><strong>Minimalismo<\/strong> &#8211; \u00c9 uma filosofia que tem como maior caracter\u00edstica a escolha por viver com o essencial, ou seja, com o que realmente importa. Quem a adere \u00e9 chamado de minimalista.<\/p>\n<p><strong>Oversized<\/strong> &#8211; S\u00e3o roupas que possuem modelagem ampla, fora do padr\u00e3o, e que s\u00e3o confeccionadas com medidas maiores do que as habituais, especialmente na largura dos ombros e das mangas.<\/p>\n<p><strong>Org\u00e2nico<\/strong> &#8211; Tudo o que \u00e9 processado naturalmente. Na moda, sem adi\u00e7\u00e3o de corantes qu\u00edmicos, respeitando a sa\u00fade, o meio ambiente e os animais.<\/p>\n<p><strong>Patchwork<\/strong> &#8211; \u00c9 uma t\u00e9cnica artesanal onde as pe\u00e7as s\u00e3o feitas a partir da jun\u00e7\u00e3o de sobras de tecidos e, por isso, s\u00e3o sempre \u00fanicas. A t\u00e9cnica \u00e9 popularmente utilizada para fazer bolsas, almofadas, len\u00e7\u00f3is, roupas, etc.<\/p>\n<p><strong>Redesign<\/strong> &#8211; Conceito que refere-se \u00e0 reformula\u00e7\u00e3o do design de algo. Na moda, vale para a economia, identidade, servi\u00e7o e para promover o consumo sustent\u00e1vel.<\/p>\n<p><strong>Retr\u00f4<\/strong> &#8211; Palavra que refere-se ao design de um estilo antigo, sendo a pe\u00e7a fabricada atualmente.<\/p>\n<p><strong>Sem g\u00eanero<\/strong> &#8211; Termo dado \u00e0s pe\u00e7as feitas sem marca\u00e7\u00e3o de g\u00eanero, para todos os corpos e desejos, de diversas cores e modelagens.<\/p>\n<p><strong>Slow fashion<\/strong> &#8211; Movimento sustent\u00e1vel da moda que se contrap\u00f5e ao fast fashion, ou seja, \u00e9 a produ\u00e7\u00e3o em pequena escala.<\/p>\n<p><strong>Vegano<\/strong> &#8211; \u00c9 quem pratica o veganismo, estilo de vida que elimina o consumo de qualquer tipo de produto de origem animal como, por exemplo, na alimenta\u00e7\u00e3o, no vestu\u00e1rio, nos cosm\u00e9ticos, no entretenimento.<\/p>\n<p><strong>Vintage<\/strong> &#8211; Express\u00e3o dada \u00e0s pe\u00e7as originalmente antigas que possuam, pelo menos, 20 anos de fabrica\u00e7\u00e3o.<\/p>\n<p><strong>Upcycling<\/strong> &#8211; Vem da famosa frase: \u201cdo lixo ao luxo\u201d. A pr\u00e1tica consiste na reutiliza\u00e7\u00e3o das sobras de materiais t\u00eaxteis que, provavelmente, iriam poluir o meio ambiente, mas que s\u00e3o transformadas em algo completamente novo.<\/p>\n<p><strong>Zero Waste<\/strong> &#8211; O \u201cLixo Zero\u201d \u00e9 o conceito que aproveita ao m\u00e1ximo os res\u00edduos recicl\u00e1veis e org\u00e2nicos, focando na redu\u00e7\u00e3o, ou no fim, destes materiais para os aterros sanit\u00e1rios e\/ou para a incinera\u00e7\u00e3o.<\/p>\n<p>[\/et_pb_text][et_pb_divider divider_style=&#8221;dashed&#8221; divider_position=&#8221;center&#8221; divider_weight=&#8221;3px&#8221; _builder_version=&#8221;4.7.4&#8243; _module_preset=&#8221;default&#8221; width=&#8221;80%&#8221; module_alignment=&#8221;center&#8221;][\/et_pb_divider][et_pb_text _builder_version=&#8221;4.7.4&#8243; _module_preset=&#8221;default&#8221; header_font_size=&#8221;46px&#8221; width=&#8221;80%&#8221; module_alignment=&#8221;center&#8221;]<\/p>\n<h1>Ajude-nos a ampliar o nosso gloss\u00e1rio!<\/h1>\n<p>Sabe de mais algum termo que n\u00e3o est\u00e1 nessa lista? Comente aqui embaixo que vamos em busca do significado para voc\u00ea.<\/p>\n<p>[\/et_pb_text][et_pb_comments _builder_version=&#8221;4.7.4&#8243; _module_preset=&#8221;default&#8221; width=&#8221;80%&#8221; module_alignment=&#8221;center&#8221;][\/et_pb_comments][\/et_pb_column][\/et_pb_row][\/et_pb_section]<\/p>\n","protected":false},"excerpt":{"rendered":"<p>[et_pb_section fb_built=&#8221;1&#8243; _builder_version=&#8221;4.7.4&#8243; _module_preset=&#8221;default&#8221; background_image=&#8221;https:\/\/webjornalismo.unicap.br\/modaconsciente\/wp-content\/uploads\/2020\/11\/hipster-PDUQGJJ.jpg&#8221; custom_margin=&#8221;||||false|false&#8221;][et_pb_row _builder_version=&#8221;4.7.1&#8243; _module_preset=&#8221;default&#8221;][et_pb_column type=&#8221;4_4&#8243; _builder_version=&#8221;4.7.1&#8243; _module_preset=&#8221;default&#8221;][et_pb_post_title meta=&#8221;off&#8221; featured_image=&#8221;off&#8221; text_background=&#8221;on&#8221; text_bg_color=&#8221;#ffffff&#8221; _builder_version=&#8221;4.7.4&#8243; _module_preset=&#8221;default&#8221; title_font_size=&#8221;50px&#8221; background_enable_color=&#8221;off&#8221; width=&#8221;30%&#8221; width_tablet=&#8221;50%&#8221; width_phone=&#8221;100%&#8221; width_last_edited=&#8221;on|phone&#8221; custom_css_post_title=&#8221;margin-bottom:-8px;&#8221;][\/et_pb_post_title][et_pb_text _builder_version=&#8221;4.7.4&#8243; _module_preset=&#8221;default&#8221; text_font_size=&#8221;20px&#8221; background_layout=&#8221;dark&#8221; custom_padding=&#8221;||||false|false&#8221; hover_enabled=&#8221;0&#8243; text_text_shadow_style=&#8221;preset3&#8243; text_text_shadow_color=&#8221;rgba(0,0,0,0.8)&#8221; locked=&#8221;off&#8221; sticky_enabled=&#8221;0&#8243;]Neste espa\u00e7o, voc\u00ea pode conferir alguns termos da moda consciente que democratizaram-se entre designers e consumidores.[\/et_pb_text][\/et_pb_column][\/et_pb_row][\/et_pb_section][et_pb_section fb_built=&#8221;1&#8243; _builder_version=&#8221;4.7.4&#8243; _module_preset=&#8221;default&#8221;][et_pb_row _builder_version=&#8221;4.7.4&#8243; _module_preset=&#8221;default&#8221;][et_pb_column type=&#8221;4_4&#8243; [&hellip;]<\/p>\n","protected":false},"author":1,"featured_media":0,"parent":0,"menu_order":0,"comment_status":"open","ping_status":"closed","template":"","meta":{"_et_pb_use_builder":"on","_et_pb_old_content":"","_et_gb_content_width":""},"_links":{"self":[{"href":"https:\/\/webjornalismo.unicap.br\/modaconsciente\/wp-json\/wp\/v2\/pages\/5472"}],"collection":[{"href":"https:\/\/webjornalismo.unicap.br\/modaconsciente\/wp-json\/wp\/v2\/pages"}],"about":[{"href":"https:\/\/webjornalismo.unicap.br\/modaconsciente\/wp-json\/wp\/v2\/types\/page"}],"author":[{"embeddable":true,"href":"https:\/\/webjornalismo.unicap.br\/modaconsciente\/wp-json\/wp\/v2\/users\/1"}],"replies":[{"embeddable":true,"href":"https:\/\/webjornalismo.unicap.br\/modaconsciente\/wp-json\/wp\/v2\/comments?post=5472"}],"version-history":[{"count":17,"href":"https:\/\/webjornalismo.unicap.br\/modaconsciente\/wp-json\/wp\/v2\/pages\/5472\/revisions"}],"predecessor-version":[{"id":6533,"href":"https:\/\/webjornalismo.unicap.br\/modaconsciente\/wp-json\/wp\/v2\/pages\/5472\/revisions\/6533"}],"wp:attachment":[{"href":"https:\/\/webjornalismo.unicap.br\/modaconsciente\/wp-json\/wp\/v2\/media?parent=5472"}],"curies":[{"name":"wp","href":"https:\/\/api.w.org\/{rel}","templated":true}]}}

Glossário

<p>[et_pb_section fb_built=&#8221;1&#8243; _builder_version=&#8221;4.7.4&#8243; _module_preset=&#8221;default&#8221; background_image=&#8221;https://webjornalismo.unicap.br/modaconsciente/wp-content/uploads/2020/11/hipster-PDUQGJJ.jpg&#8221; custom_margin=&#8221;||||false|false&#8221;][et_pb_row _builder_version=&#8221;4.7.1&#8243; _module_preset=&#8221;default&#8221;][et_pb_column type=&#8221;4_4&#8243; _builder_version=&#8221;4.7.1&#8243; _module_preset=&#8221;default&#8221;][et_pb_post_title meta=&#8221;off&#8221; featured_image=&#8221;off&#8221; text_background=&#8221;on&#8221; text_bg_color=&#8221;#ffffff&#8221; _builder_version=&#8221;4.7.4&#8243; _module_preset=&#8221;default&#8221; title_font_size=&#8221;50px&#8221; background_enable_color=&#8221;off&#8221; width=&#8221;30%&#8221; width_tablet=&#8221;50%&#8221; width_phone=&#8221;100%&#8221; width_last_edited=&#8221;on|phone&#8221; custom_css_post_title=&#8221;margin-bottom:-8px;&#8221;][/et_pb_post_title][et_pb_text _builder_version=&#8221;4.7.4&#8243; _module_preset=&#8221;default&#8221; text_font_size=&#8221;20px&#8221; background_layout=&#8221;dark&#8221; custom_padding=&#8221;||||false|false&#8221; hover_enabled=&#8221;0&#8243; text_text_shadow_style=&#8221;preset3&#8243; text_text_shadow_color=&#8221;rgba(0,0,0,0.8)&#8221; locked=&#8221;off&#8221; sticky_enabled=&#8221;0&#8243;]Neste espaço, você pode conferir alguns termos da moda consciente que democratizaram-se entre designers e consumidores.[/et_pb_text][/et_pb_column][/et_pb_row][/et_pb_section][et_pb_section fb_built=&#8221;1&#8243; _builder_version=&#8221;4.7.4&#8243; _module_preset=&#8221;default&#8221;][et_pb_row _builder_version=&#8221;4.7.4&#8243; _module_preset=&#8221;default&#8221;][et_pb_column type=&#8221;4_4&#8243; _builder_version=&#8221;4.7.4&#8243; _module_preset=&#8221;default&#8221;][et_pb_text _builder_version=&#8221;4.7.4&#8243; _module_preset=&#8221;default&#8221; text_font=&#8221;|300|||||||&#8221; width=&#8221;80%&#8221; module_alignment=&#8221;center&#8221;]</p>
<p><strong>Armário compartilhado</strong> &#8211; É um modelo de negócios que tem o objetivo de fazer a roupa circular. Cobra dos usuários um valor equivalente ao número de peças que desejam “alugar” dentro de um período. As peças devem ser bem conservadas e devolvidas ao acervo.<span> </span></p>
<p><strong>Atemporal</strong> &#8211; Na moda, é o termo dado às peças que não são impostas pela tendência, podendo ser usadas por um período ilimitado que não serão considerada “ultrapassadas”.</p>
<p><strong>Biomimética</strong><span> &#8211; É uma área da ciência que se inspira na natureza e, através do design, a aplica para a fabricação de peças.</span></p>
<p><strong>Brechó</strong><span> &#8211; Loja de produtos usados, mas em bom estado, que vendem peças com o valor bem abaixo do mercado e, muitas vezes, únicas.</span></p>
<p><strong>Coolhunting</strong><span> &#8211; É uma pessoa considerada “caçadora de tendências” e que as avalia com o objetivo de alcançar novo clientes. Estuda as roupas e o que as pessoas desejam expressar através delas.</span></p>
<p><strong>DIY</strong><span> &#8211; É a sigla da expressão “Do It Yourself”, no Brasil, o famoso “Faça Você Mesmo”. O conceito é popularmente conhecido principalmente para a confecção de objetos decorativos, customização de roupas e acessórios, entre outros.</span></p>
<p><strong>Ecofriendly</strong><span> &#8211; Significa “amigo do meio ambiente”. O termo é usado para referir-se a algo ou alguém e parte do conceito de ser “ecológico”, “sustentável”, “consciente”, “natural”, “verde”.</span></p>
<p><strong>Fairtrade</strong><span> &#8211; Também conhecido como “comércio justo”, contribui para o desenvolvimento sustentável e conecta pequenos produtores e comerciantes a consumidores. Ele tem foco em manter uma cadeia produtiva mais consciente, justa e responsável.</span></p>
<p><strong>Fashion Revolution</strong> &#8211; É o movimento mundial, a “revolução da moda”, que está presente em mais de 100 países, com o intuito de fomentar uma moda ética, transparente, sustentável e consciente. A campanha gira em torno da questão: #QuemFezMinhasRoupas? convocando pessoas à refletirem sobre o processo de produção e dos impactos da moda atual.</p>
<p><strong>Fast fashion</strong> &#8211; Significa “moda rápida” e é produzida em larga escala. Marcada pelos preços baixos e produtos de qualidade inferior, consumidos e descartados rapidamente. Estimula a descartabilidade das peças e o consumismo.</p>
<p><strong>Handmade</strong> &#8211; Produtos essencialmente feitos à mão. É a forma artesanal de fazer moda e as peças são confeccionadas para serem duradouras e,na maioria das vezes são únicas, exclusivas.</p>
<p><strong>Lowsumerism</strong> &#8211; O termo em inglês é a junção do low + consumerismo (baixo consumo), ou seja, é o consumo consciente, equilibrado. A empresa Box1824, lançou o documentário “The Rise Lowsumerism” que mostra o nascimento do consumismo e, desde então, a palavra tem sido utilizada.</p>
<p><strong>Mindfullness</strong> &#8211; Na Língua Portuguesa significa &#8220;atenção plena&#8221;, uma uma técnica de desenvolvimento pessoal que busca focar corpo e mente no momento presente de modo intencional.</p>
<p><strong>Minimalismo</strong> &#8211; É uma filosofia que tem como maior característica a escolha por viver com o essencial, ou seja, com o que realmente importa. Quem a adere é chamado de minimalista.</p>
<p><strong>Oversized</strong> &#8211; São roupas que possuem modelagem ampla, fora do padrão, e que são confeccionadas com medidas maiores do que as habituais, especialmente na largura dos ombros e das mangas.</p>
<p><strong>Orgânico</strong> &#8211; Tudo o que é processado naturalmente. Na moda, sem adição de corantes químicos, respeitando a saúde, o meio ambiente e os animais.</p>
<p><strong>Patchwork</strong> &#8211; É uma técnica artesanal onde as peças são feitas a partir da junção de sobras de tecidos e, por isso, são sempre únicas. A técnica é popularmente utilizada para fazer bolsas, almofadas, lençóis, roupas, etc.</p>
<p><strong>Redesign</strong> &#8211; Conceito que refere-se à reformulação do design de algo. Na moda, vale para a economia, identidade, serviço e para promover o consumo sustentável.</p>
<p><strong>Retrô</strong> &#8211; Palavra que refere-se ao design de um estilo antigo, sendo a peça fabricada atualmente.</p>
<p><strong>Sem gênero</strong> &#8211; Termo dado às peças feitas sem marcação de gênero, para todos os corpos e desejos, de diversas cores e modelagens.</p>
<p><strong>Slow fashion</strong> &#8211; Movimento sustentável da moda que se contrapõe ao fast fashion, ou seja, é a produção em pequena escala.</p>
<p><strong>Vegano</strong> &#8211; É quem pratica o veganismo, estilo de vida que elimina o consumo de qualquer tipo de produto de origem animal como, por exemplo, na alimentação, no vestuário, nos cosméticos, no entretenimento.</p>
<p><strong>Vintage</strong> &#8211; Expressão dada às peças originalmente antigas que possuam, pelo menos, 20 anos de fabricação.</p>
<p><strong>Upcycling</strong> &#8211; Vem da famosa frase: “do lixo ao luxo”. A prática consiste na reutilização das sobras de materiais têxteis que, provavelmente, iriam poluir o meio ambiente, mas que são transformadas em algo completamente novo.</p>
<p><strong>Zero Waste</strong> &#8211; O “Lixo Zero” é o conceito que aproveita ao máximo os resíduos recicláveis e orgânicos, focando na redução, ou no fim, destes materiais para os aterros sanitários e/ou para a incineração.</p>
<p>[/et_pb_text][et_pb_divider divider_style=&#8221;dashed&#8221; divider_position=&#8221;center&#8221; divider_weight=&#8221;3px&#8221; _builder_version=&#8221;4.7.4&#8243; _module_preset=&#8221;default&#8221; width=&#8221;80%&#8221; module_alignment=&#8221;center&#8221;][/et_pb_divider][et_pb_text _builder_version=&#8221;4.7.4&#8243; _module_preset=&#8221;default&#8221; header_font_size=&#8221;46px&#8221; width=&#8221;80%&#8221; module_alignment=&#8221;center&#8221;]</p>
<h1>Ajude-nos a ampliar o nosso glossário!</h1>
<p>Sabe de mais algum termo que não está nessa lista? Comente aqui embaixo que vamos em busca do significado para você.</p>
<p>[/et_pb_text][et_pb_comments _builder_version=&#8221;4.7.4&#8243; _module_preset=&#8221;default&#8221; width=&#8221;80%&#8221; module_alignment=&#8221;center&#8221;][/et_pb_comments][/et_pb_column][/et_pb_row][/et_pb_section]</p>

<p>[et_pb_section fb_built=&#8221;1&#8243; _builder_version=&#8221;4.7.4&#8243; _module_preset=&#8221;default&#8221; background_image=&#8221;https://webjornalismo.unicap.br/modaconsciente/wp-content/uploads/2020/11/hipster-PDUQGJJ.jpg&#8221; custom_margin=&#8221;||||false|false&#8221;][et_pb_row _builder_version=&#8221;4.7.1&#8243; _module_preset=&#8221;default&#8221;][et_pb_column type=&#8221;4_4&#8243; _builder_version=&#8221;4.7.1&#8243; _module_preset=&#8221;default&#8221;][et_pb_post_title meta=&#8221;off&#8221; featured_image=&#8221;off&#8221; text_background=&#8221;on&#8221; text_bg_color=&#8221;#ffffff&#8221; _builder_version=&#8221;4.7.4&#8243; _module_preset=&#8221;default&#8221; title_font_size=&#8221;50px&#8221; background_enable_color=&#8221;off&#8221; width=&#8221;30%&#8221; width_tablet=&#8221;50%&#8221; width_phone=&#8221;100%&#8221; width_last_edited=&#8221;on|phone&#8221; custom_css_post_title=&#8221;margin-bottom:-8px;&#8221;][/et_pb_post_title][et_pb_text _builder_version=&#8221;4.7.4&#8243; _module_preset=&#8221;default&#8221; text_font_size=&#8221;20px&#8221; background_layout=&#8221;dark&#8221; custom_padding=&#8221;||||false|false&#8221; hover_enabled=&#8221;0&#8243; text_text_shadow_style=&#8221;preset3&#8243; text_text_shadow_color=&#8221;rgba(0,0,0,0.8)&#8221; locked=&#8221;off&#8221; sticky_enabled=&#8221;0&#8243;]Neste espaço, você pode conferir alguns termos da moda consciente que democratizaram-se entre designers e consumidores.[/et_pb_text][/et_pb_column][/et_pb_row][/et_pb_section][et_pb_section fb_built=&#8221;1&#8243; _builder_version=&#8221;4.7.4&#8243; _module_preset=&#8221;default&#8221;][et_pb_row _builder_version=&#8221;4.7.4&#8243; _module_preset=&#8221;default&#8221;][et_pb_column type=&#8221;4_4&#8243; [&hellip;]</p>
