{"id":56,"date":"2022-05-24T16:29:11","date_gmt":"2022-05-24T19:29:11","guid":{"rendered":"https:\/\/webjornalismo.unicap.br\/marketing-digital\/?page_id=56"},"modified":"2022-06-07T13:41:14","modified_gmt":"2022-06-07T16:41:14","slug":"do-tradicional-ao-digital","status":"publish","type":"page","link":"https:\/\/webjornalismo.unicap.br\/marketing-digital\/do-tradicional-ao-digital\/","title":{"rendered":"Jornalismo e Marketing Digital: caminhos que se cruzam"},"content":{"rendered":"<p>[et_pb_section fb_built=&#8221;1&#8243; _builder_version=&#8221;4.17.4&#8243; _module_preset=&#8221;default&#8221; background_color=&#8221;#dc2d68&#8243; background_image=&#8221;https:\/\/webjornalismo.unicap.br\/marketing-digital\/wp-content\/uploads\/2022\/05\/bg-parede.jpg&#8221; background_blend=&#8221;multiply&#8221; background_enable_pattern_style=&#8221;on&#8221; background_pattern_style=&#8221;diagonal-stripes-2&#8243; background_pattern_color=&#8221;rgba(0,0,0,0.08)&#8221; background_pattern_size=&#8221;custom&#8221; background_pattern_width=&#8221;22px&#8221; global_colors_info=&#8221;{}&#8221;][et_pb_row _builder_version=&#8221;4.17.4&#8243; _module_preset=&#8221;default&#8221; global_colors_info=&#8221;{}&#8221;][et_pb_column type=&#8221;4_4&#8243; _builder_version=&#8221;4.17.4&#8243; _module_preset=&#8221;default&#8221; global_colors_info=&#8221;{}&#8221;][et_pb_post_title meta=&#8221;off&#8221; featured_image=&#8221;off&#8221; text_color=&#8221;light&#8221; _builder_version=&#8221;4.17.4&#8243; _module_preset=&#8221;default&#8221; title_line_height=&#8221;1.4em&#8221; background_enable_color=&#8221;off&#8221; width=&#8221;80%&#8221; custom_margin=&#8221;5vh||5vh||true|false&#8221; global_colors_info=&#8221;{}&#8221;][\/et_pb_post_title][\/et_pb_column][\/et_pb_row][\/et_pb_section][et_pb_section fb_built=&#8221;1&#8243; _builder_version=&#8221;4.17.4&#8243; _module_preset=&#8221;default&#8221; custom_padding=&#8221;0px||0px||false|false&#8221; global_colors_info=&#8221;{}&#8221;][et_pb_row _builder_version=&#8221;4.17.4&#8243; _module_preset=&#8221;default&#8221; background_color=&#8221;#efefef&#8221; width=&#8221;100%&#8221; max_width=&#8221;2560px&#8221; custom_padding=&#8221;0px||0px||false|false&#8221; global_colors_info=&#8221;{}&#8221;][et_pb_column type=&#8221;4_4&#8243; _builder_version=&#8221;4.17.4&#8243; _module_preset=&#8221;default&#8221; global_colors_info=&#8221;{}&#8221;][et_pb_code _builder_version=&#8221;4.17.4&#8243; _module_preset=&#8221;default&#8221; text_orientation=&#8221;center&#8221; link_option_url=&#8221;https:\/\/cdn.knightlab.com\/libs\/timeline3\/latest\/embed\/index.html?source=1psQxhs0hnCBtXWJXEAOjzMi14t9q1PvnWs7s5ZrOIM0&#038;font=Bitter-Raleway&#038;lang=pt-br&#038;initial_zoom=2&#038;height=650%27&#8243; global_colors_info=&#8221;{}&#8221;]<iframe src='https:\/\/cdn.knightlab.com\/libs\/timeline3\/latest\/embed\/index.html?source=1psQxhs0hnCBtXWJXEAOjzMi14t9q1PvnWs7s5ZrOIM0&#038;font=Bitter-Raleway&#038;lang=pt-br&#038;initial_zoom=2&#038;height=650' width='100%' height='650' webkitallowfullscreen mozallowfullscreen allowfullscreen frameborder='0'><\/iframe><!-- [et_pb_line_break_holder] -->[\/et_pb_code][\/et_pb_column][\/et_pb_row][et_pb_row column_structure=&#8221;2_3,1_3&#8243; _builder_version=&#8221;4.17.4&#8243; _module_preset=&#8221;default&#8221; custom_padding=&#8221;10vh||||false|false&#8221; global_colors_info=&#8221;{}&#8221;][et_pb_column type=&#8221;2_3&#8243; _builder_version=&#8221;4.17.4&#8243; _module_preset=&#8221;default&#8221; global_colors_info=&#8221;{}&#8221;][et_pb_text _builder_version=&#8221;4.17.4&#8243; _module_preset=&#8221;default&#8221; global_colors_info=&#8221;{}&#8221;]<\/p>\n<p style=\"text-align: justify;\">No Brasil, o jornalismo teve sua primeira apari\u00e7\u00e3o atrav\u00e9s de um di\u00e1rio oficial no ano de 59 a.C. O <em>Acta Diurna<\/em> (Atos do Dia) nasceu por determina\u00e7\u00e3o do imperador romano J\u00falio C\u00e9sar. O objetivo foi para que houvesse a produ\u00e7\u00e3o e exposi\u00e7\u00e3o em local p\u00fablico de uma folha di\u00e1ria com os acontecimentos do dia, entre eles, casamentos, acordos, a entrada em vigor de novas leis, etc. Dessa forma, todos da sociedade estariam informados sobre os fatos di\u00e1rios e, assim, nasce a primeira atividade jornal\u00edstica de apura\u00e7\u00e3o e propaga\u00e7\u00e3o de informa\u00e7\u00f5es.<\/p>\n<p style=\"text-align: justify;\">Em 1430, o alem\u00e3o Johannes Gutenberg inventou a prensa, o que contribuiu com a produ\u00e7\u00e3o em escala industrial de livros. Atrav\u00e9s de um molde com tinta ou prensa, era poss\u00edvel imprimir diversas c\u00f3pias de um texto em poucas horas. Em 1808, com a vinda da fam\u00edlia real portuguesa ao Brasil, mudan\u00e7as come\u00e7aram a surgir. Em 1\u00ba de junho de 1808, teve in\u00edcio a circula\u00e7\u00e3o do primeiro peri\u00f3dico do Brasil, o Correio Braziliense. No mesmo ano, em 10 de setembro, circulou pela primeira vez em territ\u00f3rio nacional o jornal impresso Gazeta do Rio de Janeiro.<\/p>\n<p style=\"text-align: justify;\">No dia 6 de abril de 1919, a primeira r\u00e1dio foi fundada no Brasil. A R\u00e1dio Clube de Pernambuco chegou pelas m\u00e3os do radiotelegrafista Ant\u00f4nio Joaquim Pereira, no Recife. Em 18 de setembro de 1950, Assis Chateaubriand fundou a primeira emissora de televis\u00e3o no pa\u00eds, a TV Tupi de S\u00e3o Paulo. No fim do s\u00e9culo, a d\u00e9cada de 1990 ficou marcada na hist\u00f3ria das reda\u00e7\u00f5es. A partir dali, as m\u00e1quinas de escrever foram substitu\u00eddas pelos computadores, deixando os jornalistas surpresos com o desafio de adentrar o universo digital, que substituiu a tecnologia anal\u00f3gica paulatinamente. Inaugura-se a era digital nas rotinas de produ\u00e7\u00e3o jornal\u00edsticas.<\/p>\n<p>[\/et_pb_text][\/et_pb_column][et_pb_column type=&#8221;1_3&#8243; _builder_version=&#8221;4.17.4&#8243; _module_preset=&#8221;default&#8221; global_colors_info=&#8221;{}&#8221;][\/et_pb_column][\/et_pb_row][et_pb_row column_structure=&#8221;2_3,1_3&#8243; _builder_version=&#8221;4.17.4&#8243; _module_preset=&#8221;default&#8221; custom_padding=&#8221;0px||||false|false&#8221; global_colors_info=&#8221;{}&#8221;][et_pb_column type=&#8221;2_3&#8243; _builder_version=&#8221;4.17.4&#8243; _module_preset=&#8221;default&#8221; global_colors_info=&#8221;{}&#8221;][et_pb_text _builder_version=&#8221;4.17.4&#8243; _module_preset=&#8221;default&#8221; global_colors_info=&#8221;{}&#8221;]<\/p>\n<p style=\"text-align: justify;\">Com o surgimento das novas tecnologias, o jornalismo teve que se reinventar e se adaptar \u00e0s novas condi\u00e7\u00f5es de trabalho que surgiram ao longo do tempo, o que podemos denominar de uma nova era jornal\u00edstica, tanto para as empresas quanto para os profissionais. Apesar das mudan\u00e7as, os princ\u00edpios b\u00e1sicos do jornalismo n\u00e3o mudaram. O compromisso \u00e9tico \u00e9 a base para todo jornalista, segundo est\u00e1 contido no C\u00f3digo de \u00c9tica dos Jornalistas Brasileiros, Art. 3\u00ba. Sobre essa defini\u00e7\u00e3o de \u00e9tica jornal\u00edstica, a doutora em Comunica\u00e7\u00e3o Aline Grego, professora do curso de Jornalismo da Unicap, destaca. &#8220;O compromisso \u00e9tico do jornalismo \u00e9 o de levar informa\u00e7\u00e3o de qualidade, credibilidade, e de forma honesta e segura, mas, sobretudo, levando em considera\u00e7\u00e3o a relev\u00e2ncia e o papel social que esse profissional tem com a sociedade\u201d, afirma.<\/p>\n<p>[\/et_pb_text][\/et_pb_column][et_pb_column type=&#8221;1_3&#8243; _builder_version=&#8221;4.17.4&#8243; _module_preset=&#8221;default&#8221; global_colors_info=&#8221;{}&#8221;][\/et_pb_column][\/et_pb_row][et_pb_row column_structure=&#8221;1_3,2_3&#8243; _builder_version=&#8221;4.17.4&#8243; _module_preset=&#8221;default&#8221; global_colors_info=&#8221;{}&#8221;][et_pb_column type=&#8221;1_3&#8243; _builder_version=&#8221;4.17.4&#8243; _module_preset=&#8221;default&#8221; global_colors_info=&#8221;{}&#8221;][et_pb_image src=&#8221;https:\/\/webjornalismo.unicap.br\/marketing-digital\/wp-content\/uploads\/2022\/05\/Cecilia.jpg&#8221; title_text=&#8221;Cecilia&#8221; align=&#8221;center&#8221; _builder_version=&#8221;4.17.4&#8243; _module_preset=&#8221;default&#8221; border_radii=&#8221;on|600px|600px|600px|600px&#8221; global_colors_info=&#8221;{}&#8221;][\/et_pb_image][\/et_pb_column][et_pb_column type=&#8221;2_3&#8243; _builder_version=&#8221;4.17.4&#8243; _module_preset=&#8221;default&#8221; global_colors_info=&#8221;{}&#8221;][et_pb_text _builder_version=&#8221;4.17.4&#8243; _module_preset=&#8221;default&#8221; text_font=&#8221;|700|||||||&#8221; text_text_color=&#8221;#E09900&#8243; text_font_size=&#8221;22px&#8221; text_line_height=&#8221;1.2em&#8221; global_colors_info=&#8221;{}&#8221;]<\/p>\n<p style=\"text-align: justify;\"><span style=\"font-weight: 400;\">\u201cO jornalismo \u00e9 uma atividade que est\u00e1 relacionada \u00e0 busca e verifica\u00e7\u00e3o de informa\u00e7\u00f5es de interesse p\u00fablico de relev\u00e2ncia para o p\u00fablico mais amplo. Tem como fun\u00e7\u00e3o oferecer e trazer para essa popula\u00e7\u00e3o as informa\u00e7\u00f5es para que as pessoas possam conviver em sociedade e tomar suas decis\u00f5es&#8221;.<\/span><\/p>\n<p>[\/et_pb_text][et_pb_text _builder_version=&#8221;4.17.4&#8243; _module_preset=&#8221;default&#8221; text_font_size=&#8221;14px&#8221; global_colors_info=&#8221;{}&#8221;]<\/p>\n<p>Cec\u00edlia Almeida, jornalista e professora de comunica\u00e7\u00e3o social da UFPE, doutora em Comunica\u00e7\u00e3o.<\/p>\n<p>[\/et_pb_text][\/et_pb_column][\/et_pb_row][et_pb_row column_structure=&#8221;2_3,1_3&#8243; _builder_version=&#8221;4.17.4&#8243; _module_preset=&#8221;default&#8221; custom_padding=&#8221;0px||||false|false&#8221; global_colors_info=&#8221;{}&#8221;][et_pb_column type=&#8221;2_3&#8243; _builder_version=&#8221;4.17.4&#8243; _module_preset=&#8221;default&#8221; global_colors_info=&#8221;{}&#8221;][et_pb_text _builder_version=&#8221;4.17.4&#8243; _module_preset=&#8221;default&#8221; global_colors_info=&#8221;{}&#8221;]<\/p>\n<p style=\"text-align: justify;\"><span style=\"font-weight: 400;\">Segundo a pesquisa TIC Domic\u00edlios 2020 promovida pelo Comit\u00ea Gestor da Internet do Brasil e lan\u00e7ada em 2021, o Brasil possui 152 milh\u00f5es de usu\u00e1rios de internet, o que corresponde a 81% da popula\u00e7\u00e3o do pa\u00eds. A partir do aumento de pessoas conectadas, a comunica\u00e7\u00e3o sofre um impacto na forma de receber as informa\u00e7\u00f5es, que, agora, saem do f\u00edsico e passam a estar mais no ambiente digital.<\/span><\/p>\n<p style=\"text-align: justify;\"><span style=\"font-weight: 400;\">O professor Lula Pinto, coordenador do Mestrado em Ind\u00fastrias Criativas da Unicap, explica como o p\u00fablico passou a <\/span><span style=\"font-weight: 400;\">receber os conte\u00fados jornal\u00edsticos. \u201cA midiatiza\u00e7\u00e3o do jornalismo \u00e9 um processo pautado, definido e realizado por algumas tecnologias midi\u00e1ticas espec\u00edficas e isso \u00e9 um efeito das coisas que acontecem na sociedade\u201d, afirma Lula.<\/span><\/p>\n<p style=\"text-align: justify;\"><span style=\"font-weight: 400;\">A pandemia fez crescer ainda mais essa presen\u00e7a do p\u00fablico nesse mundo digital. Prova disso, foi o salto no acesso \u00e0s redes sociais e ao ambiente online, em 2021,\u00a0 de 40% para 63%<\/span><span style=\"font-weight: 400;\">, segundo dados do Digital News Report, da Ag\u00eancia Reuters.\u00a0 Com esse crescimento, o jornalismo est\u00e1, cada vez mais, em busca de garantir seu trabalho de entregar informa\u00e7\u00f5es. Assim, a converg\u00eancia entre o jornalismo e o marketing digital se torna cada vez mais um caminho a seguir no campo da comunica\u00e7\u00e3o.<\/span><\/p>\n<p>[\/et_pb_text][\/et_pb_column][et_pb_column type=&#8221;1_3&#8243; _builder_version=&#8221;4.17.4&#8243; _module_preset=&#8221;default&#8221; global_colors_info=&#8221;{}&#8221;][et_pb_image src=&#8221;https:\/\/webjornalismo.unicap.br\/marketing-digital\/wp-content\/uploads\/2022\/05\/Lula-Pinto.jpg&#8221; title_text=&#8221;Lula-Pinto&#8221; show_bottom_space=&#8221;off&#8221; align=&#8221;center&#8221; _builder_version=&#8221;4.17.4&#8243; _module_preset=&#8221;default&#8221; border_radii=&#8221;on|600px|600px|600px|600px&#8221; global_colors_info=&#8221;{}&#8221;][\/et_pb_image][et_pb_text _builder_version=&#8221;4.17.4&#8243; _module_preset=&#8221;default&#8221; text_font_size=&#8221;14px&#8221; text_orientation=&#8221;center&#8221; custom_padding=&#8221;10px||||false|false&#8221; global_colors_info=&#8221;{}&#8221;]<\/p>\n<p>Lula Pinto, coordenador do Mestrado<br \/>em Ind\u00fastrias Criativas da Unicap<\/p>\n<p>[\/et_pb_text][\/et_pb_column][\/et_pb_row][et_pb_row column_structure=&#8221;2_3,1_3&#8243; _builder_version=&#8221;4.17.4&#8243; _module_preset=&#8221;default&#8221; custom_padding=&#8221;||||false|false&#8221; global_colors_info=&#8221;{}&#8221;][et_pb_column type=&#8221;2_3&#8243; _builder_version=&#8221;4.17.4&#8243; _module_preset=&#8221;default&#8221; global_colors_info=&#8221;{}&#8221;][et_pb_text _builder_version=&#8221;4.17.4&#8243; _module_preset=&#8221;default&#8221; header_2_text_color=&#8221;#e53067&#8243; global_colors_info=&#8221;{}&#8221;]<\/p>\n<h2>O ponto de partida para as novas possibilidades<\/h2>\n<p style=\"text-align: justify;\"><span style=\"font-weight: 400;\">O<\/span><span style=\"font-weight: 400;\"> Marketing Digital <\/span><span style=\"font-weight: 400;\">\u00e9 um conjunto de estrat\u00e9gias de comunica\u00e7\u00e3o, marketing e publicidade, aplicadas a Internet, a partir do comportamento do consumidor quando est\u00e1 navegando. N\u00e3o se trata apenas de uma a\u00e7\u00e3o, mas de um conjunto de feitos que criam um contato da sua empresa\/marca com seus clientes, o que possibilita o conhecimento do neg\u00f3cio e, posteriormente, a decis\u00e3o de compra.<\/span><\/p>\n<p style=\"text-align: justify;\"><span style=\"font-weight: 400;\">O termo <\/span><span style=\"font-weight: 400;\">foi usado pela primeira vez na d\u00e9cada de 1990 com o desenvolvimento da plataforma WEB1.0. \u00c9 neste per\u00edodo que surgem os blogs, e-mails, buscadores e o interesse das empresas em dar os primeiros passos na \u00e1rea e investir em links patrocinados. <\/span><span style=\"font-weight: 400;\">Assim, o marketing se expandiu no mercado, fazendo com que \u00e1reas como o jornalismo se interessasse pelo trabalho e encaixasse seus conhecimentos no ramo.<\/span><span style=\"font-weight: 400;\">\u00a0<\/span><\/p>\n<p style=\"text-align: justify;\"><span style=\"font-weight: 400;\">Dessa forma, ocorreu a converg\u00eancia entre as duas profiss\u00f5es. Isso impactou positivamente o mercado do jornalista e aumentou as possibilidades de trabalho. Para os jornalistas, e estudantes da gradua\u00e7\u00e3o, novas formas de trabalho surgiram como a de social media, web design, analista de redes sociais. Muitos foram atuar com a experi\u00eancia do usu\u00e1rio, o marketing de conte\u00fado e a gest\u00e3o de m\u00eddias sociais, entre outras possibilidades que foram surgindo.<\/span><\/p>\n<p>[\/et_pb_text][\/et_pb_column][et_pb_column type=&#8221;1_3&#8243; _builder_version=&#8221;4.17.4&#8243; _module_preset=&#8221;default&#8221; global_colors_info=&#8221;{}&#8221;][\/et_pb_column][\/et_pb_row][et_pb_row column_structure=&#8221;2_3,1_3&#8243; _builder_version=&#8221;4.17.4&#8243; _module_preset=&#8221;default&#8221; custom_padding=&#8221;0px||10vh||false|false&#8221; global_colors_info=&#8221;{}&#8221;][et_pb_column type=&#8221;2_3&#8243; _builder_version=&#8221;4.17.4&#8243; _module_preset=&#8221;default&#8221; global_colors_info=&#8221;{}&#8221;][et_pb_text _builder_version=&#8221;4.17.4&#8243; _module_preset=&#8221;default&#8221; global_colors_info=&#8221;{}&#8221;]<\/p>\n<p style=\"text-align: justify;\"><span style=\"font-weight: 400;\">A professora Aline Grego acredita que, ao mesmo tempo em que cria nossas possibilidades, o marketing digital tamb\u00e9m traz desafios para os jornalistas. Para ela, hoje em dia, \u00e9 preciso entender todos os dados e informa\u00e7\u00f5es que est\u00e3o presentes no jornalismo digital para conseguir fazer uma apura\u00e7\u00e3o correta. \u201c<\/span><span style=\"font-weight: 400;\">A forma\u00e7\u00e3o do jornalista, sobretudo de quem est\u00e1 na universidade, \u00e9 entender que n\u00e3o basta mais s\u00f3 dominar o texto, a imagem e o som. Vai precisar dominar e saber lidar com essa quantidade enorme de dados e informa\u00e7\u00f5es e saber minerar as informa\u00e7\u00f5es. E, ao selecionar essas informa\u00e7\u00f5es, saber, atrav\u00e9s da sua capacidade de investiga\u00e7\u00e3o, de comprometimento, de apura\u00e7\u00e3o, analisar, dentro daquele mundo de dados e informa\u00e7\u00f5es, o que procede e o que vale a pena ser divulgado e confrontado<\/span><span style=\"font-weight: 400;\">\u201d, aponta.<\/span><\/p>\n<p><span style=\"font-weight: 400;\">Para muitos profissionais da \u00e1rea, o jornalismo est\u00e1 em fase de adapta\u00e7\u00e3o ao universo do marketing digital. Um tempo de descobertas e constru\u00e7\u00e3o de novos campos profissionais. Um caminho que alguns est\u00e3o trilhando, abrindo espa\u00e7os em empresas de comunica\u00e7\u00e3o e ampliando os espa\u00e7os de atua\u00e7\u00e3o.<\/span><\/p>\n<p>[\/et_pb_text][\/et_pb_column][et_pb_column type=&#8221;1_3&#8243; _builder_version=&#8221;4.17.4&#8243; _module_preset=&#8221;default&#8221; global_colors_info=&#8221;{}&#8221;][et_pb_image src=&#8221;https:\/\/webjornalismo.unicap.br\/marketing-digital\/wp-content\/uploads\/2022\/05\/Aline-Grego.jpg&#8221; title_text=&#8221;Aline-Grego&#8221; show_bottom_space=&#8221;off&#8221; align=&#8221;center&#8221; _builder_version=&#8221;4.17.4&#8243; _module_preset=&#8221;default&#8221; border_radii=&#8221;on|600px|600px|600px|600px&#8221; global_colors_info=&#8221;{}&#8221;][\/et_pb_image][et_pb_text _builder_version=&#8221;4.17.4&#8243; _module_preset=&#8221;default&#8221; text_font_size=&#8221;14px&#8221; text_orientation=&#8221;center&#8221; custom_padding=&#8221;10px||||false|false&#8221; global_colors_info=&#8221;{}&#8221;]<\/p>\n<p>Aline Grego, professora do curso<br \/>de Jornalismo da Unicap<\/p>\n<p>[\/et_pb_text][\/et_pb_column][\/et_pb_row][\/et_pb_section]<\/p>\n","protected":false},"excerpt":{"rendered":"<p>No Brasil, o jornalismo teve sua primeira apari\u00e7\u00e3o atrav\u00e9s de um di\u00e1rio oficial no ano de 59 a.C. O Acta Diurna (Atos do Dia) nasceu por determina\u00e7\u00e3o do imperador romano J\u00falio C\u00e9sar. O objetivo foi para que houvesse a produ\u00e7\u00e3o e exposi\u00e7\u00e3o em local p\u00fablico de uma folha di\u00e1ria com os acontecimentos do dia, entre [&hellip;]<\/p>\n","protected":false},"author":1,"featured_media":0,"parent":0,"menu_order":0,"comment_status":"closed","ping_status":"closed","template":"","meta":{"_et_pb_use_builder":"on","_et_pb_old_content":"","_et_gb_content_width":""},"_links":{"self":[{"href":"https:\/\/webjornalismo.unicap.br\/marketing-digital\/wp-json\/wp\/v2\/pages\/56"}],"collection":[{"href":"https:\/\/webjornalismo.unicap.br\/marketing-digital\/wp-json\/wp\/v2\/pages"}],"about":[{"href":"https:\/\/webjornalismo.unicap.br\/marketing-digital\/wp-json\/wp\/v2\/types\/page"}],"author":[{"embeddable":true,"href":"https:\/\/webjornalismo.unicap.br\/marketing-digital\/wp-json\/wp\/v2\/users\/1"}],"replies":[{"embeddable":true,"href":"https:\/\/webjornalismo.unicap.br\/marketing-digital\/wp-json\/wp\/v2\/comments?post=56"}],"version-history":[{"count":33,"href":"https:\/\/webjornalismo.unicap.br\/marketing-digital\/wp-json\/wp\/v2\/pages\/56\/revisions"}],"predecessor-version":[{"id":318,"href":"https:\/\/webjornalismo.unicap.br\/marketing-digital\/wp-json\/wp\/v2\/pages\/56\/revisions\/318"}],"wp:attachment":[{"href":"https:\/\/webjornalismo.unicap.br\/marketing-digital\/wp-json\/wp\/v2\/media?parent=56"}],"curies":[{"name":"wp","href":"https:\/\/api.w.org\/{rel}","templated":true}]}}