{"id":114,"date":"2022-05-24T18:59:24","date_gmt":"2022-05-24T21:59:24","guid":{"rendered":"https:\/\/webjornalismo.unicap.br\/marketing-digital\/?page_id=114"},"modified":"2022-06-07T13:46:56","modified_gmt":"2022-06-07T16:46:56","slug":"na-pratica","status":"publish","type":"page","link":"https:\/\/webjornalismo.unicap.br\/marketing-digital\/na-pratica\/","title":{"rendered":"Profiss\u00f5es que convergem para um novo mercado"},"content":{"rendered":"<p>[et_pb_section fb_built=&#8221;1&#8243; _builder_version=&#8221;4.17.4&#8243; _module_preset=&#8221;default&#8221; background_color=&#8221;#f4973a&#8221; background_image=&#8221;https:\/\/webjornalismo.unicap.br\/marketing-digital\/wp-content\/uploads\/2022\/05\/bg-parede2.jpg&#8221; background_blend=&#8221;multiply&#8221; background_enable_pattern_style=&#8221;on&#8221; background_pattern_style=&#8221;diagonal-stripes-2&#8243; background_pattern_color=&#8221;rgba(0,0,0,0.06)&#8221; background_pattern_size=&#8221;custom&#8221; background_pattern_width=&#8221;22px&#8221; global_colors_info=&#8221;{}&#8221;][et_pb_row _builder_version=&#8221;4.17.4&#8243; _module_preset=&#8221;default&#8221; global_colors_info=&#8221;{}&#8221;][et_pb_column type=&#8221;4_4&#8243; _builder_version=&#8221;4.17.4&#8243; _module_preset=&#8221;default&#8221; global_colors_info=&#8221;{}&#8221;][et_pb_post_title meta=&#8221;off&#8221; featured_image=&#8221;off&#8221; text_color=&#8221;light&#8221; _builder_version=&#8221;4.17.4&#8243; _module_preset=&#8221;default&#8221; background_enable_color=&#8221;off&#8221; custom_margin=&#8221;5vh||5vh||true|false&#8221; global_colors_info=&#8221;{}&#8221;][\/et_pb_post_title][\/et_pb_column][\/et_pb_row][\/et_pb_section][et_pb_section fb_built=&#8221;1&#8243; _builder_version=&#8221;4.17.4&#8243; _module_preset=&#8221;default&#8221; custom_padding=&#8221;0px||10vh||false|false&#8221; global_colors_info=&#8221;{}&#8221;][et_pb_row column_structure=&#8221;2_3,1_3&#8243; _builder_version=&#8221;4.17.4&#8243; _module_preset=&#8221;default&#8221; global_colors_info=&#8221;{}&#8221;][et_pb_column type=&#8221;2_3&#8243; _builder_version=&#8221;4.17.4&#8243; _module_preset=&#8221;default&#8221; global_colors_info=&#8221;{}&#8221;][et_pb_text _builder_version=&#8221;4.17.4&#8243; _module_preset=&#8221;default&#8221; global_colors_info=&#8221;{}&#8221;]<\/p>\n<p style=\"text-align: justify;\"><span style=\"font-weight: 400;\">Na era digital, o jornalismo depara-se com novas e in\u00fameras oportunidades no mercado de trabalho. Essas mudan\u00e7as exigem que os jornalistas estejam preparados para esse novo cen\u00e1rio, seja atrav\u00e9s da gradua\u00e7\u00e3o em uma universidade ou por meio de cursos e especializa\u00e7\u00f5es. Ana Maria, Marcela Nunes, Bruna de Oliveira, Neiva Saori e Mariana Meireles s\u00e3o jornalistas que fazem parte de uma parcela que conquistou o mercado de trabalho ap\u00f3s a converg\u00eancia entre o jornalismo e as tend\u00eancias do marketing digital.\u00a0<\/span><\/p>\n<p style=\"text-align: justify;\"><span style=\"font-weight: 400;\">Hoje em dia, elas ocupam fun\u00e7\u00f5es antes distantes do jornalismo tradicional do r\u00e1dio, da televis\u00e3o ou do jornal impresso. Na s\u00e9rie de v\u00eddeos abaixo, voc\u00ea vai conhecer um pouco mais sobre as profissionais e as fun\u00e7\u00f5es que elas desempenham em profiss\u00f5es como Gestora de Marketing Digital, Social Media, Design de Conte\u00fado, entre outras. Como foi essa migra\u00e7\u00e3o de fun\u00e7\u00f5es para as entrevistadas, qual \u00e9 a contribui\u00e7\u00e3o do jornalismo para esse novo cen\u00e1rio profissional e quais fun\u00e7\u00f5es elas desempenham no dia a dia, foram algumas das perguntas que responderam.\u00a0<\/span><\/p>\n<p>[\/et_pb_text][\/et_pb_column][et_pb_column type=&#8221;1_3&#8243; _builder_version=&#8221;4.17.4&#8243; _module_preset=&#8221;default&#8221; global_colors_info=&#8221;{}&#8221;][\/et_pb_column][\/et_pb_row][et_pb_row column_structure=&#8221;2_3,1_3&#8243; _builder_version=&#8221;4.17.4&#8243; _module_preset=&#8221;default&#8221; global_colors_info=&#8221;{}&#8221;][et_pb_column type=&#8221;2_3&#8243; _builder_version=&#8221;4.17.4&#8243; _module_preset=&#8221;default&#8221; global_colors_info=&#8221;{}&#8221;][et_pb_accordion _builder_version=&#8221;4.17.4&#8243; _module_preset=&#8221;default&#8221; closed_toggle_font_size=&#8221;18px&#8221; global_colors_info=&#8221;{}&#8221;][et_pb_accordion_item title=&#8221;Ana Maria&#8221; open=&#8221;on&#8221; open_toggle_text_color=&#8221;#FFFFFF&#8221; closed_toggle_text_color=&#8221;#FFFFFF&#8221; _builder_version=&#8221;4.17.4&#8243; _module_preset=&#8221;default&#8221; body_text_color=&#8221;#FFFFFF&#8221; background_color=&#8221;#e53067&#8243; background_enable_color=&#8221;on&#8221; global_colors_info=&#8221;{}&#8221; toggle_text_color=&#8221;#FFFFFF&#8221; toggle_level=&#8221;h4&#8243; toggle_font_size=&#8221;30px&#8221;]<\/p>\n<h4>Jornalista<\/h4>\n<p>Gestora de Comunica\u00e7\u00e3o e Marketing Digital<\/p>\n<p><iframe loading=\"lazy\" title=\"Ana Maria\" width=\"1080\" height=\"608\" src=\"https:\/\/www.youtube.com\/embed\/xDL_A2hzCXI?feature=oembed\"  allow=\"accelerometer; autoplay; clipboard-write; encrypted-media; gyroscope; picture-in-picture\" allowfullscreen><\/iframe><\/p>\n<p>[\/et_pb_accordion_item][et_pb_accordion_item title=&#8221;Marcela Nunes&#8221; open_toggle_text_color=&#8221;#FFFFFF&#8221; closed_toggle_text_color=&#8221;#FFFFFF&#8221; _builder_version=&#8221;4.17.4&#8243; _module_preset=&#8221;default&#8221; body_text_color=&#8221;#FFFFFF&#8221; background_color=&#8221;#744a95&#8243; background_enable_color=&#8221;on&#8221; global_colors_info=&#8221;{}&#8221; toggle_text_color=&#8221;#FFFFFF&#8221; toggle_font_size=&#8221;30px&#8221; open=&#8221;off&#8221;]<\/p>\n<h4>Jornalista<\/h4>\n<p><span style=\"color: #ffffff;\"><a href=\"https:\/\/youtu.be\/OQkEvfRAq9w\" style=\"color: #ffffff;\">Gestora de Marketing Digital<\/a><\/span><\/p>\n<p><iframe loading=\"lazy\" title=\"Marcela Nunes\" width=\"1080\" height=\"608\" src=\"https:\/\/www.youtube.com\/embed\/OQkEvfRAq9w?feature=oembed\"  allow=\"accelerometer; autoplay; clipboard-write; encrypted-media; gyroscope; picture-in-picture\" allowfullscreen><\/iframe><\/p>\n<p>[\/et_pb_accordion_item][et_pb_accordion_item title=&#8221;Bruna de Oliveira&#8221; open_toggle_text_color=&#8221;#FFFFFF&#8221; closed_toggle_text_color=&#8221;#FFFFFF&#8221; _builder_version=&#8221;4.17.4&#8243; _module_preset=&#8221;default&#8221; body_text_color=&#8221;#FFFFFF&#8221; background_color=&#8221;#a6346d&#8221; background_enable_color=&#8221;on&#8221; global_colors_info=&#8221;{}&#8221; toggle_text_color=&#8221;#FFFFFF&#8221; toggle_font_size=&#8221;30px&#8221; open=&#8221;off&#8221;]<\/p>\n<h4>Jornalista<\/h4>\n<p>Social Media<\/p>\n<p><iframe loading=\"lazy\" title=\"Bruna de Oliveira\" width=\"1080\" height=\"608\" src=\"https:\/\/www.youtube.com\/embed\/mfZc1KJW-eE?feature=oembed\"  allow=\"accelerometer; autoplay; clipboard-write; encrypted-media; gyroscope; picture-in-picture\" allowfullscreen><\/iframe><\/p>\n<p>[\/et_pb_accordion_item][et_pb_accordion_item title=&#8221;Neiva Saori&#8221; open_toggle_text_color=&#8221;#FFFFFF&#8221; _builder_version=&#8221;4.17.4&#8243; _module_preset=&#8221;default&#8221; body_text_color=&#8221;#FFFFFF&#8221; background_color=&#8221;#f4973a&#8221; background_enable_color=&#8221;on&#8221; global_colors_info=&#8221;{}&#8221; toggle_text_color=&#8221;#FFFFFF&#8221; toggle_font_size=&#8221;30px&#8221; open=&#8221;off&#8221;]<\/p>\n<h4>Jornalista<\/h4>\n<p>Gestora de Marketing Digital<\/p>\n<p><iframe loading=\"lazy\" title=\"Neiva Saori\" width=\"1080\" height=\"608\" src=\"https:\/\/www.youtube.com\/embed\/RTlwdhhJP8M?feature=oembed\"  allow=\"accelerometer; autoplay; clipboard-write; encrypted-media; gyroscope; picture-in-picture\" allowfullscreen><\/iframe><\/p>\n<p>[\/et_pb_accordion_item][et_pb_accordion_item title=&#8221;Marina Meireles&#8221; open_toggle_text_color=&#8221;#FFFFFF&#8221; closed_toggle_text_color=&#8221;#FFFFFF&#8221; _builder_version=&#8221;4.17.4&#8243; _module_preset=&#8221;default&#8221; body_text_color=&#8221;#FFFFFF&#8221; background_color=&#8221;#ea6434&#8243; background_enable_color=&#8221;on&#8221; global_colors_info=&#8221;{}&#8221; toggle_text_color=&#8221;#FFFFFF&#8221; toggle_font_size=&#8221;30px&#8221; open=&#8221;off&#8221;]<\/p>\n<h4>Jornalista<\/h4>\n<p>Designer de conte\u00fado<\/p>\n<p><iframe loading=\"lazy\" title=\"Marina Meireles\" width=\"1080\" height=\"608\" src=\"https:\/\/www.youtube.com\/embed\/LCJUTI0wQs0?feature=oembed\"  allow=\"accelerometer; autoplay; clipboard-write; encrypted-media; gyroscope; picture-in-picture\" allowfullscreen><\/iframe><\/p>\n<p>[\/et_pb_accordion_item][\/et_pb_accordion][et_pb_sidebar _builder_version=&#8221;4.17.4&#8243; _module_preset=&#8221;default&#8221; global_colors_info=&#8221;{}&#8221;][\/et_pb_sidebar][\/et_pb_column][et_pb_column type=&#8221;1_3&#8243; _builder_version=&#8221;4.17.4&#8243; _module_preset=&#8221;default&#8221; global_colors_info=&#8221;{}&#8221;][\/et_pb_column][\/et_pb_row][\/et_pb_section]<\/p>\n","protected":false},"excerpt":{"rendered":"<p>Na era digital, o jornalismo depara-se com novas e in\u00fameras oportunidades no mercado de trabalho. Essas mudan\u00e7as exigem que os jornalistas estejam preparados para esse novo cen\u00e1rio, seja atrav\u00e9s da gradua\u00e7\u00e3o em uma universidade ou por meio de cursos e especializa\u00e7\u00f5es. Ana Maria, Marcela Nunes, Bruna de Oliveira, Neiva Saori e Mariana Meireles s\u00e3o jornalistas [&hellip;]<\/p>\n","protected":false},"author":1,"featured_media":0,"parent":0,"menu_order":0,"comment_status":"closed","ping_status":"closed","template":"","meta":{"_et_pb_use_builder":"on","_et_pb_old_content":"","_et_gb_content_width":""},"_links":{"self":[{"href":"https:\/\/webjornalismo.unicap.br\/marketing-digital\/wp-json\/wp\/v2\/pages\/114"}],"collection":[{"href":"https:\/\/webjornalismo.unicap.br\/marketing-digital\/wp-json\/wp\/v2\/pages"}],"about":[{"href":"https:\/\/webjornalismo.unicap.br\/marketing-digital\/wp-json\/wp\/v2\/types\/page"}],"author":[{"embeddable":true,"href":"https:\/\/webjornalismo.unicap.br\/marketing-digital\/wp-json\/wp\/v2\/users\/1"}],"replies":[{"embeddable":true,"href":"https:\/\/webjornalismo.unicap.br\/marketing-digital\/wp-json\/wp\/v2\/comments?post=114"}],"version-history":[{"count":40,"href":"https:\/\/webjornalismo.unicap.br\/marketing-digital\/wp-json\/wp\/v2\/pages\/114\/revisions"}],"predecessor-version":[{"id":322,"href":"https:\/\/webjornalismo.unicap.br\/marketing-digital\/wp-json\/wp\/v2\/pages\/114\/revisions\/322"}],"wp:attachment":[{"href":"https:\/\/webjornalismo.unicap.br\/marketing-digital\/wp-json\/wp\/v2\/media?parent=114"}],"curies":[{"name":"wp","href":"https:\/\/api.w.org\/{rel}","templated":true}]}}

Profissões que convergem para um novo mercado

<p>[et_pb_section fb_built=&#8221;1&#8243; _builder_version=&#8221;4.17.4&#8243; _module_preset=&#8221;default&#8221; background_color=&#8221;#f4973a&#8221; background_image=&#8221;https://webjornalismo.unicap.br/marketing-digital/wp-content/uploads/2022/05/bg-parede2.jpg&#8221; background_blend=&#8221;multiply&#8221; background_enable_pattern_style=&#8221;on&#8221; background_pattern_style=&#8221;diagonal-stripes-2&#8243; background_pattern_color=&#8221;rgba(0,0,0,0.06)&#8221; background_pattern_size=&#8221;custom&#8221; background_pattern_width=&#8221;22px&#8221; global_colors_info=&#8221;{}&#8221;][et_pb_row _builder_version=&#8221;4.17.4&#8243; _module_preset=&#8221;default&#8221; global_colors_info=&#8221;{}&#8221;][et_pb_column type=&#8221;4_4&#8243; _builder_version=&#8221;4.17.4&#8243; _module_preset=&#8221;default&#8221; global_colors_info=&#8221;{}&#8221;][et_pb_post_title meta=&#8221;off&#8221; featured_image=&#8221;off&#8221; text_color=&#8221;light&#8221; _builder_version=&#8221;4.17.4&#8243; _module_preset=&#8221;default&#8221; background_enable_color=&#8221;off&#8221; custom_margin=&#8221;5vh||5vh||true|false&#8221; global_colors_info=&#8221;{}&#8221;][/et_pb_post_title][/et_pb_column][/et_pb_row][/et_pb_section][et_pb_section fb_built=&#8221;1&#8243; _builder_version=&#8221;4.17.4&#8243; _module_preset=&#8221;default&#8221; custom_padding=&#8221;0px||10vh||false|false&#8221; global_colors_info=&#8221;{}&#8221;][et_pb_row column_structure=&#8221;2_3,1_3&#8243; _builder_version=&#8221;4.17.4&#8243; _module_preset=&#8221;default&#8221; global_colors_info=&#8221;{}&#8221;][et_pb_column type=&#8221;2_3&#8243; _builder_version=&#8221;4.17.4&#8243; _module_preset=&#8221;default&#8221; global_colors_info=&#8221;{}&#8221;][et_pb_text _builder_version=&#8221;4.17.4&#8243; _module_preset=&#8221;default&#8221; global_colors_info=&#8221;{}&#8221;]</p>
<p style="text-align: justify;"><span style="font-weight: 400;">Na era digital, o jornalismo depara-se com novas e inúmeras oportunidades no mercado de trabalho. Essas mudanças exigem que os jornalistas estejam preparados para esse novo cenário, seja através da graduação em uma universidade ou por meio de cursos e especializações. Ana Maria, Marcela Nunes, Bruna de Oliveira, Neiva Saori e Mariana Meireles são jornalistas que fazem parte de uma parcela que conquistou o mercado de trabalho após a convergência entre o jornalismo e as tendências do marketing digital. </span></p>
<p style="text-align: justify;"><span style="font-weight: 400;">Hoje em dia, elas ocupam funções antes distantes do jornalismo tradicional do rádio, da televisão ou do jornal impresso. Na série de vídeos abaixo, você vai conhecer um pouco mais sobre as profissionais e as funções que elas desempenham em profissões como Gestora de Marketing Digital, Social Media, Design de Conteúdo, entre outras. Como foi essa migração de funções para as entrevistadas, qual é a contribuição do jornalismo para esse novo cenário profissional e quais funções elas desempenham no dia a dia, foram algumas das perguntas que responderam. </span></p>
<p>[/et_pb_text][/et_pb_column][et_pb_column type=&#8221;1_3&#8243; _builder_version=&#8221;4.17.4&#8243; _module_preset=&#8221;default&#8221; global_colors_info=&#8221;{}&#8221;][/et_pb_column][/et_pb_row][et_pb_row column_structure=&#8221;2_3,1_3&#8243; _builder_version=&#8221;4.17.4&#8243; _module_preset=&#8221;default&#8221; global_colors_info=&#8221;{}&#8221;][et_pb_column type=&#8221;2_3&#8243; _builder_version=&#8221;4.17.4&#8243; _module_preset=&#8221;default&#8221; global_colors_info=&#8221;{}&#8221;][et_pb_accordion _builder_version=&#8221;4.17.4&#8243; _module_preset=&#8221;default&#8221; closed_toggle_font_size=&#8221;18px&#8221; global_colors_info=&#8221;{}&#8221;][et_pb_accordion_item title=&#8221;Ana Maria&#8221; open=&#8221;on&#8221; open_toggle_text_color=&#8221;#FFFFFF&#8221; closed_toggle_text_color=&#8221;#FFFFFF&#8221; _builder_version=&#8221;4.17.4&#8243; _module_preset=&#8221;default&#8221; body_text_color=&#8221;#FFFFFF&#8221; background_color=&#8221;#e53067&#8243; background_enable_color=&#8221;on&#8221; global_colors_info=&#8221;{}&#8221; toggle_text_color=&#8221;#FFFFFF&#8221; toggle_level=&#8221;h4&#8243; toggle_font_size=&#8221;30px&#8221;]</p>
<h4>Jornalista</h4>
<p>Gestora de Comunicação e Marketing Digital</p>
<p><iframe loading="lazy" title="Ana Maria" width="1080" height="608" src="https://www.youtube.com/embed/xDL_A2hzCXI?feature=oembed"  allow="accelerometer; autoplay; clipboard-write; encrypted-media; gyroscope; picture-in-picture" allowfullscreen></iframe></p>
<p>[/et_pb_accordion_item][et_pb_accordion_item title=&#8221;Marcela Nunes&#8221; open_toggle_text_color=&#8221;#FFFFFF&#8221; closed_toggle_text_color=&#8221;#FFFFFF&#8221; _builder_version=&#8221;4.17.4&#8243; _module_preset=&#8221;default&#8221; body_text_color=&#8221;#FFFFFF&#8221; background_color=&#8221;#744a95&#8243; background_enable_color=&#8221;on&#8221; global_colors_info=&#8221;{}&#8221; toggle_text_color=&#8221;#FFFFFF&#8221; toggle_font_size=&#8221;30px&#8221; open=&#8221;off&#8221;]</p>
<h4>Jornalista</h4>
<p><span style="color: #ffffff;"><a href="https://youtu.be/OQkEvfRAq9w" style="color: #ffffff;">Gestora de Marketing Digital</a></span></p>
<p><iframe loading="lazy" title="Marcela Nunes" width="1080" height="608" src="https://www.youtube.com/embed/OQkEvfRAq9w?feature=oembed"  allow="accelerometer; autoplay; clipboard-write; encrypted-media; gyroscope; picture-in-picture" allowfullscreen></iframe></p>
<p>[/et_pb_accordion_item][et_pb_accordion_item title=&#8221;Bruna de Oliveira&#8221; open_toggle_text_color=&#8221;#FFFFFF&#8221; closed_toggle_text_color=&#8221;#FFFFFF&#8221; _builder_version=&#8221;4.17.4&#8243; _module_preset=&#8221;default&#8221; body_text_color=&#8221;#FFFFFF&#8221; background_color=&#8221;#a6346d&#8221; background_enable_color=&#8221;on&#8221; global_colors_info=&#8221;{}&#8221; toggle_text_color=&#8221;#FFFFFF&#8221; toggle_font_size=&#8221;30px&#8221; open=&#8221;off&#8221;]</p>
<h4>Jornalista</h4>
<p>Social Media</p>
<p><iframe loading="lazy" title="Bruna de Oliveira" width="1080" height="608" src="https://www.youtube.com/embed/mfZc1KJW-eE?feature=oembed"  allow="accelerometer; autoplay; clipboard-write; encrypted-media; gyroscope; picture-in-picture" allowfullscreen></iframe></p>
<p>[/et_pb_accordion_item][et_pb_accordion_item title=&#8221;Neiva Saori&#8221; open_toggle_text_color=&#8221;#FFFFFF&#8221; _builder_version=&#8221;4.17.4&#8243; _module_preset=&#8221;default&#8221; body_text_color=&#8221;#FFFFFF&#8221; background_color=&#8221;#f4973a&#8221; background_enable_color=&#8221;on&#8221; global_colors_info=&#8221;{}&#8221; toggle_text_color=&#8221;#FFFFFF&#8221; toggle_font_size=&#8221;30px&#8221; open=&#8221;off&#8221;]</p>
<h4>Jornalista</h4>
<p>Gestora de Marketing Digital</p>
<p><iframe loading="lazy" title="Neiva Saori" width="1080" height="608" src="https://www.youtube.com/embed/RTlwdhhJP8M?feature=oembed"  allow="accelerometer; autoplay; clipboard-write; encrypted-media; gyroscope; picture-in-picture" allowfullscreen></iframe></p>
<p>[/et_pb_accordion_item][et_pb_accordion_item title=&#8221;Marina Meireles&#8221; open_toggle_text_color=&#8221;#FFFFFF&#8221; closed_toggle_text_color=&#8221;#FFFFFF&#8221; _builder_version=&#8221;4.17.4&#8243; _module_preset=&#8221;default&#8221; body_text_color=&#8221;#FFFFFF&#8221; background_color=&#8221;#ea6434&#8243; background_enable_color=&#8221;on&#8221; global_colors_info=&#8221;{}&#8221; toggle_text_color=&#8221;#FFFFFF&#8221; toggle_font_size=&#8221;30px&#8221; open=&#8221;off&#8221;]</p>
<h4>Jornalista</h4>
<p>Designer de conteúdo</p>
<p><iframe loading="lazy" title="Marina Meireles" width="1080" height="608" src="https://www.youtube.com/embed/LCJUTI0wQs0?feature=oembed"  allow="accelerometer; autoplay; clipboard-write; encrypted-media; gyroscope; picture-in-picture" allowfullscreen></iframe></p>
<p>[/et_pb_accordion_item][/et_pb_accordion][et_pb_sidebar _builder_version=&#8221;4.17.4&#8243; _module_preset=&#8221;default&#8221; global_colors_info=&#8221;{}&#8221;][/et_pb_sidebar][/et_pb_column][et_pb_column type=&#8221;1_3&#8243; _builder_version=&#8221;4.17.4&#8243; _module_preset=&#8221;default&#8221; global_colors_info=&#8221;{}&#8221;][/et_pb_column][/et_pb_row][/et_pb_section]</p>

<p>Na era digital, o jornalismo depara-se com novas e inúmeras oportunidades no mercado de trabalho. Essas mudanças exigem que os jornalistas estejam preparados para esse novo cenário, seja através da graduação em uma universidade ou por meio de cursos e especializações. Ana Maria, Marcela Nunes, Bruna de Oliveira, Neiva Saori e Mariana Meireles são jornalistas [&hellip;]</p>
