{"id":149,"date":"2019-05-08T18:48:08","date_gmt":"2019-05-08T21:48:08","guid":{"rendered":"http:\/\/webjornalismo.unicap.br\/machismonoesporte\/?page_id=149"},"modified":"2019-06-12T20:13:58","modified_gmt":"2019-06-12T23:13:58","slug":"elas-nos-inspiram","status":"publish","type":"page","link":"https:\/\/webjornalismo.unicap.br\/machismonoesporte\/elas-nos-inspiram\/","title":{"rendered":"Elas nos inspiram"},"content":{"rendered":"<p>[et_pb_section fb_built=&#8221;1&#8243; fullwidth=&#8221;on&#8221; _builder_version=&#8221;3.22.7&#8243;][et_pb_fullwidth_post_title meta=&#8221;off&#8221; featured_image=&#8221;off&#8221; _builder_version=&#8221;3.22.7&#8243; title_font=&#8221;||||||||&#8221; title_text_color=&#8221;#ffffff&#8221; title_font_size=&#8221;100px&#8221; background_image=&#8221;http:\/\/webjornalismo.unicap.br\/machismonoesporte\/wp-content\/uploads\/2019\/05\/bg-topo-secoes3.png&#8221; background_position=&#8221;bottom_right&#8221; custom_padding=&#8221;||350px&#8221;][\/et_pb_fullwidth_post_title][\/et_pb_section][et_pb_section fb_built=&#8221;1&#8243; _builder_version=&#8221;3.22.7&#8243; max_width=&#8221;100%&#8221;][et_pb_row custom_padding=&#8221;0px||0px&#8221; _builder_version=&#8221;3.22.7&#8243; make_equal=&#8221;on&#8221;][et_pb_column type=&#8221;3_5&#8243; _builder_version=&#8221;3.22.7&#8243;][et_pb_text _builder_version=&#8221;3.22.7&#8243; text_font=&#8221;||||||||&#8221; text_font_size=&#8221;16px&#8221; header_font=&#8221;|700|||||||&#8221; header_font_size=&#8221;60px&#8221; header_2_font=&#8221;|700|||||||&#8221; header_2_font_size=&#8221;30px&#8221; header_3_font=&#8221;|700|||||||&#8221; header_4_font=&#8221;|700|||||||&#8221;]<\/p>\n<h1>Luciana Mariano<\/h1>\n<h2>Jornalista<\/h2>\n<p>&#8220;A profissional que me motiva sem d\u00favida alguma \u00e9 a Regiani Ritter. Me lembro que foi no jogo Ponte Preta e Palmeiras, no Mois\u00e9s Lucarelli. Ela me viu pela primeira vez, ela foi me abordar e disse \u2018quer dizer que voc\u00ea \u00e9 a menina que t\u00e1 fazendo futebol no interior\u2019? Eu cobri o paulista de Jundia\u00ed, curiosamente nesse dia fui escalada pra fazer esse jogo, eu falei \u2018\u00e9 sou eu\u2019 e ela falou: \u2018olha, eu quero que voc\u00ea trabalhe comigo. Vou me aposentar e preciso de algu\u00e9m que me substitua&#8217;. Ela me levou pra S\u00e3o Paulo, me apresentou para Solange Serpa, que era Diretora de Esportes da R\u00e1dio Gazeta e a partir da\u00ed come\u00e7ou minha carreira h\u00e1 25 anos atr\u00e1s, e ela \u00e9 muito inspiradora, porque a Regiani \u00e9 uma pessoa perfeccionista, \u00e9 profissional ao extremo e eu aprendi demais com ela, demais, demais, tanto que nunca, jamais vou ter como retribuir, talvez com um milkshake de morango, que ela ama e um mac kitchen, que ela ama. Ent\u00e3o ela \u00e9 sem d\u00favidas, uma musa inspiradora, uma mulher resistente que venceu todo tipo de preconceito e conseguiu seguir adiante, ela \u00e9 demais&#8221;. [\/et_pb_text][\/et_pb_column][et_pb_column type=&#8221;2_5&#8243; _builder_version=&#8221;3.22.7&#8243;][et_pb_image src=&#8221;http:\/\/webjornalismo.unicap.br\/machismonoesporte\/wp-content\/uploads\/2019\/06\/WhatsApp-Image-2019-06-06-at-18.27.26.jpeg&#8221; show_bottom_space=&#8221;off&#8221; _builder_version=&#8221;3.22.7&#8243; custom_padding=&#8221;|0px||0px||&#8221;][\/et_pb_image][et_pb_text _builder_version=&#8221;3.22.7&#8243; text_font=&#8221;||||||||&#8221; text_font_size=&#8221;12px&#8221; text_orientation=&#8221;right&#8221; locked=&#8221;off&#8221;]Foto: Arquivo Pessoal[\/et_pb_text][\/et_pb_column][\/et_pb_row][\/et_pb_section][et_pb_section fb_built=&#8221;1&#8243; _builder_version=&#8221;3.22.7&#8243; max_width=&#8221;100%&#8221; background_color=&#8221;#efefef&#8221;][et_pb_row _builder_version=&#8221;3.22.7&#8243;][et_pb_column type=&#8221;1_3&#8243; _builder_version=&#8221;3.22.7&#8243;][et_pb_image src=&#8221;http:\/\/webjornalismo.unicap.br\/machismonoesporte\/wp-content\/uploads\/2019\/06\/Virna.jpg&#8221; show_bottom_space=&#8221;off&#8221; align=&#8221;right&#8221; _builder_version=&#8221;3.22.7&#8243;][\/et_pb_image][et_pb_text _builder_version=&#8221;3.22.7&#8243; text_font=&#8221;||||||||&#8221; text_font_size=&#8221;12px&#8221; locked=&#8221;off&#8221;]Foto: Google\/Reprodu\u00e7\u00e3o da internet[\/et_pb_text][\/et_pb_column][et_pb_column type=&#8221;2_3&#8243; _builder_version=&#8221;3.22.7&#8243;][et_pb_text _builder_version=&#8221;3.22.7&#8243; text_font=&#8221;||||||||&#8221; text_font_size=&#8221;16px&#8221; header_font=&#8221;|700|||||||&#8221; header_font_size=&#8221;60px&#8221; header_2_font=&#8221;|700|||||||&#8221; header_2_font_size=&#8221;30px&#8221; header_3_font=&#8221;|700|||||||&#8221; header_4_font=&#8221;|700|||||||&#8221;]<\/p>\n<h1>Virna Dias<\/h1>\n<h2>Ex-jogadora de v\u00f4lei da Sele\u00e7\u00e3o Brasileira<\/h2>\n<p><span style=\"font-size: 16px;\">&#8220;Uma grande atleta que me inspirou foi a Isabel, quando ela jogava v\u00f4lei, sempre sonhava em ser igual a Isabel&#8221;[\/et_pb_text][\/et_pb_column][\/et_pb_row][\/et_pb_section][et_pb_section fb_built=&#8221;1&#8243; _builder_version=&#8221;3.22.7&#8243; max_width=&#8221;100%&#8221;][et_pb_row custom_padding=&#8221;0px||0px&#8221; _builder_version=&#8221;3.22.7&#8243;][et_pb_column type=&#8221;3_4&#8243; _builder_version=&#8221;3.22.7&#8243;][et_pb_text _builder_version=&#8221;3.22.7&#8243; text_font=&#8221;||||||||&#8221; text_font_size=&#8221;16px&#8221; header_font=&#8221;|700|||||||&#8221; header_font_size=&#8221;60px&#8221; header_2_font=&#8221;|700|||||||&#8221; header_2_font_size=&#8221;30px&#8221; header_3_font=&#8221;|700|||||||&#8221; header_4_font=&#8221;|700|||||||&#8221;]<\/p>\n<h1><span>Ver\u00f4nica Silva Hip\u00f3lit<\/span>o<\/h1>\n<h2><span>Velocista paral\u00edmpica<\/span><\/h2>\n<p><span>&#8220;Tenho muitas \u00eddolas no alto rendimento, Marta, Formiga e a Andressa s\u00e3o algumas delas. Est\u00e3o desbravando um meio super machista e fazendo hist\u00f3ria. A Etiene Medeiros, Aline Silva, Fe Garay, todas elas de cabe\u00e7a levantada e firmes em seus objetivos. Espero, um dia, ser t\u00e3o inspiradoras quanto elas&#8221;<\/span>.<\/p>\n<p>[\/et_pb_text][\/et_pb_column][et_pb_column type=&#8221;1_4&#8243; _builder_version=&#8221;3.22.7&#8243;][et_pb_image src=&#8221;http:\/\/webjornalismo.unicap.br\/machismonoesporte\/wp-content\/uploads\/2019\/06\/Ver\u00f4nica_Hip\u00f3lito.jpg&#8221; show_bottom_space=&#8221;off&#8221; align=&#8221;right&#8221; _builder_version=&#8221;3.22.7&#8243; custom_padding=&#8221;|0px||0px||&#8221;][\/et_pb_image][et_pb_text _builder_version=&#8221;3.22.7&#8243; text_font=&#8221;||||||||&#8221; text_font_size=&#8221;12px&#8221; text_orientation=&#8221;right&#8221; locked=&#8221;off&#8221;]Foto: Google\/Reprodu\u00e7\u00e3o da internet[\/et_pb_text][\/et_pb_column][\/et_pb_row][\/et_pb_section][et_pb_section fb_built=&#8221;1&#8243; _builder_version=&#8221;3.22.7&#8243; max_width=&#8221;100%&#8221; background_color=&#8221;#efefef&#8221;][et_pb_row _builder_version=&#8221;3.22.7&#8243;][et_pb_column type=&#8221;1_3&#8243; _builder_version=&#8221;3.22.7&#8243;][et_pb_image src=&#8221;http:\/\/webjornalismo.unicap.br\/machismonoesporte\/wp-content\/uploads\/2019\/06\/Amanda-Netto-Sime\u00e3o.jpg&#8221; show_bottom_space=&#8221;off&#8221; align=&#8221;right&#8221; _builder_version=&#8221;3.22.7&#8243;][\/et_pb_image][et_pb_text _builder_version=&#8221;3.22.7&#8243; text_font=&#8221;||||||||&#8221; text_font_size=&#8221;12px&#8221; locked=&#8221;off&#8221;]Foto: Google\/Reprodu\u00e7\u00e3o da internet[\/et_pb_text][\/et_pb_column][et_pb_column type=&#8221;2_3&#8243; _builder_version=&#8221;3.22.7&#8243;][et_pb_text _builder_version=&#8221;3.22.7&#8243; text_font=&#8221;||||||||&#8221; text_font_size=&#8221;16px&#8221; header_font=&#8221;|700|||||||&#8221; header_font_size=&#8221;60px&#8221; header_2_font=&#8221;|700|||||||&#8221; header_2_font_size=&#8221;30px&#8221; header_3_font=&#8221;|700|||||||&#8221; header_4_font=&#8221;|700|||||||&#8221;]<\/p>\n<h1>Amanda Netto<\/h1>\n<h2>Esgrimista<\/h2>\n<p><span>&#8220;Nunca quis ser igual a ningu\u00e9m, digo isso porque busco sempre ser melhor que a minha vers\u00e3o do dia anterior. Treino muito para ser a melhor atleta que eu puder.<\/span><span> Mas vejo comportamentos de atletas que me inspiram pela competitividade, pelo esp\u00edrito esportista e dedica\u00e7\u00e3o. Hoje em dia me inspiro nas atletas do UFC, em exemplo seria a Amanda Nunes, uma brasileira que vem representando a for\u00e7a menina no esporte&#8221;!<\/span><\/p>\n<p>[\/et_pb_text][\/et_pb_column][\/et_pb_row][\/et_pb_section][et_pb_section fb_built=&#8221;1&#8243; _builder_version=&#8221;3.22.7&#8243; max_width=&#8221;100%&#8221;][et_pb_row custom_padding=&#8221;0px||0px&#8221; _builder_version=&#8221;3.22.7&#8243;][et_pb_column type=&#8221;2_3&#8243; _builder_version=&#8221;3.22.7&#8243;][et_pb_text _builder_version=&#8221;3.22.7&#8243; text_font=&#8221;||||||||&#8221; text_font_size=&#8221;16px&#8221; header_font=&#8221;|700|||||||&#8221; header_font_size=&#8221;60px&#8221; header_2_font=&#8221;|700|||||||&#8221; header_2_font_size=&#8221;30px&#8221; header_3_font=&#8221;|700|||||||&#8221; header_4_font=&#8221;|700|||||||&#8221;]<\/p>\n<h1>Adrianinha<\/h1>\n<h2>Ex-jogadora de basquete<\/h2>\n<p>&#8220;Eu sempre fui muito f\u00e3 da Paula, e sou t\u00e3o aben\u00e7oada que joguei com ela. A Magic Paula. E ela me ensinou muito, com a humildade dela, o respeito ao pr\u00f3ximo&#8221;.<\/p>\n<p>[\/et_pb_text][\/et_pb_column][et_pb_column type=&#8221;1_3&#8243; _builder_version=&#8221;3.22.7&#8243;][et_pb_image src=&#8221;http:\/\/webjornalismo.unicap.br\/machismonoesporte\/wp-content\/uploads\/2019\/06\/WhatsApp-Image-2019-06-12-at-17.19.29.jpeg&#8221; show_bottom_space=&#8221;off&#8221; _builder_version=&#8221;3.22.7&#8243; custom_padding=&#8221;|0px||0px||&#8221;][\/et_pb_image][et_pb_text _builder_version=&#8221;3.22.7&#8243; text_font=&#8221;||||||||&#8221; text_font_size=&#8221;12px&#8221; text_orientation=&#8221;right&#8221; locked=&#8221;off&#8221;]Foto: Lorena Lima[\/et_pb_text][\/et_pb_column][\/et_pb_row][\/et_pb_section]<\/p>\n","protected":false},"excerpt":{"rendered":"<p>[et_pb_section fb_built=&#8221;1&#8243; fullwidth=&#8221;on&#8221; _builder_version=&#8221;3.22.7&#8243;][et_pb_fullwidth_post_title meta=&#8221;off&#8221; featured_image=&#8221;off&#8221; _builder_version=&#8221;3.22.7&#8243; title_font=&#8221;||||||||&#8221; title_text_color=&#8221;#ffffff&#8221; title_font_size=&#8221;100px&#8221; background_image=&#8221;http:\/\/webjornalismo.unicap.br\/machismonoesporte\/wp-content\/uploads\/2019\/05\/bg-topo-secoes3.png&#8221; background_position=&#8221;bottom_right&#8221; custom_padding=&#8221;||350px&#8221;][\/et_pb_fullwidth_post_title][\/et_pb_section][et_pb_section fb_built=&#8221;1&#8243; _builder_version=&#8221;3.22.7&#8243; max_width=&#8221;100%&#8221;][et_pb_row custom_padding=&#8221;0px||0px&#8221; _builder_version=&#8221;3.22.7&#8243; make_equal=&#8221;on&#8221;][et_pb_column type=&#8221;3_5&#8243; _builder_version=&#8221;3.22.7&#8243;][et_pb_text _builder_version=&#8221;3.22.7&#8243; text_font=&#8221;||||||||&#8221; text_font_size=&#8221;16px&#8221; header_font=&#8221;|700|||||||&#8221; header_font_size=&#8221;60px&#8221; header_2_font=&#8221;|700|||||||&#8221; header_2_font_size=&#8221;30px&#8221; header_3_font=&#8221;|700|||||||&#8221; header_4_font=&#8221;|700|||||||&#8221;] Luciana Mariano Jornalista &#8220;A profissional que me motiva sem d\u00favida alguma \u00e9 a Regiani Ritter. Me lembro que foi no jogo Ponte Preta e Palmeiras, [&hellip;]<\/p>\n","protected":false},"author":2,"featured_media":0,"parent":0,"menu_order":0,"comment_status":"closed","ping_status":"closed","template":"","meta":{"_et_pb_use_builder":"on","_et_pb_old_content":"<!-- wp:divi\/placeholder \/-->","_et_gb_content_width":"","footnotes":""},"class_list":["post-149","page","type-page","status-publish","hentry"],"_links":{"self":[{"href":"https:\/\/webjornalismo.unicap.br\/machismonoesporte\/wp-json\/wp\/v2\/pages\/149","targetHints":{"allow":["GET"]}}],"collection":[{"href":"https:\/\/webjornalismo.unicap.br\/machismonoesporte\/wp-json\/wp\/v2\/pages"}],"about":[{"href":"https:\/\/webjornalismo.unicap.br\/machismonoesporte\/wp-json\/wp\/v2\/types\/page"}],"author":[{"embeddable":true,"href":"https:\/\/webjornalismo.unicap.br\/machismonoesporte\/wp-json\/wp\/v2\/users\/2"}],"replies":[{"embeddable":true,"href":"https:\/\/webjornalismo.unicap.br\/machismonoesporte\/wp-json\/wp\/v2\/comments?post=149"}],"version-history":[{"count":15,"href":"https:\/\/webjornalismo.unicap.br\/machismonoesporte\/wp-json\/wp\/v2\/pages\/149\/revisions"}],"predecessor-version":[{"id":673,"href":"https:\/\/webjornalismo.unicap.br\/machismonoesporte\/wp-json\/wp\/v2\/pages\/149\/revisions\/673"}],"wp:attachment":[{"href":"https:\/\/webjornalismo.unicap.br\/machismonoesporte\/wp-json\/wp\/v2\/media?parent=149"}],"curies":[{"name":"wp","href":"https:\/\/api.w.org\/{rel}","templated":true}]}}

<p>[et_pb_section fb_built=&#8221;1&#8243; fullwidth=&#8221;on&#8221; _builder_version=&#8221;3.22.7&#8243;][et_pb_fullwidth_post_title meta=&#8221;off&#8221; featured_image=&#8221;off&#8221; _builder_version=&#8221;3.22.7&#8243; title_font=&#8221;||||||||&#8221; title_text_color=&#8221;#ffffff&#8221; title_font_size=&#8221;100px&#8221; background_image=&#8221;http://webjornalismo.unicap.br/machismonoesporte/wp-content/uploads/2019/05/bg-topo-secoes3.png&#8221; background_position=&#8221;bottom_right&#8221; custom_padding=&#8221;||350px&#8221;][/et_pb_fullwidth_post_title][/et_pb_section][et_pb_section fb_built=&#8221;1&#8243; _builder_version=&#8221;3.22.7&#8243; max_width=&#8221;100%&#8221;][et_pb_row custom_padding=&#8221;0px||0px&#8221; _builder_version=&#8221;3.22.7&#8243; make_equal=&#8221;on&#8221;][et_pb_column type=&#8221;3_5&#8243; _builder_version=&#8221;3.22.7&#8243;][et_pb_text _builder_version=&#8221;3.22.7&#8243; text_font=&#8221;||||||||&#8221; text_font_size=&#8221;16px&#8221; header_font=&#8221;|700|||||||&#8221; header_font_size=&#8221;60px&#8221; header_2_font=&#8221;|700|||||||&#8221; header_2_font_size=&#8221;30px&#8221; header_3_font=&#8221;|700|||||||&#8221; header_4_font=&#8221;|700|||||||&#8221;]</p>
<h1>Luciana Mariano</h1>
<h2>Jornalista</h2>
<p>&#8220;A profissional que me motiva sem dúvida alguma é a Regiani Ritter. Me lembro que foi no jogo Ponte Preta e Palmeiras, no Moisés Lucarelli. Ela me viu pela primeira vez, ela foi me abordar e disse ‘quer dizer que você é a menina que tá fazendo futebol no interior’? Eu cobri o paulista de Jundiaí, curiosamente nesse dia fui escalada pra fazer esse jogo, eu falei ‘é sou eu’ e ela falou: ‘olha, eu quero que você trabalhe comigo. Vou me aposentar e preciso de alguém que me substitua&#8217;. Ela me levou pra São Paulo, me apresentou para Solange Serpa, que era Diretora de Esportes da Rádio Gazeta e a partir daí começou minha carreira há 25 anos atrás, e ela é muito inspiradora, porque a Regiani é uma pessoa perfeccionista, é profissional ao extremo e eu aprendi demais com ela, demais, demais, tanto que nunca, jamais vou ter como retribuir, talvez com um milkshake de morango, que ela ama e um mac kitchen, que ela ama. Então ela é sem dúvidas, uma musa inspiradora, uma mulher resistente que venceu todo tipo de preconceito e conseguiu seguir adiante, ela é demais&#8221;. [/et_pb_text][/et_pb_column][et_pb_column type=&#8221;2_5&#8243; _builder_version=&#8221;3.22.7&#8243;][et_pb_image src=&#8221;http://webjornalismo.unicap.br/machismonoesporte/wp-content/uploads/2019/06/WhatsApp-Image-2019-06-06-at-18.27.26.jpeg&#8221; show_bottom_space=&#8221;off&#8221; _builder_version=&#8221;3.22.7&#8243; custom_padding=&#8221;|0px||0px||&#8221;][/et_pb_image][et_pb_text _builder_version=&#8221;3.22.7&#8243; text_font=&#8221;||||||||&#8221; text_font_size=&#8221;12px&#8221; text_orientation=&#8221;right&#8221; locked=&#8221;off&#8221;]Foto: Arquivo Pessoal[/et_pb_text][/et_pb_column][/et_pb_row][/et_pb_section][et_pb_section fb_built=&#8221;1&#8243; _builder_version=&#8221;3.22.7&#8243; max_width=&#8221;100%&#8221; background_color=&#8221;#efefef&#8221;][et_pb_row _builder_version=&#8221;3.22.7&#8243;][et_pb_column type=&#8221;1_3&#8243; _builder_version=&#8221;3.22.7&#8243;][et_pb_image src=&#8221;http://webjornalismo.unicap.br/machismonoesporte/wp-content/uploads/2019/06/Virna.jpg&#8221; show_bottom_space=&#8221;off&#8221; align=&#8221;right&#8221; _builder_version=&#8221;3.22.7&#8243;][/et_pb_image][et_pb_text _builder_version=&#8221;3.22.7&#8243; text_font=&#8221;||||||||&#8221; text_font_size=&#8221;12px&#8221; locked=&#8221;off&#8221;]Foto: Google/Reprodução da internet[/et_pb_text][/et_pb_column][et_pb_column type=&#8221;2_3&#8243; _builder_version=&#8221;3.22.7&#8243;][et_pb_text _builder_version=&#8221;3.22.7&#8243; text_font=&#8221;||||||||&#8221; text_font_size=&#8221;16px&#8221; header_font=&#8221;|700|||||||&#8221; header_font_size=&#8221;60px&#8221; header_2_font=&#8221;|700|||||||&#8221; header_2_font_size=&#8221;30px&#8221; header_3_font=&#8221;|700|||||||&#8221; header_4_font=&#8221;|700|||||||&#8221;]</p>
<h1>Virna Dias</h1>
<h2>Ex-jogadora de vôlei da Seleção Brasileira</h2>
<p><span style="font-size: 16px;">&#8220;Uma grande atleta que me inspirou foi a Isabel, quando ela jogava vôlei, sempre sonhava em ser igual a Isabel&#8221;[/et_pb_text][/et_pb_column][/et_pb_row][/et_pb_section][et_pb_section fb_built=&#8221;1&#8243; _builder_version=&#8221;3.22.7&#8243; max_width=&#8221;100%&#8221;][et_pb_row custom_padding=&#8221;0px||0px&#8221; _builder_version=&#8221;3.22.7&#8243;][et_pb_column type=&#8221;3_4&#8243; _builder_version=&#8221;3.22.7&#8243;][et_pb_text _builder_version=&#8221;3.22.7&#8243; text_font=&#8221;||||||||&#8221; text_font_size=&#8221;16px&#8221; header_font=&#8221;|700|||||||&#8221; header_font_size=&#8221;60px&#8221; header_2_font=&#8221;|700|||||||&#8221; header_2_font_size=&#8221;30px&#8221; header_3_font=&#8221;|700|||||||&#8221; header_4_font=&#8221;|700|||||||&#8221;]</p>
<h1><span>Verônica Silva Hipólit</span>o</h1>
<h2><span>Velocista paralímpica</span></h2>
<p><span>&#8220;Tenho muitas ídolas no alto rendimento, Marta, Formiga e a Andressa são algumas delas. Estão desbravando um meio super machista e fazendo história. A Etiene Medeiros, Aline Silva, Fe Garay, todas elas de cabeça levantada e firmes em seus objetivos. Espero, um dia, ser tão inspiradoras quanto elas&#8221;</span>.</p>
<p>[/et_pb_text][/et_pb_column][et_pb_column type=&#8221;1_4&#8243; _builder_version=&#8221;3.22.7&#8243;][et_pb_image src=&#8221;http://webjornalismo.unicap.br/machismonoesporte/wp-content/uploads/2019/06/Verônica_Hipólito.jpg&#8221; show_bottom_space=&#8221;off&#8221; align=&#8221;right&#8221; _builder_version=&#8221;3.22.7&#8243; custom_padding=&#8221;|0px||0px||&#8221;][/et_pb_image][et_pb_text _builder_version=&#8221;3.22.7&#8243; text_font=&#8221;||||||||&#8221; text_font_size=&#8221;12px&#8221; text_orientation=&#8221;right&#8221; locked=&#8221;off&#8221;]Foto: Google/Reprodução da internet[/et_pb_text][/et_pb_column][/et_pb_row][/et_pb_section][et_pb_section fb_built=&#8221;1&#8243; _builder_version=&#8221;3.22.7&#8243; max_width=&#8221;100%&#8221; background_color=&#8221;#efefef&#8221;][et_pb_row _builder_version=&#8221;3.22.7&#8243;][et_pb_column type=&#8221;1_3&#8243; _builder_version=&#8221;3.22.7&#8243;][et_pb_image src=&#8221;http://webjornalismo.unicap.br/machismonoesporte/wp-content/uploads/2019/06/Amanda-Netto-Simeão.jpg&#8221; show_bottom_space=&#8221;off&#8221; align=&#8221;right&#8221; _builder_version=&#8221;3.22.7&#8243;][/et_pb_image][et_pb_text _builder_version=&#8221;3.22.7&#8243; text_font=&#8221;||||||||&#8221; text_font_size=&#8221;12px&#8221; locked=&#8221;off&#8221;]Foto: Google/Reprodução da internet[/et_pb_text][/et_pb_column][et_pb_column type=&#8221;2_3&#8243; _builder_version=&#8221;3.22.7&#8243;][et_pb_text _builder_version=&#8221;3.22.7&#8243; text_font=&#8221;||||||||&#8221; text_font_size=&#8221;16px&#8221; header_font=&#8221;|700|||||||&#8221; header_font_size=&#8221;60px&#8221; header_2_font=&#8221;|700|||||||&#8221; header_2_font_size=&#8221;30px&#8221; header_3_font=&#8221;|700|||||||&#8221; header_4_font=&#8221;|700|||||||&#8221;]</p>
<h1>Amanda Netto</h1>
<h2>Esgrimista</h2>
<p><span>&#8220;Nunca quis ser igual a ninguém, digo isso porque busco sempre ser melhor que a minha versão do dia anterior. Treino muito para ser a melhor atleta que eu puder.</span><span> Mas vejo comportamentos de atletas que me inspiram pela competitividade, pelo espírito esportista e dedicação. Hoje em dia me inspiro nas atletas do UFC, em exemplo seria a Amanda Nunes, uma brasileira que vem representando a força menina no esporte&#8221;!</span></p>
<p>[/et_pb_text][/et_pb_column][/et_pb_row][/et_pb_section][et_pb_section fb_built=&#8221;1&#8243; _builder_version=&#8221;3.22.7&#8243; max_width=&#8221;100%&#8221;][et_pb_row custom_padding=&#8221;0px||0px&#8221; _builder_version=&#8221;3.22.7&#8243;][et_pb_column type=&#8221;2_3&#8243; _builder_version=&#8221;3.22.7&#8243;][et_pb_text _builder_version=&#8221;3.22.7&#8243; text_font=&#8221;||||||||&#8221; text_font_size=&#8221;16px&#8221; header_font=&#8221;|700|||||||&#8221; header_font_size=&#8221;60px&#8221; header_2_font=&#8221;|700|||||||&#8221; header_2_font_size=&#8221;30px&#8221; header_3_font=&#8221;|700|||||||&#8221; header_4_font=&#8221;|700|||||||&#8221;]</p>
<h1>Adrianinha</h1>
<h2>Ex-jogadora de basquete</h2>
<p>&#8220;Eu sempre fui muito fã da Paula, e sou tão abençoada que joguei com ela. A Magic Paula. E ela me ensinou muito, com a humildade dela, o respeito ao próximo&#8221;.</p>
<p>[/et_pb_text][/et_pb_column][et_pb_column type=&#8221;1_3&#8243; _builder_version=&#8221;3.22.7&#8243;][et_pb_image src=&#8221;http://webjornalismo.unicap.br/machismonoesporte/wp-content/uploads/2019/06/WhatsApp-Image-2019-06-12-at-17.19.29.jpeg&#8221; show_bottom_space=&#8221;off&#8221; _builder_version=&#8221;3.22.7&#8243; custom_padding=&#8221;|0px||0px||&#8221;][/et_pb_image][et_pb_text _builder_version=&#8221;3.22.7&#8243; text_font=&#8221;||||||||&#8221; text_font_size=&#8221;12px&#8221; text_orientation=&#8221;right&#8221; locked=&#8221;off&#8221;]Foto: Lorena Lima[/et_pb_text][/et_pb_column][/et_pb_row][/et_pb_section]</p>

<p>[et_pb_section fb_built=&#8221;1&#8243; fullwidth=&#8221;on&#8221; _builder_version=&#8221;3.22.7&#8243;][et_pb_fullwidth_post_title meta=&#8221;off&#8221; featured_image=&#8221;off&#8221; _builder_version=&#8221;3.22.7&#8243; title_font=&#8221;||||||||&#8221; title_text_color=&#8221;#ffffff&#8221; title_font_size=&#8221;100px&#8221; background_image=&#8221;http://webjornalismo.unicap.br/machismonoesporte/wp-content/uploads/2019/05/bg-topo-secoes3.png&#8221; background_position=&#8221;bottom_right&#8221; custom_padding=&#8221;||350px&#8221;][/et_pb_fullwidth_post_title][/et_pb_section][et_pb_section fb_built=&#8221;1&#8243; _builder_version=&#8221;3.22.7&#8243; max_width=&#8221;100%&#8221;][et_pb_row custom_padding=&#8221;0px||0px&#8221; _builder_version=&#8221;3.22.7&#8243; make_equal=&#8221;on&#8221;][et_pb_column type=&#8221;3_5&#8243; _builder_version=&#8221;3.22.7&#8243;][et_pb_text _builder_version=&#8221;3.22.7&#8243; text_font=&#8221;||||||||&#8221; text_font_size=&#8221;16px&#8221; header_font=&#8221;|700|||||||&#8221; header_font_size=&#8221;60px&#8221; header_2_font=&#8221;|700|||||||&#8221; header_2_font_size=&#8221;30px&#8221; header_3_font=&#8221;|700|||||||&#8221; header_4_font=&#8221;|700|||||||&#8221;] Luciana Mariano Jornalista &#8220;A profissional que me motiva sem dúvida alguma é a Regiani Ritter. Me lembro que foi no jogo Ponte Preta e Palmeiras, [&hellip;]</p>
