{"id":504,"date":"2022-05-26T11:44:56","date_gmt":"2022-05-26T14:44:56","guid":{"rendered":"https:\/\/webjornalismo.unicap.br\/literatura-feminina\/?page_id=504"},"modified":"2022-05-30T19:53:36","modified_gmt":"2022-05-30T22:53:36","slug":"leitoras","status":"publish","type":"page","link":"https:\/\/webjornalismo.unicap.br\/literatura-feminina\/leitoras\/","title":{"rendered":"Leitoras"},"content":{"rendered":"[et_pb_section fb_built=&#8221;1&#8243; fullwidth=&#8221;on&#8221; _builder_version=&#8221;4.17.4&#8243; _module_preset=&#8221;default&#8221; background_color=&#8221;#973f8b&#8221; background_image=&#8221;https:\/\/webjornalismo.unicap.br\/literatura-feminina\/wp-content\/uploads\/2022\/05\/bg-topo3.png&#8221; parallax=&#8221;on&#8221; global_colors_info=&#8221;{}&#8221;][et_pb_fullwidth_header title=&#8221;A import\u00e2ncia das leitoras&#8221; content_max_width=&#8221;60%&#8221; _builder_version=&#8221;4.17.4&#8243; _module_preset=&#8221;default&#8221; title_font=&#8221;Elaine||||||||&#8221; title_font_size=&#8221;60px&#8221; background_enable_color=&#8221;off&#8221; module_alignment=&#8221;left&#8221; custom_padding=&#8221;12vh||12vh||true|false&#8221; global_colors_info=&#8221;{}&#8221;][\/et_pb_fullwidth_header][\/et_pb_section][et_pb_section fb_built=&#8221;1&#8243; _builder_version=&#8221;4.17.4&#8243; _module_preset=&#8221;default&#8221; background_image=&#8221;https:\/\/webjornalismo.unicap.br\/literatura-feminina\/wp-content\/uploads\/2022\/05\/bg-topo3d.png&#8221; background_size=&#8221;initial&#8221; global_colors_info=&#8221;{}&#8221;][et_pb_row column_structure=&#8221;3_5,2_5&#8243; _builder_version=&#8221;4.17.4&#8243; _module_preset=&#8221;default&#8221; global_colors_info=&#8221;{}&#8221;][et_pb_column type=&#8221;3_5&#8243; _builder_version=&#8221;4.17.4&#8243; _module_preset=&#8221;default&#8221; global_colors_info=&#8221;{}&#8221;][et_pb_text _builder_version=&#8221;4.17.4&#8243; _module_preset=&#8221;default&#8221; global_colors_info=&#8221;{}&#8221;]As leitoras s\u00e3o fundamentais para as escritoras, afinal, tudo o que \u00e9 escrito foi e ser\u00e1 lido por algu\u00e9m. Essa rela\u00e7\u00e3o est\u00e1 presente na vida das estudantes de Jornalismo Caroline Cardilane e Ana Botelho, ambas com 20 anos.\n\nElas compartilharam com a gente suas impress\u00f5es sobre a literatura feita por mulheres,\u00a0 como isso impacta suas vidas e suas atividades profissionais, junto com os aprendizados que os livros lhes trouxeram, a partir de duas obras de duas autoras can\u00f4nicas: <em>O quinze<\/em>, de Rachel de Queiroz, e <em>Uma aprendizagem ou O livro dos prazeres<\/em>, de Clarice Lispector.[\/et_pb_text][et_pb_image src=&#8221;https:\/\/webjornalismo.unicap.br\/literatura-feminina\/wp-content\/uploads\/2022\/05\/gif-rachel-de-queiroz.gif&#8221; title_text=&#8221;gif-rachel-de-queiroz&#8221; show_bottom_space=&#8221;off&#8221; _builder_version=&#8221;4.17.4&#8243; _module_preset=&#8221;default&#8221; custom_padding=&#8221;|125px||||&#8221; global_colors_info=&#8221;{}&#8221;][\/et_pb_image][et_pb_text _builder_version=&#8221;4.17.4&#8243; _module_preset=&#8221;default&#8221; global_colors_info=&#8221;{}&#8221;]<p><span style=\"font-size: small;\">As fortes palavras de Queiroz refletem na vida de Carol. Anima\u00e7\u00e3o: Maria Clara Monteiro<\/span><\/p>\n<p>&#8220;Al\u00e9m de serem autoras nacionais, s\u00e3o mulheres. No contexto em que elas escreveram os livros, n\u00e3o era f\u00e1cil ser mulher e ter coragem de escrever\u201d, observa Caroline.<\/p>[\/et_pb_text][et_pb_image src=&#8221;https:\/\/webjornalismo.unicap.br\/literatura-feminina\/wp-content\/uploads\/2022\/05\/gif-clarice-lispector.gif&#8221; title_text=&#8221;gif-clarice-lispector&#8221; show_bottom_space=&#8221;off&#8221; _builder_version=&#8221;4.17.4&#8243; _module_preset=&#8221;default&#8221; custom_padding=&#8221;|156px||||&#8221; global_colors_info=&#8221;{}&#8221;][\/et_pb_image][et_pb_text _builder_version=&#8221;4.17.4&#8243; _module_preset=&#8221;default&#8221; global_colors_info=&#8221;{}&#8221;]<p><span style=\"font-size: small;\">Clarice Lispector acompanha a vida de Ana. Anima\u00e7\u00e3o: Maria Clara Monteiro<\/span><\/p>\n<p>\u201cEu sou um pouco como a escrita de Clarice Lispector, na minha vida. L\u00ea-la \u00e9 muito revolucion\u00e1rio para a nossa vida intelectual, principalmente para n\u00f3s, mulheres\u201d, comenta Ana.<\/p>\n<p>Confira a conversa completa:<\/p>[\/et_pb_text][\/et_pb_column][et_pb_column type=&#8221;2_5&#8243; _builder_version=&#8221;4.17.4&#8243; _module_preset=&#8221;default&#8221; global_colors_info=&#8221;{}&#8221;][\/et_pb_column][\/et_pb_row][et_pb_row _builder_version=&#8221;4.17.4&#8243; _module_preset=&#8221;default&#8221; global_colors_info=&#8221;{}&#8221;][et_pb_column type=&#8221;4_4&#8243; _builder_version=&#8221;4.17.4&#8243; _module_preset=&#8221;default&#8221; global_colors_info=&#8221;{}&#8221;][et_pb_video src=&#8221;https:\/\/www.youtube.com\/watch?v=sP4ilQw0cKA&#8221; _builder_version=&#8221;4.17.4&#8243; _module_preset=&#8221;default&#8221; global_colors_info=&#8221;{}&#8221;][\/et_pb_video][\/et_pb_column][\/et_pb_row][\/et_pb_section][et_pb_section fb_built=&#8221;1&#8243; _builder_version=&#8221;4.17.4&#8243; _module_preset=&#8221;default&#8221; background_color=&#8221;#ededed&#8221; global_colors_info=&#8221;{}&#8221;][et_pb_row column_structure=&#8221;3_5,2_5&#8243; _builder_version=&#8221;4.17.4&#8243; _module_preset=&#8221;default&#8221; global_colors_info=&#8221;{}&#8221;][et_pb_column type=&#8221;3_5&#8243; _builder_version=&#8221;4.17.4&#8243; _module_preset=&#8221;default&#8221; global_colors_info=&#8221;{}&#8221;][et_pb_text _builder_version=&#8221;4.17.4&#8243; _module_preset=&#8221;default&#8221; header_2_font=&#8221;Elaine||||||||&#8221; header_2_font_size=&#8221;50px&#8221; global_colors_info=&#8221;{}&#8221;]<h2>O Leia Mulheres<\/h2>\n<p><\/p>\n<p>A busca pela representatividade feminina tamb\u00e9m resultou em coletivos que, atualmente, movimentam o cen\u00e1rio liter\u00e1rio. Um dos famosos grupos \u00e9 o <a href=\"https:\/\/leiamulheres.com.br\/\"><em>Leia Mulheres<\/em><\/a>, projeto nacional que surgiu com o objetivo de atrair visibilidade e protagonismo para as autoras femininas.<\/p>\n<p>Em 2014, a <a href=\"https:\/\/www.annaramalho.com.br\/o-ano-de-ler-mulheres\/\">jornalista inglesa Joanna Walsh criou o manifesto <em>#ReadWomen<\/em><\/a>, em portugu\u00eas <em>#LeiaMulheres<\/em>, e passou um ano inteiro lendo apenas t\u00edtulos de autoras. Com isso, o que era um projeto pessoal ganhou dimens\u00e3o internacional.<\/p>\n<p>No Brasil, j\u00e1 s\u00e3o mais de 200 cidades que aderiram \u00e0 a\u00e7\u00e3o. No <a href=\"https:\/\/www.instagram.com\/_leiamulheres\/\">Recife<\/a>, o clube est\u00e1 ativo desde 2015, organizando encontros mensais com o p\u00fablico que deseja comentar obras escritas por mulheres. D\u00e9bora Marinho, formada em Direito pela Universidade Federal de Pernambuco (UFPE), \u00e9 a atual respons\u00e1vel pela curadoria dos livros e explica, no v\u00eddeo a seguir, sobre o processo.<\/p>[\/et_pb_text][\/et_pb_column][et_pb_column type=&#8221;2_5&#8243; _builder_version=&#8221;4.17.4&#8243; _module_preset=&#8221;default&#8221; global_colors_info=&#8221;{}&#8221;][\/et_pb_column][\/et_pb_row][et_pb_row _builder_version=&#8221;4.17.4&#8243; _module_preset=&#8221;default&#8221; custom_padding=&#8221;||10vh||false|false&#8221; global_colors_info=&#8221;{}&#8221;][et_pb_column type=&#8221;4_4&#8243; _builder_version=&#8221;4.17.4&#8243; _module_preset=&#8221;default&#8221; global_colors_info=&#8221;{}&#8221;][et_pb_video src=&#8221;https:\/\/youtu.be\/zRFuZU5WT64&#8243; _builder_version=&#8221;4.17.4&#8243; _module_preset=&#8221;default&#8221; global_colors_info=&#8221;{}&#8221;][\/et_pb_video][\/et_pb_column][\/et_pb_row][\/et_pb_section]","protected":false},"excerpt":{"rendered":"<p>As leitoras s\u00e3o fundamentais para as escritoras, afinal, tudo o que \u00e9 escrito foi e ser\u00e1 lido por algu\u00e9m. Essa rela\u00e7\u00e3o est\u00e1 presente na vida das estudantes de Jornalismo Caroline Cardilane e Ana Botelho, ambas com 20 anos. Elas compartilharam com a gente suas impress\u00f5es sobre a literatura feita por mulheres,\u00a0 como isso impacta suas [&hellip;]<\/p>\n","protected":false},"author":1,"featured_media":0,"parent":0,"menu_order":0,"comment_status":"closed","ping_status":"closed","template":"","meta":{"_et_pb_use_builder":"on","_et_pb_old_content":"","_et_gb_content_width":""},"_links":{"self":[{"href":"https:\/\/webjornalismo.unicap.br\/literatura-feminina\/wp-json\/wp\/v2\/pages\/504"}],"collection":[{"href":"https:\/\/webjornalismo.unicap.br\/literatura-feminina\/wp-json\/wp\/v2\/pages"}],"about":[{"href":"https:\/\/webjornalismo.unicap.br\/literatura-feminina\/wp-json\/wp\/v2\/types\/page"}],"author":[{"embeddable":true,"href":"https:\/\/webjornalismo.unicap.br\/literatura-feminina\/wp-json\/wp\/v2\/users\/1"}],"replies":[{"embeddable":true,"href":"https:\/\/webjornalismo.unicap.br\/literatura-feminina\/wp-json\/wp\/v2\/comments?post=504"}],"version-history":[{"count":21,"href":"https:\/\/webjornalismo.unicap.br\/literatura-feminina\/wp-json\/wp\/v2\/pages\/504\/revisions"}],"predecessor-version":[{"id":735,"href":"https:\/\/webjornalismo.unicap.br\/literatura-feminina\/wp-json\/wp\/v2\/pages\/504\/revisions\/735"}],"wp:attachment":[{"href":"https:\/\/webjornalismo.unicap.br\/literatura-feminina\/wp-json\/wp\/v2\/media?parent=504"}],"curies":[{"name":"wp","href":"https:\/\/api.w.org\/{rel}","templated":true}]}}

[et_pb_section fb_built=&#8221;1&#8243; fullwidth=&#8221;on&#8221; _builder_version=&#8221;4.17.4&#8243; _module_preset=&#8221;default&#8221; background_color=&#8221;#973f8b&#8221; background_image=&#8221;https://webjornalismo.unicap.br/literatura-feminina/wp-content/uploads/2022/05/bg-topo3.png&#8221; parallax=&#8221;on&#8221; global_colors_info=&#8221;{}&#8221;][et_pb_fullwidth_header title=&#8221;A importância das leitoras&#8221; content_max_width=&#8221;60%&#8221; _builder_version=&#8221;4.17.4&#8243; _module_preset=&#8221;default&#8221; title_font=&#8221;Elaine||||||||&#8221; title_font_size=&#8221;60px&#8221; background_enable_color=&#8221;off&#8221; module_alignment=&#8221;left&#8221; custom_padding=&#8221;12vh||12vh||true|false&#8221; global_colors_info=&#8221;{}&#8221;][/et_pb_fullwidth_header][/et_pb_section][et_pb_section fb_built=&#8221;1&#8243; _builder_version=&#8221;4.17.4&#8243; _module_preset=&#8221;default&#8221; background_image=&#8221;https://webjornalismo.unicap.br/literatura-feminina/wp-content/uploads/2022/05/bg-topo3d.png&#8221; background_size=&#8221;initial&#8221; global_colors_info=&#8221;{}&#8221;][et_pb_row column_structure=&#8221;3_5,2_5&#8243; _builder_version=&#8221;4.17.4&#8243; _module_preset=&#8221;default&#8221; global_colors_info=&#8221;{}&#8221;][et_pb_column type=&#8221;3_5&#8243; _builder_version=&#8221;4.17.4&#8243; _module_preset=&#8221;default&#8221; global_colors_info=&#8221;{}&#8221;][et_pb_text _builder_version=&#8221;4.17.4&#8243; _module_preset=&#8221;default&#8221; global_colors_info=&#8221;{}&#8221;]As leitoras são fundamentais para as escritoras, afinal, tudo o que é escrito foi e será lido por alguém. Essa relação está presente na vida das estudantes de Jornalismo Caroline Cardilane e Ana Botelho, ambas com 20 anos.

Elas compartilharam com a gente suas impressões sobre a literatura feita por mulheres,  como isso impacta suas vidas e suas atividades profissionais, junto com os aprendizados que os livros lhes trouxeram, a partir de duas obras de duas autoras canônicas: <em>O quinze</em>, de Rachel de Queiroz, e <em>Uma aprendizagem ou O livro dos prazeres</em>, de Clarice Lispector.[/et_pb_text][et_pb_image src=&#8221;https://webjornalismo.unicap.br/literatura-feminina/wp-content/uploads/2022/05/gif-rachel-de-queiroz.gif&#8221; title_text=&#8221;gif-rachel-de-queiroz&#8221; show_bottom_space=&#8221;off&#8221; _builder_version=&#8221;4.17.4&#8243; _module_preset=&#8221;default&#8221; custom_padding=&#8221;|125px||||&#8221; global_colors_info=&#8221;{}&#8221;][/et_pb_image][et_pb_text _builder_version=&#8221;4.17.4&#8243; _module_preset=&#8221;default&#8221; global_colors_info=&#8221;{}&#8221;]<p><span style="font-size: small;">As fortes palavras de Queiroz refletem na vida de Carol. Animação: Maria Clara Monteiro</span></p>
<p>&#8220;Além de serem autoras nacionais, são mulheres. No contexto em que elas escreveram os livros, não era fácil ser mulher e ter coragem de escrever”, observa Caroline.</p>[/et_pb_text][et_pb_image src=&#8221;https://webjornalismo.unicap.br/literatura-feminina/wp-content/uploads/2022/05/gif-clarice-lispector.gif&#8221; title_text=&#8221;gif-clarice-lispector&#8221; show_bottom_space=&#8221;off&#8221; _builder_version=&#8221;4.17.4&#8243; _module_preset=&#8221;default&#8221; custom_padding=&#8221;|156px||||&#8221; global_colors_info=&#8221;{}&#8221;][/et_pb_image][et_pb_text _builder_version=&#8221;4.17.4&#8243; _module_preset=&#8221;default&#8221; global_colors_info=&#8221;{}&#8221;]<p><span style="font-size: small;">Clarice Lispector acompanha a vida de Ana. Animação: Maria Clara Monteiro</span></p>
<p>“Eu sou um pouco como a escrita de Clarice Lispector, na minha vida. Lê-la é muito revolucionário para a nossa vida intelectual, principalmente para nós, mulheres”, comenta Ana.</p>
<p>Confira a conversa completa:</p>[/et_pb_text][/et_pb_column][et_pb_column type=&#8221;2_5&#8243; _builder_version=&#8221;4.17.4&#8243; _module_preset=&#8221;default&#8221; global_colors_info=&#8221;{}&#8221;][/et_pb_column][/et_pb_row][et_pb_row _builder_version=&#8221;4.17.4&#8243; _module_preset=&#8221;default&#8221; global_colors_info=&#8221;{}&#8221;][et_pb_column type=&#8221;4_4&#8243; _builder_version=&#8221;4.17.4&#8243; _module_preset=&#8221;default&#8221; global_colors_info=&#8221;{}&#8221;][et_pb_video src=&#8221;https://www.youtube.com/watch?v=sP4ilQw0cKA&#8221; _builder_version=&#8221;4.17.4&#8243; _module_preset=&#8221;default&#8221; global_colors_info=&#8221;{}&#8221;][/et_pb_video][/et_pb_column][/et_pb_row][/et_pb_section][et_pb_section fb_built=&#8221;1&#8243; _builder_version=&#8221;4.17.4&#8243; _module_preset=&#8221;default&#8221; background_color=&#8221;#ededed&#8221; global_colors_info=&#8221;{}&#8221;][et_pb_row column_structure=&#8221;3_5,2_5&#8243; _builder_version=&#8221;4.17.4&#8243; _module_preset=&#8221;default&#8221; global_colors_info=&#8221;{}&#8221;][et_pb_column type=&#8221;3_5&#8243; _builder_version=&#8221;4.17.4&#8243; _module_preset=&#8221;default&#8221; global_colors_info=&#8221;{}&#8221;][et_pb_text _builder_version=&#8221;4.17.4&#8243; _module_preset=&#8221;default&#8221; header_2_font=&#8221;Elaine||||||||&#8221; header_2_font_size=&#8221;50px&#8221; global_colors_info=&#8221;{}&#8221;]<h2>O Leia Mulheres</h2>
<p></p>
<p>A busca pela representatividade feminina também resultou em coletivos que, atualmente, movimentam o cenário literário. Um dos famosos grupos é o <a href="https://leiamulheres.com.br/"><em>Leia Mulheres</em></a>, projeto nacional que surgiu com o objetivo de atrair visibilidade e protagonismo para as autoras femininas.</p>
<p>Em 2014, a <a href="https://www.annaramalho.com.br/o-ano-de-ler-mulheres/">jornalista inglesa Joanna Walsh criou o manifesto <em>#ReadWomen</em></a>, em português <em>#LeiaMulheres</em>, e passou um ano inteiro lendo apenas títulos de autoras. Com isso, o que era um projeto pessoal ganhou dimensão internacional.</p>
<p>No Brasil, já são mais de 200 cidades que aderiram à ação. No <a href="https://www.instagram.com/_leiamulheres/">Recife</a>, o clube está ativo desde 2015, organizando encontros mensais com o público que deseja comentar obras escritas por mulheres. Débora Marinho, formada em Direito pela Universidade Federal de Pernambuco (UFPE), é a atual responsável pela curadoria dos livros e explica, no vídeo a seguir, sobre o processo.</p>[/et_pb_text][/et_pb_column][et_pb_column type=&#8221;2_5&#8243; _builder_version=&#8221;4.17.4&#8243; _module_preset=&#8221;default&#8221; global_colors_info=&#8221;{}&#8221;][/et_pb_column][/et_pb_row][et_pb_row _builder_version=&#8221;4.17.4&#8243; _module_preset=&#8221;default&#8221; custom_padding=&#8221;||10vh||false|false&#8221; global_colors_info=&#8221;{}&#8221;][et_pb_column type=&#8221;4_4&#8243; _builder_version=&#8221;4.17.4&#8243; _module_preset=&#8221;default&#8221; global_colors_info=&#8221;{}&#8221;][et_pb_video src=&#8221;https://youtu.be/zRFuZU5WT64&#8243; _builder_version=&#8221;4.17.4&#8243; _module_preset=&#8221;default&#8221; global_colors_info=&#8221;{}&#8221;][/et_pb_video][/et_pb_column][/et_pb_row][/et_pb_section]

<p>As leitoras são fundamentais para as escritoras, afinal, tudo o que é escrito foi e será lido por alguém. Essa relação está presente na vida das estudantes de Jornalismo Caroline Cardilane e Ana Botelho, ambas com 20 anos. Elas compartilharam com a gente suas impressões sobre a literatura feita por mulheres,  como isso impacta suas [&hellip;]</p>
