{"id":498,"date":"2022-05-26T11:43:40","date_gmt":"2022-05-26T14:43:40","guid":{"rendered":"https:\/\/webjornalismo.unicap.br\/literatura-feminina\/?page_id=498"},"modified":"2022-05-27T18:04:11","modified_gmt":"2022-05-27T21:04:11","slug":"escritoras","status":"publish","type":"page","link":"https:\/\/webjornalismo.unicap.br\/literatura-feminina\/escritoras\/","title":{"rendered":"Escritoras"},"content":{"rendered":"<p>[et_pb_section fb_built=&#8221;1&#8243; fullwidth=&#8221;on&#8221; _builder_version=&#8221;4.17.4&#8243; _module_preset=&#8221;default&#8221; background_color=&#8221;#973f8b&#8221; background_image=&#8221;https:\/\/webjornalismo.unicap.br\/literatura-feminina\/wp-content\/uploads\/2022\/05\/bg-topo3.png&#8221; parallax=&#8221;on&#8221; global_colors_info=&#8221;{}&#8221;][et_pb_fullwidth_header title=&#8221;Escritoras que Firmam Caminho na Literatura&#8221; content_max_width=&#8221;60%&#8221; _builder_version=&#8221;4.17.4&#8243; _module_preset=&#8221;default&#8221; title_font=&#8221;Elaine||||||||&#8221; title_font_size=&#8221;60px&#8221; background_enable_color=&#8221;off&#8221; module_alignment=&#8221;left&#8221; custom_padding=&#8221;12vh||12vh||true|false&#8221; global_colors_info=&#8221;{}&#8221;][\/et_pb_fullwidth_header][\/et_pb_section][et_pb_section fb_built=&#8221;1&#8243; _builder_version=&#8221;4.17.4&#8243; _module_preset=&#8221;default&#8221; background_image=&#8221;https:\/\/webjornalismo.unicap.br\/literatura-feminina\/wp-content\/uploads\/2022\/05\/bg-topo3d.png&#8221; background_size=&#8221;initial&#8221; global_colors_info=&#8221;{}&#8221;][et_pb_row column_structure=&#8221;3_5,2_5&#8243; _builder_version=&#8221;4.17.4&#8243; _module_preset=&#8221;default&#8221; global_colors_info=&#8221;{}&#8221;][et_pb_column type=&#8221;3_5&#8243; _builder_version=&#8221;4.17.4&#8243; _module_preset=&#8221;default&#8221; global_colors_info=&#8221;{}&#8221;][et_pb_text _builder_version=&#8221;4.17.4&#8243; _module_preset=&#8221;default&#8221; global_colors_info=&#8221;{}&#8221;]Cida Pedrosa, Elenilda Amaral, Erivoneide Amaral, Francisca Ara\u00fajo, Ezter Liu, Haid\u00e9e Camelo, Jussara Salazar. Escritoras pernambucanas de diferentes gera\u00e7\u00f5es que atuam no mercado editorial, publicam seus escritos, ganham pr\u00eamios e conquistam t\u00edtulos pioneiros.<\/p>\n<p>Atualmente, elas ocupam um espa\u00e7o de representatividade e possibilitam que mais mulheres embarquem na aventura que \u00e9 escrever. Nessa s\u00e9rie de v\u00eddeos voc\u00ea vai conhecer um pouco sobre as suas hist\u00f3rias de vida, o que as levou a produzir as obras liter\u00e1rias e o que elas pensam da literatura feminina.<\/p>\n<p>Acompanhe, abaixo, breves perfis de cada uma das escritoras.[\/et_pb_text][\/et_pb_column][et_pb_column type=&#8221;2_5&#8243; _builder_version=&#8221;4.17.4&#8243; _module_preset=&#8221;default&#8221; global_colors_info=&#8221;{}&#8221;][\/et_pb_column][\/et_pb_row][\/et_pb_section][et_pb_section fb_built=&#8221;1&#8243; _builder_version=&#8221;4.17.4&#8243; _module_preset=&#8221;default&#8221; background_color=&#8221;#e29eab&#8221; custom_padding=&#8221;0px||||false|false&#8221; global_colors_info=&#8221;{}&#8221;][et_pb_row _builder_version=&#8221;4.17.4&#8243; _module_preset=&#8221;default&#8221; width=&#8221;95%&#8221; max_width=&#8221;2560px&#8221; custom_padding=&#8221;0px||0px||false|false&#8221; global_colors_info=&#8221;{}&#8221;][et_pb_column type=&#8221;4_4&#8243; _builder_version=&#8221;4.17.4&#8243; _module_preset=&#8221;default&#8221; global_colors_info=&#8221;{}&#8221;][et_pb_post_slider include_categories=&#8221;7&#8243; show_more_button=&#8221;off&#8221; content_source=&#8221;on&#8221; show_meta=&#8221;off&#8221; use_bg_overlay=&#8221;off&#8221; _builder_version=&#8221;4.17.4&#8243; _module_preset=&#8221;default&#8221; header_font=&#8221;Elaine||||||||&#8221; header_font_size=&#8221;56px&#8221; body_font_size=&#8221;15px&#8221; background_color=&#8221;#e29eab&#8221; text_orientation=&#8221;left&#8221; background_layout=&#8221;light&#8221; custom_padding=&#8221;90px||90px|||&#8221; global_colors_info=&#8221;{}&#8221;][\/et_pb_post_slider][\/et_pb_column][\/et_pb_row][\/et_pb_section]<\/p>\n","protected":false},"excerpt":{"rendered":"<p>Cida Pedrosa, Elenilda Amaral, Erivoneide Amaral, Francisca Ara\u00fajo, Ezter Liu, Haid\u00e9e Camelo, Jussara Salazar. Escritoras pernambucanas de diferentes gera\u00e7\u00f5es que atuam no mercado editorial, publicam seus escritos, ganham pr\u00eamios e conquistam t\u00edtulos pioneiros. Atualmente, elas ocupam um espa\u00e7o de representatividade e possibilitam que mais mulheres embarquem na aventura que \u00e9 escrever. Nessa s\u00e9rie de v\u00eddeos [&hellip;]<\/p>\n","protected":false},"author":1,"featured_media":0,"parent":0,"menu_order":0,"comment_status":"closed","ping_status":"closed","template":"","meta":{"_et_pb_use_builder":"on","_et_pb_old_content":"","_et_gb_content_width":""},"_links":{"self":[{"href":"https:\/\/webjornalismo.unicap.br\/literatura-feminina\/wp-json\/wp\/v2\/pages\/498"}],"collection":[{"href":"https:\/\/webjornalismo.unicap.br\/literatura-feminina\/wp-json\/wp\/v2\/pages"}],"about":[{"href":"https:\/\/webjornalismo.unicap.br\/literatura-feminina\/wp-json\/wp\/v2\/types\/page"}],"author":[{"embeddable":true,"href":"https:\/\/webjornalismo.unicap.br\/literatura-feminina\/wp-json\/wp\/v2\/users\/1"}],"replies":[{"embeddable":true,"href":"https:\/\/webjornalismo.unicap.br\/literatura-feminina\/wp-json\/wp\/v2\/comments?post=498"}],"version-history":[{"count":10,"href":"https:\/\/webjornalismo.unicap.br\/literatura-feminina\/wp-json\/wp\/v2\/pages\/498\/revisions"}],"predecessor-version":[{"id":650,"href":"https:\/\/webjornalismo.unicap.br\/literatura-feminina\/wp-json\/wp\/v2\/pages\/498\/revisions\/650"}],"wp:attachment":[{"href":"https:\/\/webjornalismo.unicap.br\/literatura-feminina\/wp-json\/wp\/v2\/media?parent=498"}],"curies":[{"name":"wp","href":"https:\/\/api.w.org\/{rel}","templated":true}]}}