{"id":55,"date":"2020-12-01T15:29:30","date_gmt":"2020-12-01T17:29:30","guid":{"rendered":"https:\/\/webjornalismo.unicap.br\/bonitasdecorpo\/?page_id=55"},"modified":"2020-12-17T13:31:34","modified_gmt":"2020-12-17T15:31:34","slug":"censura-de-corpos","status":"publish","type":"page","link":"https:\/\/webjornalismo.unicap.br\/bonitasdecorpo\/censura-de-corpos\/","title":{"rendered":"Censura de corpos"},"content":{"rendered":"<p>[et_pb_section fb_built=&#8221;1&#8243; fullwidth=&#8221;on&#8221; _builder_version=&#8221;4.7.4&#8243; _module_preset=&#8221;default&#8221; background_image=&#8221;https:\/\/webjornalismo.unicap.br\/bonitasdecorpo\/wp-content\/uploads\/2020\/12\/censura.png&#8221;][et_pb_fullwidth_post_title meta=&#8221;off&#8221; featured_placement=&#8221;background&#8221; text_color=&#8221;light&#8221; _builder_version=&#8221;4.7.4&#8243; _module_preset=&#8221;default&#8221; title_text_color=&#8221;#ffffff&#8221; title_font_size=&#8221;70px&#8221; use_background_color_gradient=&#8221;on&#8221; background_color_gradient_start=&#8221;rgba(43,135,218,0)&#8221; background_color_gradient_end=&#8221;#000000&#8243; background_color_gradient_direction=&#8221;140deg&#8221; text_orientation=&#8221;right&#8221; custom_padding=&#8221;30vh||30vh||true|false&#8221;][\/et_pb_fullwidth_post_title][\/et_pb_section][et_pb_section fb_built=&#8221;1&#8243; _builder_version=&#8221;4.7.4&#8243; _module_preset=&#8221;default&#8221; background_color=&#8221;#79ab9e&#8221;][et_pb_row column_structure=&#8221;1_2,1_2&#8243; _builder_version=&#8221;4.7.4&#8243; _module_preset=&#8221;default&#8221;][et_pb_column type=&#8221;1_2&#8243; _builder_version=&#8221;4.7.4&#8243; _module_preset=&#8221;default&#8221;][et_pb_text _builder_version=&#8221;4.7.7&#8243; _module_preset=&#8221;default&#8221; header_font_size=&#8221;40px&#8221; background_layout=&#8221;dark&#8221; hover_enabled=&#8221;0&#8243; sticky_enabled=&#8221;0&#8243;]<\/p>\n<h1>A modelo que mudou a pol\u00edtica de nudez do Instagram<\/h1>\n<p>Desde da cria\u00e7\u00e3o do Instagram, em 2010, surgiram controv\u00e9rsias em torno de fotos de mulheres que eram retiradas da plataforma por violarem as diretrizes da comunidade. A justificativa dos desenvolvedores do aplicativo para remov\u00ea-las era o bloqueio de todo o conte\u00fado pornogr\u00e1fico. Assim, qualquer imagem que continha seios e mamilos expostos estava sujeita a isso. Com a evolu\u00e7\u00e3o da rede social, que tem um bilh\u00e3o de usu\u00e1rios ativos e tomou propor\u00e7\u00f5es globais, v\u00e1rios artistas come\u00e7aram a usar seus perfis para se expressar e divulgar seu trabalho, como \u00e9 o caso Nyome Nicholas &#8211; Williams.<\/p>\n<p>Com 28 anos, a modelo brit\u00e2nica j\u00e1 trabalhou com marcas e publica\u00e7\u00f5es como Adidas, Dove e a Vogue. O diferencial de Nyome \u00e9 que ela concilia seu ativismo como mulher negra e plus size \u00e0 brilhante carreira que vem trilhando. Uma das pautas para qual ela chama a aten\u00e7\u00e3o \u00e9 a censura de fotos publicadas no instagram, j\u00e1 que \u00e9 uma ferramenta muito importante para modelos exporem suas produ\u00e7\u00f5es. \u201cA partir do minuto que aplicamos intersec\u00e7\u00f5es de ra\u00e7a, defici\u00eancia e sexualidade, fica cada vez mais dif\u00edcil de existir no Instagram\u201d, contou a brit\u00e2nica em artigo publicado pela <a href=\"https:\/\/www.refinery29.com\/en-gb\/2020\/12\/10150275\/shadow-ban-instagram-censorship-women-of-colour\" target=\"_blank\" rel=\"noopener noreferrer\">Refinery29<\/a>.<\/p>\n<p>No dia 29 de Julho, Nyome publicou uma foto no seu perfil que tinha sido capturada no mesmo dia pela fot\u00f3grafa Alex Cameron. A imagem, na qual ela est\u00e1 sentada e abra\u00e7ando seus seios com as m\u00e3os, rapidamente foi derrubada pelo instagram por violar as normas de nudez.<\/p>\n<p>[\/et_pb_text][et_pb_image src=&#8221;https:\/\/webjornalismo.unicap.br\/bonitasdecorpo\/wp-content\/uploads\/2020\/12\/nyome.jpg&#8221; title_text=&#8221;nyome&#8221; show_bottom_space=&#8221;off&#8221; align=&#8221;center&#8221; force_fullwidth=&#8221;on&#8221; _builder_version=&#8221;4.7.5&#8243; _module_preset=&#8221;default&#8221;][\/et_pb_image][et_pb_text _builder_version=&#8221;4.7.5&#8243; _module_preset=&#8221;default&#8221; text_text_color=&#8221;#ffffff&#8221; text_font_size=&#8221;13px&#8221; text_orientation=&#8221;right&#8221; custom_margin=&#8221;0px||||false|false&#8221; custom_padding=&#8221;0px||||false|false&#8221; locked=&#8221;off&#8221;]Cr\u00e9ditos: Alexandra Cameron[\/et_pb_text][\/et_pb_column][et_pb_column type=&#8221;1_2&#8243; _builder_version=&#8221;4.7.4&#8243; _module_preset=&#8221;default&#8221;][et_pb_image src=&#8221;https:\/\/webjornalismo.unicap.br\/bonitasdecorpo\/wp-content\/uploads\/2020\/12\/03.png&#8221; title_text=&#8221;03&#8243; _builder_version=&#8221;4.7.4&#8243; _module_preset=&#8221;default&#8221;][\/et_pb_image][\/et_pb_column][\/et_pb_row][et_pb_row column_structure=&#8221;1_2,1_2&#8243; _builder_version=&#8221;4.7.4&#8243; _module_preset=&#8221;default&#8221; custom_padding=&#8221;0px|||||&#8221;][et_pb_column type=&#8221;1_2&#8243; _builder_version=&#8221;4.7.4&#8243; _module_preset=&#8221;default&#8221;][et_pb_text _builder_version=&#8221;4.7.7&#8243; _module_preset=&#8221;default&#8221; header_font_size=&#8221;40px&#8221; background_layout=&#8221;dark&#8221; hover_enabled=&#8221;0&#8243; sticky_enabled=&#8221;0&#8243;]<\/p>\n<p>Inconformada com a justificativa da remo\u00e7\u00e3o, a brit\u00e2nica criou uma campanha nas redes que ganhou for\u00e7a com a hashtag <a href=\"https:\/\/www.instagram.com\/explore\/tags\/iwanttoseenyome\/\" target=\"_blank\" rel=\"noopener noreferrer\">#IWantToSeeNyome<\/a> (traduzindo para \u201ceu quero ver a Nyome\u201d), na qual os usu\u00e1rios repostavam a foto censurada, chamando a aten\u00e7\u00e3o para como outras modelos que se aproximavam mais do padr\u00e3o magro e branco, como Kim Kardashian e Emily Ratajkowski, n\u00e3o recebiam o mesmo tratamento pela plataforma. \u201cO algoritmo do Instagram \u00e9 preconceituoso contra minorias, especialmente mulheres gordas e negras. Quando um corpo  \u00e9 incompreendido, eu acho que o algoritmo vai contra ele. Ele aceita a norma, o que na m\u00eddia representa mulheres brancas e magras como o ideal\u201d, defendeu Nyome em entrevista ao <a href=\"https:\/\/www.theguardian.com\/technology\/2020\/aug\/09\/instagrams-censorship-of-black-models-photo-shoot-reignites-claims-of-race-bias-nyome-nicholas-williams\" target=\"_blank\" rel=\"noopener\">The Guardian<\/a>.<\/p>\n<p>Depois de tr\u00eas meses, ela chegou at\u00e9 a receber avisos que sua conta podia ser exclu\u00edda da rede social. Com o crescimento do movimento, Nyome conheceu v\u00e1rios casos de outras mulheres que tinham seu tom de pele e tipo de corpo. Elas tamb\u00e9m tinham passado pela mesma situa\u00e7\u00e3o de censura na rede social. Nyome coletou cerca de 500 provas de outras imagens censuradas que n\u00e3o expunham nenhum tipo de genit\u00e1lia. Assim, ela decidiu escrever uma carta aberta ao CEO do Instagram, Adam Mosseri, juntamente com um abaixo assinado com mais de 22 mil assinaturas que inclu\u00edam as da ativista Jameela Jamil e da cantora Lizzo. Na carta, ela pedia o compromisso e coopera\u00e7\u00e3o da plataforma para analisar o funcionamento da pr\u00f3pria pol\u00edtica de nudez.<\/p>\n<p>\u201cEst\u00e1 abundantemente claro que o Instagram reproduz o mesmo preconceito racial que nossa sociedade, observando corpo negros e gordos como \u201cdemasiado\u201d ou intrag\u00e1veis. O aplicativo do qual voc\u00ea \u00e9 Diretor Executivo, se orgulha de ser um espa\u00e7o livre para que todos possam se expressar da forma que desejam. No entanto, h\u00e1 uma disparidade clara entre quem tem liberdade e quem \u00e9 policiado. Se voc\u00ea \u00e9 branco, rico e sexualmente atrativo de forma convencional, parece que voc\u00ea pode postar o quiser e da forma que quiser; mas se voc\u00ea faz parte de um grupo marginalizado, voc\u00ea est\u00e1 sujeito aos resultados de um algoritmo preconceituoso\u201d, essa foi a <a href=\"https:\/\/www.instagram.com\/p\/CE89AYDAMRy\/\" target=\"_blank\" rel=\"noopener noreferrer\">mensagem<\/a> de Nyome que reverberou pela rede social at\u00e9 o CEO.<\/p>\n<p>A partir do dia 28 de outubro deste ano, entrou em vigor a nova pol\u00edtica do Instagram e do Facebook que permite conte\u00fado onde mulheres abra\u00e7am, seguram ou acariciam os pr\u00f3prios seios &#8211; como forma de assegurar que todos os tipos de corpos sejam tratados de forma justa nos ambientes virtuais. Mesmo assim, Nyome acredita que a campanha que organizou com Alex Cameron, a fot\u00f3grafa respons\u00e1vel pela imagem censurada, e a autora Gina Martin est\u00e1 longe de terminar. Elas decidiram desenvolver um software para que os usu\u00e1rios censurados pela pol\u00edtica de nudez postem seus casos e possam acompanhar e fiscalizar se a nova pol\u00edtica est\u00e1 de fato funcionando.<\/p>\n<p>Apesar dessa mudan\u00e7a ter acontecido rapidamente, ela realmente ainda n\u00e3o \u00e9 efetiva para todos. Helena Cordeiro, de 24 anos, \u00e9 formada em Ci\u00eancias do Consumo pela Universidade Federal Rural de Pernambuco e, atualmente, \u00e9 empreendedora da D\u2019Troia Moda Feminina, uma loja de roupas femininas focada no p\u00fablico plus size.<\/p>\n<p>Todo fim de ano, ela usa uma ferramenta do Instagram para promover os an\u00fancios da cole\u00e7\u00e3o que \u00e9 lan\u00e7ada nessa \u00e9poca e esse ano n\u00e3o foi diferente. Por ser um empreendimento focado em mulheres plus size, Helena faz quest\u00e3o de incluir modelos com corpos diferentes. O que ela n\u00e3o esperava, dessa vez, era sofrer da mesma censura que Nyome quando as imagens com uma modelo plus size foram recusadas no dia 17 de novembro.<\/p>\n<p>\u201cPara a nossa surpresa, pela primeira vez em seis anos, n\u00f3s fomos censuradas pelo Instagram. N\u00f3s sempre fizemos an\u00fancios com modelos plus size, mas dessa vez fomos barradas com a justificativa que o an\u00fancio continha imagens que concentram excessivamente no corpo ou em uma parte que tem como foco o abd\u00f4men ou gordura abdominal &#8211; ou seja uma pessoa gorda &#8211; isso poderia fazer com que as pessoas se sentissem mal em rela\u00e7\u00e3o a si pr\u00f3prias, al\u00e9m de violar a pol\u00edtica fundamental que \u00e9 promover uma comunidade global positiva.\u201d, explicou, com decep\u00e7\u00e3o, a empreendedora.<\/p>\n<p>[\/et_pb_text][\/et_pb_column][et_pb_column type=&#8221;1_2&#8243; _builder_version=&#8221;4.7.4&#8243; _module_preset=&#8221;default&#8221;][\/et_pb_column][\/et_pb_row][et_pb_row column_structure=&#8221;1_2,1_2&#8243; _builder_version=&#8221;4.7.4&#8243; _module_preset=&#8221;default&#8221; custom_padding=&#8221;0px|||||&#8221;][et_pb_column type=&#8221;1_2&#8243; _builder_version=&#8221;4.7.4&#8243; _module_preset=&#8221;default&#8221;][et_pb_code _builder_version=&#8221;4.7.5&#8243; _module_preset=&#8221;default&#8221; text_orientation=&#8221;center&#8221; module_alignment=&#8221;center&#8221;]<\/p>\n<blockquote class=\"instagram-media\" data-instgrm-captioned data-instgrm-permalink=\"https:\/\/www.instagram.com\/p\/CHu--jZl7Az\/?utm_source=ig_embed&#038;utm_campaign=loading\" data-instgrm-version=\"13\" style=\" background:#FFF; border:0; border-radius:3px; box-shadow:0 0 1px 0 rgba(0,0,0,0.5),0 1px 10px 0 rgba(0,0,0,0.15); margin: 1px; max-width:540px; min-width:326px; padding:0; width:99.375%; width:-webkit-calc(100% - 2px); width:calc(100% - 2px);\">\n<div style=\"padding:16px;\"> <a href=\"https:\/\/www.instagram.com\/p\/CHu--jZl7Az\/?utm_source=ig_embed&#038;utm_campaign=loading\" style=\" background:#FFFFFF; line-height:0; padding:0 0; text-align:center; text-decoration:none; width:100%;\" target=\"_blank\" rel=\"noopener\"> <\/p>\n<div style=\" display: flex; flex-direction: row; align-items: center;\">\n<div style=\"background-color: #F4F4F4; border-radius: 50%; flex-grow: 0; height: 40px; margin-right: 14px; width: 40px;\"><\/div>\n<div style=\"display: flex; flex-direction: column; flex-grow: 1; justify-content: center;\">\n<div style=\" background-color: #F4F4F4; border-radius: 4px; flex-grow: 0; height: 14px; margin-bottom: 6px; width: 100px;\"><\/div>\n<div style=\" background-color: #F4F4F4; border-radius: 4px; flex-grow: 0; height: 14px; width: 60px;\"><\/div>\n<\/div>\n<\/div>\n<div style=\"padding: 19% 0;\"><\/div>\n<div style=\"display:block; height:50px; margin:0 auto 12px; width:50px;\"><svg width=\"50px\" height=\"50px\" viewBox=\"0 0 60 60\" version=\"1.1\" xmlns=\"https:\/\/www.w3.org\/2000\/svg\" xmlns:xlink=\"https:\/\/www.w3.org\/1999\/xlink\"><g stroke=\"none\" stroke-width=\"1\" fill=\"none\" fill-rule=\"evenodd\"><g transform=\"translate(-511.000000, -20.000000)\" fill=\"#000000\"><g><path d=\"M556.869,30.41 C554.814,30.41 553.148,32.076 553.148,34.131 C553.148,36.186 554.814,37.852 556.869,37.852 C558.924,37.852 560.59,36.186 560.59,34.131 C560.59,32.076 558.924,30.41 556.869,30.41 M541,60.657 C535.114,60.657 530.342,55.887 530.342,50 C530.342,44.114 535.114,39.342 541,39.342 C546.887,39.342 551.658,44.114 551.658,50 C551.658,55.887 546.887,60.657 541,60.657 M541,33.886 C532.1,33.886 524.886,41.1 524.886,50 C524.886,58.899 532.1,66.113 541,66.113 C549.9,66.113 557.115,58.899 557.115,50 C557.115,41.1 549.9,33.886 541,33.886 M565.378,62.101 C565.244,65.022 564.756,66.606 564.346,67.663 C563.803,69.06 563.154,70.057 562.106,71.106 C561.058,72.155 560.06,72.803 558.662,73.347 C557.607,73.757 556.021,74.244 553.102,74.378 C549.944,74.521 548.997,74.552 541,74.552 C533.003,74.552 532.056,74.521 528.898,74.378 C525.979,74.244 524.393,73.757 523.338,73.347 C521.94,72.803 520.942,72.155 519.894,71.106 C518.846,70.057 518.197,69.06 517.654,67.663 C517.244,66.606 516.755,65.022 516.623,62.101 C516.479,58.943 516.448,57.996 516.448,50 C516.448,42.003 516.479,41.056 516.623,37.899 C516.755,34.978 517.244,33.391 517.654,32.338 C518.197,30.938 518.846,29.942 519.894,28.894 C520.942,27.846 521.94,27.196 523.338,26.654 C524.393,26.244 525.979,25.756 528.898,25.623 C532.057,25.479 533.004,25.448 541,25.448 C548.997,25.448 549.943,25.479 553.102,25.623 C556.021,25.756 557.607,26.244 558.662,26.654 C560.06,27.196 561.058,27.846 562.106,28.894 C563.154,29.942 563.803,30.938 564.346,32.338 C564.756,33.391 565.244,34.978 565.378,37.899 C565.522,41.056 565.552,42.003 565.552,50 C565.552,57.996 565.522,58.943 565.378,62.101 M570.82,37.631 C570.674,34.438 570.167,32.258 569.425,30.349 C568.659,28.377 567.633,26.702 565.965,25.035 C564.297,23.368 562.623,22.342 560.652,21.575 C558.743,20.834 556.562,20.326 553.369,20.18 C550.169,20.033 549.148,20 541,20 C532.853,20 531.831,20.033 528.631,20.18 C525.438,20.326 523.257,20.834 521.349,21.575 C519.376,22.342 517.703,23.368 516.035,25.035 C514.368,26.702 513.342,28.377 512.574,30.349 C511.834,32.258 511.326,34.438 511.181,37.631 C511.035,40.831 511,41.851 511,50 C511,58.147 511.035,59.17 511.181,62.369 C511.326,65.562 511.834,67.743 512.574,69.651 C513.342,71.625 514.368,73.296 516.035,74.965 C517.703,76.634 519.376,77.658 521.349,78.425 C523.257,79.167 525.438,79.673 528.631,79.82 C531.831,79.965 532.853,80.001 541,80.001 C549.148,80.001 550.169,79.965 553.369,79.82 C556.562,79.673 558.743,79.167 560.652,78.425 C562.623,77.658 564.297,76.634 565.965,74.965 C567.633,73.296 568.659,71.625 569.425,69.651 C570.167,67.743 570.674,65.562 570.82,62.369 C570.966,59.17 571,58.147 571,50 C571,41.851 570.966,40.831 570.82,37.631\"><\/path><\/g><\/g><\/g><\/svg><\/div>\n<div style=\"padding-top: 8px;\">\n<div style=\" color:#3897f0; font-family:Arial,sans-serif; font-size:14px; font-style:normal; font-weight:550; line-height:18px;\"> Ver esta publica\u00e7\u00e3o no Instagram<\/div>\n<\/div>\n<div style=\"padding: 12.5% 0;\"><\/div>\n<div style=\"display: flex; flex-direction: row; margin-bottom: 14px; align-items: center;\">\n<div>\n<div style=\"background-color: #F4F4F4; border-radius: 50%; height: 12.5px; width: 12.5px; transform: translateX(0px) translateY(7px);\"><\/div>\n<div style=\"background-color: #F4F4F4; height: 12.5px; transform: rotate(-45deg) translateX(3px) translateY(1px); width: 12.5px; flex-grow: 0; margin-right: 14px; margin-left: 2px;\"><\/div>\n<div style=\"background-color: #F4F4F4; border-radius: 50%; height: 12.5px; width: 12.5px; transform: translateX(9px) translateY(-18px);\"><\/div>\n<\/div>\n<div style=\"margin-left: 8px;\">\n<div style=\" background-color: #F4F4F4; border-radius: 50%; flex-grow: 0; height: 20px; width: 20px;\"><\/div>\n<div style=\" width: 0; height: 0; border-top: 2px solid transparent; border-left: 6px solid #f4f4f4; border-bottom: 2px solid transparent; transform: translateX(16px) translateY(-4px) rotate(30deg)\"><\/div>\n<\/div>\n<div style=\"margin-left: auto;\">\n<div style=\" width: 0px; border-top: 8px solid #F4F4F4; border-right: 8px solid transparent; transform: translateY(16px);\"><\/div>\n<div style=\" background-color: #F4F4F4; flex-grow: 0; height: 12px; width: 16px; transform: translateY(-4px);\"><\/div>\n<div style=\" width: 0; height: 0; border-top: 8px solid #F4F4F4; border-left: 8px solid transparent; transform: translateY(-4px) translateX(8px);\"><\/div>\n<\/div>\n<\/div>\n<div style=\"display: flex; flex-direction: column; flex-grow: 1; justify-content: center; margin-bottom: 24px;\">\n<div style=\" background-color: #F4F4F4; border-radius: 4px; flex-grow: 0; height: 14px; margin-bottom: 6px; width: 224px;\"><\/div>\n<div style=\" background-color: #F4F4F4; border-radius: 4px; flex-grow: 0; height: 14px; width: 144px;\"><\/div>\n<\/div>\n<p><\/a><pee style=\" color:#c9c8cd; font-family:Arial,sans-serif; font-size:14px; line-height:17px; margin-bottom:0; margin-top:8px; overflow:hidden; padding:8px 0 7px; text-align:center; text-overflow:ellipsis; white-space:nowrap;\"><a href=\"https:\/\/www.instagram.com\/p\/CHu--jZl7Az\/?utm_source=ig_embed&#038;utm_campaign=loading\" style=\" color:#c9c8cd; font-family:Arial,sans-serif; font-size:14px; font-style:normal; font-weight:normal; line-height:17px; text-decoration:none;\" target=\"_blank\" rel=\"noopener\">Uma publica\u00e7\u00e3o partilhada por Moda Feminina Plus Size (@dtroia_modafeminina)<\/a><\/pee><\/div>\n<\/blockquote>\n<p> <script async src=\"\/\/www.instagram.com\/embed.js\"><\/script>[\/et_pb_code][et_pb_text _builder_version=&#8221;4.7.7&#8243; _module_preset=&#8221;default&#8221; header_font_size=&#8221;40px&#8221; background_layout=&#8221;dark&#8221; hover_enabled=&#8221;0&#8243; locked=&#8221;off&#8221; sticky_enabled=&#8221;0&#8243;]O que mais chocou Helena na situa\u00e7\u00e3o foi que todas as imagens com a modelo magra foram aprovadas e seguiram em circula\u00e7\u00e3o. Ela j\u00e1 tinha vivido algumas situa\u00e7\u00f5es semelhantes e relatou que recebe coment\u00e1rios gordof\u00f3bicos constantemente nas mensagens privadas do perfil, assim como j\u00e1 teve a conta suspensa por den\u00fancias. Helena sente que, como microempresa, ela tem obriga\u00e7\u00e3o de investir dentro da rede social para que aquele conte\u00fado seja valorizado, pois o algoritmo d\u00e1 mais relev\u00e2ncia a corpos malhados, v\u00eddeos de maquiagem, entre outros assuntos. \u201cEu n\u00e3o sei que tipo de mal-estar que poderia causar a uma mulher gorda, o fato dela estar sendo representada por outra em uma campanha publicit\u00e1ria. Por\u00e9m, o Instagram entende isso como uma ofensa e algo negativo. O mais incr\u00e9dulo disso tudo \u00e9 que a gente v\u00ea v\u00e1rias publica\u00e7\u00f5es com conte\u00fado obsceno, violento, preconceituoso e nada disso \u00e9 banido.\u201d<\/p>\n<p>Em ambientes virtuais que tendem a impulsionar perfis de mulheres que se aproximam do padr\u00e3o euroc\u00eantrico e que bombardeiam seus usu\u00e1rios com produtos de emagrecimento, campanhas como a de Nyome s\u00e3o fundamentais para democratizar o conte\u00fado que chegar\u00e1 a outras meninas. Segundo estudo da University College London (UCL) de 2019, meninas adolescentes s\u00e3o duas vezes mais propensas que os meninos a apresentar sintomas de depress\u00e3o em conex\u00e3o ao uso das redes sociais.[\/et_pb_text][et_pb_code _builder_version=&#8221;4.7.5&#8243; _module_preset=&#8221;default&#8221;]<\/p>\n<div class=\"infogram-embed\" data-id=\"8eb3b898-a96d-479f-8e59-e6ad07dfc78b\" data-type=\"interactive\" data-title=\"infografico - censura corpos\"><\/div>\n<p><script>!function(e,i,n,s){var t=\"InfogramEmbeds\",d=e.getElementsByTagName(\"script\")[0];if(window[t]&&window[t].initialized)window[t].process&&window[t].process();else if(!e.getElementById(n)){var o=e.createElement(\"script\");o.async=1,o.id=n,o.src=\"https:\/\/e.infogram.com\/js\/dist\/embed-loader-min.js\",d.parentNode.insertBefore(o,d)}}(document,0,\"infogram-async\");<\/script>[\/et_pb_code][et_pb_text _builder_version=&#8221;4.7.7&#8243; _module_preset=&#8221;default&#8221; header_font_size=&#8221;40px&#8221; background_layout=&#8221;dark&#8221; hover_enabled=&#8221;0&#8243; locked=&#8221;off&#8221; sticky_enabled=&#8221;0&#8243;]Os algoritmos das redes sociais refletem o controle sobre os corpos femininos de uma sociedade patriarcal. Os espa\u00e7os midi\u00e1ticos mudam e s\u00e3o digitalizados, mas os padr\u00f5es de beleza permanecem de forma velada e dificulta a viv\u00eancia de mulheres que n\u00e3o se enquadram nessa realidade. Quantas vezes Kim Kardashian teve sua foto sensual no espelho censurada por nudez? O Instagram est\u00e1 preocupado em vender uma realidade fict\u00edcia, corpos perfeitos que s\u00e3o produzidos, editados e maquiados. Cada vez mais as meninas procuram formas extremas para alterar seus biotipos e se encaixar em algo que n\u00e3o \u00e9 natural. Ent\u00e3o, como explica a escritora feminista Naomi Wolf: \u201cVence aquela que se acha bonita e desafia o mundo a mudar para realmente v\u00ea-la.\u201d[\/et_pb_text][\/et_pb_column][et_pb_column type=&#8221;1_2&#8243; _builder_version=&#8221;4.7.4&#8243; _module_preset=&#8221;default&#8221;][et_pb_image src=&#8221;https:\/\/webjornalismo.unicap.br\/bonitasdecorpo\/wp-content\/uploads\/2020\/12\/01.png&#8221; title_text=&#8221;01&#8243; _builder_version=&#8221;4.7.4&#8243; _module_preset=&#8221;default&#8221;][\/et_pb_image][\/et_pb_column][\/et_pb_row][\/et_pb_section]<\/p>\n","protected":false},"excerpt":{"rendered":"<p>[et_pb_section fb_built=&#8221;1&#8243; fullwidth=&#8221;on&#8221; _builder_version=&#8221;4.7.4&#8243; _module_preset=&#8221;default&#8221; background_image=&#8221;https:\/\/webjornalismo.unicap.br\/bonitasdecorpo\/wp-content\/uploads\/2020\/12\/censura.png&#8221;][et_pb_fullwidth_post_title meta=&#8221;off&#8221; featured_placement=&#8221;background&#8221; text_color=&#8221;light&#8221; _builder_version=&#8221;4.7.4&#8243; _module_preset=&#8221;default&#8221; title_text_color=&#8221;#ffffff&#8221; title_font_size=&#8221;70px&#8221; use_background_color_gradient=&#8221;on&#8221; background_color_gradient_start=&#8221;rgba(43,135,218,0)&#8221; background_color_gradient_end=&#8221;#000000&#8243; background_color_gradient_direction=&#8221;140deg&#8221; text_orientation=&#8221;right&#8221; custom_padding=&#8221;30vh||30vh||true|false&#8221;][\/et_pb_fullwidth_post_title][\/et_pb_section][et_pb_section fb_built=&#8221;1&#8243; _builder_version=&#8221;4.7.4&#8243; _module_preset=&#8221;default&#8221; background_color=&#8221;#79ab9e&#8221;][et_pb_row column_structure=&#8221;1_2,1_2&#8243; _builder_version=&#8221;4.7.4&#8243; _module_preset=&#8221;default&#8221;][et_pb_column type=&#8221;1_2&#8243; _builder_version=&#8221;4.7.4&#8243; _module_preset=&#8221;default&#8221;][et_pb_text _builder_version=&#8221;4.7.7&#8243; _module_preset=&#8221;default&#8221; header_font_size=&#8221;40px&#8221; background_layout=&#8221;dark&#8221; hover_enabled=&#8221;0&#8243; sticky_enabled=&#8221;0&#8243;] A modelo que mudou a pol\u00edtica de nudez do Instagram Desde da cria\u00e7\u00e3o do Instagram, em 2010, surgiram controv\u00e9rsias em [&hellip;]<\/p>\n","protected":false},"author":2,"featured_media":0,"parent":0,"menu_order":0,"comment_status":"closed","ping_status":"closed","template":"","meta":{"_et_pb_use_builder":"on","_et_pb_old_content":"","_et_gb_content_width":""},"_links":{"self":[{"href":"https:\/\/webjornalismo.unicap.br\/bonitasdecorpo\/wp-json\/wp\/v2\/pages\/55"}],"collection":[{"href":"https:\/\/webjornalismo.unicap.br\/bonitasdecorpo\/wp-json\/wp\/v2\/pages"}],"about":[{"href":"https:\/\/webjornalismo.unicap.br\/bonitasdecorpo\/wp-json\/wp\/v2\/types\/page"}],"author":[{"embeddable":true,"href":"https:\/\/webjornalismo.unicap.br\/bonitasdecorpo\/wp-json\/wp\/v2\/users\/2"}],"replies":[{"embeddable":true,"href":"https:\/\/webjornalismo.unicap.br\/bonitasdecorpo\/wp-json\/wp\/v2\/comments?post=55"}],"version-history":[{"count":10,"href":"https:\/\/webjornalismo.unicap.br\/bonitasdecorpo\/wp-json\/wp\/v2\/pages\/55\/revisions"}],"predecessor-version":[{"id":246,"href":"https:\/\/webjornalismo.unicap.br\/bonitasdecorpo\/wp-json\/wp\/v2\/pages\/55\/revisions\/246"}],"wp:attachment":[{"href":"https:\/\/webjornalismo.unicap.br\/bonitasdecorpo\/wp-json\/wp\/v2\/media?parent=55"}],"curies":[{"name":"wp","href":"https:\/\/api.w.org\/{rel}","templated":true}]}}