{"id":365,"date":"2021-12-02T18:52:11","date_gmt":"2021-12-02T21:52:11","guid":{"rendered":"https:\/\/webjornalismo.unicap.br\/blogueiras\/?page_id=365"},"modified":"2021-12-10T19:09:56","modified_gmt":"2021-12-10T22:09:56","slug":"pagina-inicial","status":"publish","type":"page","link":"https:\/\/webjornalismo.unicap.br\/blogueiras\/","title":{"rendered":"P\u00e1gina Inicial"},"content":{"rendered":"<p>[et_pb_section fb_built=&#8221;1&#8243; _builder_version=&#8221;4.14.2&#8243; _module_preset=&#8221;default&#8221; global_colors_info=&#8221;{}&#8221;][et_pb_row column_structure=&#8221;1_2,1_2&#8243; use_custom_gutter=&#8221;on&#8221; gutter_width=&#8221;1&#8243; make_equal=&#8221;on&#8221; _builder_version=&#8221;4.14.2&#8243; _module_preset=&#8221;default&#8221; custom_margin=&#8221;||-175px||false|false&#8221; custom_padding=&#8221;0px||0px|||&#8221; global_colors_info=&#8221;{}&#8221;][et_pb_column type=&#8221;1_2&#8243; _builder_version=&#8221;4.14.2&#8243; _module_preset=&#8221;default&#8221; global_colors_info=&#8221;{}&#8221;][et_pb_text _builder_version=&#8221;4.14.2&#8243; _module_preset=&#8221;default&#8221; header_text_color=&#8221;gcid-a582bc18-6f66-4357-aa49-294bceee8318&#8243; header_font_size=&#8221;4.5em&#8221; custom_margin=&#8221;70px||||false|false&#8221; animation_style=&#8221;slide&#8221; animation_direction=&#8221;left&#8221; animation_delay=&#8221;200ms&#8221; global_colors_info=&#8221;{%22gcid-a582bc18-6f66-4357-aa49-294bceee8318%22:%91%22header_text_color%22%93}&#8221;]<\/p>\n<h1>Sem filtro:<br \/>o poder<br \/>de ser real<\/h1>\n<p>[\/et_pb_text][\/et_pb_column][et_pb_column type=&#8221;1_2&#8243; _builder_version=&#8221;4.14.2&#8243; _module_preset=&#8221;default&#8221; global_colors_info=&#8221;{}&#8221;][et_pb_image src=&#8221;https:\/\/webjornalismo.unicap.br\/blogueiras\/wp-content\/uploads\/2021\/12\/ilustra-topo.png&#8221; title_text=&#8221;ilustra-topo&#8221; force_fullwidth=&#8221;on&#8221; _builder_version=&#8221;4.14.2&#8243; _module_preset=&#8221;default&#8221; animation_style=&#8221;fade&#8221; custom_css_main_element=&#8221;min-width:120%;&#8221; global_colors_info=&#8221;{}&#8221;][\/et_pb_image][\/et_pb_column][\/et_pb_row][\/et_pb_section][et_pb_section fb_built=&#8221;1&#8243; _builder_version=&#8221;4.14.2&#8243; _module_preset=&#8221;default&#8221; background_color=&#8221;#f4005e&#8221; use_background_color_gradient=&#8221;on&#8221; background_color_gradient_start=&#8221;#a32ad3&#8243; background_color_gradient_end=&#8221;gcid-a582bc18-6f66-4357-aa49-294bceee8318&#8243; background_color_gradient_end_position=&#8221;80%&#8221; custom_padding=&#8221;||0px|||&#8221; global_colors_info=&#8221;{%22gcid-a582bc18-6f66-4357-aa49-294bceee8318%22:%91%22colorEnd%22%93}&#8221;][et_pb_row _builder_version=&#8221;4.14.2&#8243; _module_preset=&#8221;default&#8221; global_colors_info=&#8221;{}&#8221;][et_pb_column type=&#8221;4_4&#8243; _builder_version=&#8221;4.14.2&#8243; _module_preset=&#8221;default&#8221; global_colors_info=&#8221;{}&#8221;][et_pb_text _builder_version=&#8221;4.14.2&#8243; _module_preset=&#8221;default&#8221; text_orientation=&#8221;center&#8221; background_layout=&#8221;dark&#8221; width=&#8221;70%&#8221; width_tablet=&#8221;70%&#8221; width_phone=&#8221;70%&#8221; width_last_edited=&#8221;on|phone&#8221; module_alignment=&#8221;center&#8221; custom_margin=&#8221;60px||||false|false&#8221; global_colors_info=&#8221;{}&#8221;]<\/p>\n<p>Uma pesquisa realizada pela Royal Society for Public Health, em 2019, no Reino Unido, constatou que as redes sociais s\u00e3o mais viciantes que \u00e1lcool e cigarro. N\u00e3o por acaso, o Instagram, uma das plataformas mais utilizadas, foi considerado como a rede social que mais adoece pessoas ao redor do mundo. Mas por que esse aplicativo, tido por muitos como um mero passatempo, tem prejudicado de forma t\u00e3o intensa a vida e a sa\u00fade de milhares de pessoas?<\/p>\n<p>Infelizmente, essa descoberta n\u00e3o \u00e9 algo surpreendente. O que a princ\u00edpio era um aplicativo inofensivo, onde apenas se compartilhavam fotos e v\u00eddeos, se tornou palco de competi\u00e7\u00f5es il\u00f3gicas, onde vale tudo para ver e ser visto, impressionar e ser impressionado. Tudo por um like. Quantas vezes por dia n\u00e3o assistimos v\u00eddeos onde a felicidade parece ser protagonista, mas na verdade \u00e9 inexistente? Quantas publicidades enganosas n\u00e3o consumimos atrav\u00e9s dos stories de blogueiras que vendem ch\u00e1s milagrosos, quando na verdade seus corpos sarados s\u00e3o m\u00e9ritos de dietas restritivas e cirurgias pl\u00e1sticas pagas pelo algoritmo?<\/p>\n<p>Diante de todas essas informa\u00e7\u00f5es, muitas vezes, se torna dif\u00edcil acreditar que podemos encontrar pessoas reais para seguir na internet, que produzam conte\u00fado de forma transparente e conscientes da sua responsabilidade. Mais especificamente, mulheres reais, que empoderam outras mulheres atrav\u00e9s da sua honestidade e vulnerabilidade. Mas elas existem e \u00e9 delas que irei falar: elas que t\u00eam levantado suas vozes nesse mundo de ilus\u00f5es chamado \u201credes sociais\u201d e mostrado que existe um poder em ser real.<\/p>\n<p>[\/et_pb_text][\/et_pb_column][\/et_pb_row][et_pb_row column_structure=&#8221;1_2,1_2&#8243; make_equal=&#8221;on&#8221; _builder_version=&#8221;4.14.2&#8243; _module_preset=&#8221;default&#8221; custom_margin=&#8221;75px|auto||auto|false|false&#8221; global_colors_info=&#8221;{}&#8221;][et_pb_column type=&#8221;1_2&#8243; _builder_version=&#8221;4.14.2&#8243; _module_preset=&#8221;default&#8221; global_colors_info=&#8221;{}&#8221;][et_pb_image src=&#8221;https:\/\/webjornalismo.unicap.br\/blogueiras\/wp-content\/uploads\/2021\/12\/ilustra-corpo.png&#8221; title_text=&#8221;ilustra-corpo&#8221; _builder_version=&#8221;4.14.2&#8243; _module_preset=&#8221;default&#8221; custom_margin=&#8221;|||-50px|false|false&#8221; animation_style=&#8221;fade&#8221; animation_direction=&#8221;left&#8221; global_colors_info=&#8221;{}&#8221;][\/et_pb_image][\/et_pb_column][et_pb_column type=&#8221;1_2&#8243; module_class=&#8221;full-height&#8221; _builder_version=&#8221;4.14.2&#8243; _module_preset=&#8221;default&#8221; global_colors_info=&#8221;{}&#8221;][et_pb_text _builder_version=&#8221;4.14.2&#8243; _dynamic_attributes=&#8221;link_option_url&#8221; _module_preset=&#8221;default&#8221; header_2_font_size=&#8221;3em&#8221; background_layout=&#8221;dark&#8221; animation_style=&#8221;fade&#8221; animation_delay=&#8221;200ms&#8221; link_option_url=&#8221;@ET-DC@eyJkeW5hbWljIjp0cnVlLCJjb250ZW50IjoicG9zdF9saW5rX3VybF9wYWdlIiwic2V0dGluZ3MiOnsicG9zdF9pZCI6IjQyNyJ9fQ==@&#8221; global_colors_info=&#8221;{}&#8221;]<\/p>\n<h2>Corpo livre<\/h2>\n<p>Thamires Lima, Maria Carolina Alves e B\u00e1rbara Luz contam suas hist\u00f3rias, experi\u00eancias e supera\u00e7\u00f5es na constru\u00e7\u00e3o do amor aos seus corpos, respeitando seus limites e suas singularidades.[\/et_pb_text][\/et_pb_column][\/et_pb_row][\/et_pb_section][et_pb_section fb_built=&#8221;1&#8243; _builder_version=&#8221;4.14.2&#8243; _module_preset=&#8221;default&#8221; background_color=&#8221;gcid-f4763e99-3e7e-4a09-9bec-390099f254a4&#8243; custom_padding=&#8221;0px||0px|||&#8221; global_colors_info=&#8221;{%22gcid-f4763e99-3e7e-4a09-9bec-390099f254a4%22:%91%22background_color%22%93}&#8221;][et_pb_row column_structure=&#8221;1_2,1_2&#8243; make_equal=&#8221;on&#8221; _builder_version=&#8221;4.14.2&#8243; _module_preset=&#8221;default&#8221; global_colors_info=&#8221;{}&#8221;][et_pb_column type=&#8221;1_2&#8243; module_class=&#8221;full-height&#8221; _builder_version=&#8221;4.14.2&#8243; _module_preset=&#8221;default&#8221; global_colors_info=&#8221;{}&#8221;][et_pb_text _builder_version=&#8221;4.14.2&#8243; _dynamic_attributes=&#8221;link_option_url&#8221; _module_preset=&#8221;default&#8221; header_2_font_size=&#8221;3em&#8221; background_layout=&#8221;dark&#8221; animation_style=&#8221;fade&#8221; animation_delay=&#8221;200ms&#8221; link_option_url=&#8221;@ET-DC@eyJkeW5hbWljIjp0cnVlLCJjb250ZW50IjoicG9zdF9saW5rX3VybF9wYWdlIiwic2V0dGluZ3MiOnsicG9zdF9pZCI6IjQyOSJ9fQ==@&#8221; global_colors_info=&#8221;{}&#8221;]<\/p>\n<h2>Maternidade Real<\/h2>\n<p>Erika Leal e Vika Jardim falam sobre como a maternidade pode ser assustadoramente linda e cheia de altos e baixos, provando que n\u00e3o existe m\u00e3e perfeita e n\u00e3o h\u00e1 nenhum problema nisso. Suas hist\u00f3rias ensinam, comovem e acima de tudo, inspiram.[\/et_pb_text][\/et_pb_column][et_pb_column type=&#8221;1_2&#8243; _builder_version=&#8221;4.14.2&#8243; _module_preset=&#8221;default&#8221; global_colors_info=&#8221;{}&#8221;][et_pb_image src=&#8221;https:\/\/webjornalismo.unicap.br\/blogueiras\/wp-content\/uploads\/2021\/12\/ilustra-gravidez2.png&#8221; title_text=&#8221;ilustra-gravidez2&#8243; _builder_version=&#8221;4.14.2&#8243; _module_preset=&#8221;default&#8221; animation_style=&#8221;slide&#8221; animation_direction=&#8221;left&#8221; global_colors_info=&#8221;{}&#8221;][\/et_pb_image][\/et_pb_column][\/et_pb_row][\/et_pb_section][et_pb_section fb_built=&#8221;1&#8243; _builder_version=&#8221;4.14.2&#8243; _module_preset=&#8221;default&#8221; background_color=&#8221;gcid-495bebcd-c9e6-4abe-8562-50c1f6340cd8&#8243; custom_padding=&#8221;1px||0px|||&#8221; global_colors_info=&#8221;{%22gcid-495bebcd-c9e6-4abe-8562-50c1f6340cd8%22:%91%22background_color%22%93}&#8221;][et_pb_row column_structure=&#8221;1_2,1_2&#8243; make_equal=&#8221;on&#8221; _builder_version=&#8221;4.14.2&#8243; _module_preset=&#8221;default&#8221; custom_margin=&#8221;|auto||auto|false|false&#8221; locked=&#8221;off&#8221; global_colors_info=&#8221;{}&#8221;][et_pb_column type=&#8221;1_2&#8243; _builder_version=&#8221;4.14.2&#8243; _module_preset=&#8221;default&#8221; global_colors_info=&#8221;{}&#8221;][et_pb_image src=&#8221;https:\/\/webjornalismo.unicap.br\/blogueiras\/wp-content\/uploads\/2021\/12\/ilustra-pretas.png&#8221; title_text=&#8221;ilustra-pretas&#8221; _builder_version=&#8221;4.14.2&#8243; _module_preset=&#8221;default&#8221; custom_margin=&#8221;|||-50px|false|false&#8221; animation_style=&#8221;slide&#8221; animation_direction=&#8221;left&#8221; global_colors_info=&#8221;{}&#8221;][\/et_pb_image][\/et_pb_column][et_pb_column type=&#8221;1_2&#8243; module_class=&#8221;full-height&#8221; _builder_version=&#8221;4.14.2&#8243; _module_preset=&#8221;default&#8221; global_colors_info=&#8221;{}&#8221;][et_pb_text _builder_version=&#8221;4.14.2&#8243; _dynamic_attributes=&#8221;link_option_url&#8221; _module_preset=&#8221;default&#8221; text_text_color=&#8221;#3d4166&#8243; header_2_text_color=&#8221;#3d4166&#8243; header_2_font_size=&#8221;3em&#8221; background_layout=&#8221;dark&#8221; animation_style=&#8221;fade&#8221; animation_delay=&#8221;200ms&#8221; link_option_url=&#8221;@ET-DC@eyJkeW5hbWljIjp0cnVlLCJjb250ZW50IjoicG9zdF9saW5rX3VybF9wYWdlIiwic2V0dGluZ3MiOnsicG9zdF9pZCI6IjQzMSJ9fQ==@&#8221; global_colors_info=&#8221;{}&#8221;]<\/p>\n<h2>Pretas na rede<\/h2>\n<p>Seja para falar de cabelo, moda, autocuidado ou dar dicas de comunica\u00e7\u00e3o, elas sabem que podem ocupar todos os espa\u00e7os que quiserem. Sharon Baptista e Jack Inoc\u00eancio s\u00e3o exemplos de for\u00e7a, determina\u00e7\u00e3o e muita vontade de ajudar o pr\u00f3ximo.[\/et_pb_text][\/et_pb_column][\/et_pb_row][\/et_pb_section][et_pb_section fb_built=&#8221;1&#8243; _builder_version=&#8221;4.14.2&#8243; _module_preset=&#8221;default&#8221; background_color=&#8221;gcid-0cdec148-4d07-42a4-8cfc-35cc7244e321&#8243; custom_padding=&#8221;0px||0px|||&#8221; global_colors_info=&#8221;{%22gcid-0cdec148-4d07-42a4-8cfc-35cc7244e321%22:%91%22background_color%22%93}&#8221;][et_pb_row column_structure=&#8221;1_2,1_2&#8243; make_equal=&#8221;on&#8221; _builder_version=&#8221;4.14.2&#8243; _module_preset=&#8221;default&#8221; global_colors_info=&#8221;{}&#8221;][et_pb_column type=&#8221;1_2&#8243; module_class=&#8221;full-height&#8221; _builder_version=&#8221;4.14.2&#8243; _module_preset=&#8221;default&#8221; global_colors_info=&#8221;{}&#8221;][et_pb_text _builder_version=&#8221;4.14.2&#8243; _dynamic_attributes=&#8221;link_option_url&#8221; _module_preset=&#8221;default&#8221; header_2_font_size=&#8221;3em&#8221; background_layout=&#8221;dark&#8221; animation_style=&#8221;fade&#8221; animation_delay=&#8221;200ms&#8221; link_option_url=&#8221;@ET-DC@eyJkeW5hbWljIjp0cnVlLCJjb250ZW50IjoicG9zdF9saW5rX3VybF9wYWdlIiwic2V0dGluZ3MiOnsicG9zdF9pZCI6IjQzMyJ9fQ==@&#8221; global_colors_info=&#8221;{}&#8221;]<\/p>\n<h2>Elas Encantam<\/h2>\n<p>Preparamos uma sele\u00e7\u00e3o especial de perfis para voc\u00ea seguir, curtir, comentar e compartilhar com seus amigos nas redes sociais![\/et_pb_text][\/et_pb_column][et_pb_column type=&#8221;1_2&#8243; _builder_version=&#8221;4.14.2&#8243; _module_preset=&#8221;default&#8221; global_colors_info=&#8221;{}&#8221;][et_pb_image src=&#8221;https:\/\/webjornalismo.unicap.br\/blogueiras\/wp-content\/uploads\/2021\/12\/ilustra-elas.png&#8221; title_text=&#8221;ilustra-elas&#8221; _builder_version=&#8221;4.14.2&#8243; _module_preset=&#8221;default&#8221; animation_style=&#8221;slide&#8221; animation_direction=&#8221;left&#8221; global_colors_info=&#8221;{}&#8221;][\/et_pb_image][\/et_pb_column][\/et_pb_row][\/et_pb_section][et_pb_section fb_built=&#8221;1&#8243; _builder_version=&#8221;4.14.2&#8243; _module_preset=&#8221;default&#8221; background_color=&#8221;gcid-d1935c0a-369e-4d46-806b-771beaa97913&#8243; hover_enabled=&#8221;0&#8243; global_colors_info=&#8221;{%22gcid-d1935c0a-369e-4d46-806b-771beaa97913%22:%91%22background_color%22%93}&#8221; module_id=&#8221;podcast&#8221; sticky_enabled=&#8221;0&#8243;][et_pb_row column_structure=&#8221;1_3,2_3&#8243; _builder_version=&#8221;4.14.2&#8243; _module_preset=&#8221;default&#8221; global_colors_info=&#8221;{}&#8221;][et_pb_column type=&#8221;1_3&#8243; _builder_version=&#8221;4.14.2&#8243; _module_preset=&#8221;default&#8221; global_colors_info=&#8221;{}&#8221;][et_pb_text _builder_version=&#8221;4.14.2&#8243; _dynamic_attributes=&#8221;link_option_url&#8221; _module_preset=&#8221;default&#8221; header_2_font_size=&#8221;3em&#8221; text_orientation=&#8221;right&#8221; background_layout=&#8221;dark&#8221; animation_style=&#8221;fade&#8221; animation_delay=&#8221;200ms&#8221; link_option_url=&#8221;@ET-DC@eyJkeW5hbWljIjp0cnVlLCJjb250ZW50IjoicG9zdF9saW5rX3VybF9wYWdlIiwic2V0dGluZ3MiOnsicG9zdF9pZCI6IjQ3NiJ9fQ==@&#8221; locked=&#8221;off&#8221; global_colors_info=&#8221;{}&#8221;]<\/p>\n<h2>Podcast<br \/>#SemFiltro<\/h2>\n<p>[\/et_pb_text][\/et_pb_column][et_pb_column type=&#8221;2_3&#8243; _builder_version=&#8221;4.14.2&#8243; _module_preset=&#8221;default&#8221; global_colors_info=&#8221;{}&#8221;][et_pb_text _builder_version=&#8221;4.14.2&#8243; _dynamic_attributes=&#8221;link_option_url&#8221; _module_preset=&#8221;default&#8221; header_2_font_size=&#8221;3em&#8221; background_layout=&#8221;dark&#8221; animation_style=&#8221;fade&#8221; animation_delay=&#8221;200ms&#8221; link_option_url=&#8221;@ET-DC@eyJkeW5hbWljIjp0cnVlLCJjb250ZW50IjoicG9zdF9saW5rX3VybF9wYWdlIiwic2V0dGluZ3MiOnsicG9zdF9pZCI6IjQ3NiJ9fQ==@&#8221; hover_enabled=&#8221;0&#8243; global_colors_info=&#8221;{}&#8221; sticky_enabled=&#8221;0&#8243;]<iframe loading=\"lazy\" width=\"100%\" height=\"166\" scrolling=\"no\" frameborder=\"no\" allow=\"autoplay\" src=\"https:\/\/w.soundcloud.com\/player\/?url=https%3A\/\/api.soundcloud.com\/tracks\/1175708929&#038;color=%23a74b9c&#038;auto_play=false&#038;hide_related=false&#038;show_comments=true&#038;show_user=true&#038;show_reposts=false&#038;show_teaser=true\"><\/iframe><\/p>\n<div style=\"font-size: 10px; color: #cccccc;line-break: anywhere;word-break: normal;overflow: hidden;white-space: nowrap;text-overflow: ellipsis; font-family: Interstate,Lucida Grande,Lucida Sans Unicode,Lucida Sans,Garuda,Verdana,Tahoma,sans-serif;font-weight: 100;\"><a href=\"https:\/\/soundcloud.com\/mariana-ferreira-380148380\" title=\"Mariana Ferreira\" target=\"_blank\" style=\"color: #cccccc; text-decoration: none;\" rel=\"noopener\">Mariana Ferreira<\/a> \u00b7 <a href=\"https:\/\/soundcloud.com\/mariana-ferreira-380148380\/podcast-semfiltro\" title=\"PODCAST #SEMFILTRO\" target=\"_blank\" style=\"color: #cccccc; text-decoration: none;\" rel=\"noopener\">PODCAST #SEMFILTRO<\/a><\/div>\n<p>[\/et_pb_text][\/et_pb_column][\/et_pb_row][\/et_pb_section][et_pb_section fb_built=&#8221;1&#8243; theme_builder_area=&#8221;post_content&#8221; _builder_version=&#8221;4.14.2&#8243; _module_preset=&#8221;default&#8221; global_colors_info=&#8221;{%22gcid-f4763e99-3e7e-4a09-9bec-390099f254a4%22:%91%22background_color%22%93}&#8221; background_color=&#8221;gcid-f4763e99-3e7e-4a09-9bec-390099f254a4&#8243; hover_enabled=&#8221;0&#8243; sticky_enabled=&#8221;0&#8243;][et_pb_row _builder_version=&#8221;4.14.2&#8243; _module_preset=&#8221;default&#8221; theme_builder_area=&#8221;post_content&#8221;][et_pb_column _builder_version=&#8221;4.14.2&#8243; _module_preset=&#8221;default&#8221; type=&#8221;4_4&#8243; theme_builder_area=&#8221;post_content&#8221;][et_pb_text _builder_version=&#8221;4.14.2&#8243; _module_preset=&#8221;default&#8221; theme_builder_area=&#8221;post_content&#8221; hover_enabled=&#8221;0&#8243; sticky_enabled=&#8221;0&#8243; text_orientation=&#8221;center&#8221; background_layout=&#8221;dark&#8221;]<strong>Trabalho de Conclus\u00e3o de Curso em Jornalismo da Universidade Cat\u00f3lica de Pernambuco.<\/strong><br \/>\nProdu\u00e7\u00e3o e reportagens: Mariana Ferreira | Edi\u00e7\u00e3o: Luiz Guedes e Jean Farias | Orienta\u00e7\u00e3o: Andrea Trigueiro | Webdesign: Jota Bosco[\/et_pb_text][\/et_pb_column][\/et_pb_row][\/et_pb_section]<\/p>\n","protected":false},"excerpt":{"rendered":"<p>Sem filtro:o poderde ser realUma pesquisa realizada pela Royal Society for Public Health, em 2019, no Reino Unido, constatou que as redes sociais s\u00e3o mais viciantes que \u00e1lcool e cigarro. N\u00e3o por acaso, o Instagram, uma das plataformas mais utilizadas, foi considerado como a rede social que mais adoece pessoas ao redor do mundo. Mas [&hellip;]<\/p>\n","protected":false},"author":2,"featured_media":0,"parent":0,"menu_order":0,"comment_status":"closed","ping_status":"closed","template":"","meta":{"_et_pb_use_builder":"on","_et_pb_old_content":"","_et_gb_content_width":""},"_links":{"self":[{"href":"https:\/\/webjornalismo.unicap.br\/blogueiras\/wp-json\/wp\/v2\/pages\/365"}],"collection":[{"href":"https:\/\/webjornalismo.unicap.br\/blogueiras\/wp-json\/wp\/v2\/pages"}],"about":[{"href":"https:\/\/webjornalismo.unicap.br\/blogueiras\/wp-json\/wp\/v2\/types\/page"}],"author":[{"embeddable":true,"href":"https:\/\/webjornalismo.unicap.br\/blogueiras\/wp-json\/wp\/v2\/users\/2"}],"replies":[{"embeddable":true,"href":"https:\/\/webjornalismo.unicap.br\/blogueiras\/wp-json\/wp\/v2\/comments?post=365"}],"version-history":[{"count":38,"href":"https:\/\/webjornalismo.unicap.br\/blogueiras\/wp-json\/wp\/v2\/pages\/365\/revisions"}],"predecessor-version":[{"id":715,"href":"https:\/\/webjornalismo.unicap.br\/blogueiras\/wp-json\/wp\/v2\/pages\/365\/revisions\/715"}],"wp:attachment":[{"href":"https:\/\/webjornalismo.unicap.br\/blogueiras\/wp-json\/wp\/v2\/media?parent=365"}],"curies":[{"name":"wp","href":"https:\/\/api.w.org\/{rel}","templated":true}]}}